{"id":1042,"date":"2019-03-08T17:07:19","date_gmt":"2019-03-08T17:07:19","guid":{"rendered":"http:\/\/www.lamaisondabel.fr\/?page_id=1042"},"modified":"2019-03-10T08:37:26","modified_gmt":"2019-03-10T08:37:26","slug":"restauration","status":"publish","type":"page","link":"https:\/\/www.lamaisondabel.fr\/index.php\/restauration\/","title":{"rendered":"Restauration"},"content":{"rendered":"<h1><\/h1>\n<h1><\/h1>\n<h1>Entre terre et mer<\/h1>\n<p>Adresse :<\/p>\n<p>T\u00e9l\u00e9phone :<\/p>\n<p>&nbsp;<\/p>\n<h1>Les artisans semouliers<\/h1>\n<p>Couscous, tagine&#8230;<\/p>\n<p>Adresse : 7 Bd de la Libert\u00e9 &#8211; 34700 LODEVE<\/p>\n<p>T\u00e9l\u00e9phone : <span class=\"restaurants-detail-overview-cards-LocationOverviewCard__detailLinkText--2saB_\">9 86 38 81 67<\/span><\/p>\n<p>Site : <a href=\"https:\/\/www.lesartisanssemouliers.com\" target=\"_blank\" rel=\"noopener noreferrer\">Lien vers le site internet<\/a><\/p>\n<p>&nbsp;<\/p>\n<h2>L&#8217;auberge du Lac<\/h2>\n<p><em>Fine cuisine fran\u00e7aise &#8211; L&#8217;auberge vous fera d\u00e9couvrir aussi sa carte de spiritueux avec plus de 80 whiskys (10 pays) 72 rhums (13 pays) 52 gins,et une vingtaine de vodkas, sans oublier bien sur sa carte des vins uniquement d\u00e9di\u00e9e au terroir local.<\/em><br \/>\nAdresse : suivre Cartels &#8211; puis Lac du Salagou &#8211; \u00e0 700 m\u00e8tres \u00e0 gauche<\/p>\n<p>R\u00e9servation au 04.67.44.45.40.<\/p>\n<p>Site :\u00a0 <a href=\"http:\/\/www.auberge-du-lac-salagou.fr\/\" target=\"_blank\" rel=\"noopener noreferrer\">Lien vers le site internet<\/a><\/p>\n<h2>Chez Riri : lac du Salagou<\/h2>\n<p>Adresse :<\/p>\n<p>T\u00e9l\u00e9phone :<\/p>\n<p>Site :<\/p>\n<h1>Tan Lap<\/h1>\n<p>Chinoise, Asiatique, Tha\u00ef, Vietnamienne<\/p>\n<p>Adresse : 11 Boulevard Jean Jaur\u00e8s &#8211; 34700 LODEVE<\/p>\n<p>T\u00e9l\u00e9phone \/ <span class=\"restaurants-detail-overview-cards-LocationOverviewCard__detailLinkText--2saB_\">4 67 44 26 40<\/span><\/p>\n<p>&nbsp;<\/p>\n<h1>Restaurant Minuscule<\/h1>\n<p>Adresse : 27 Grand Rue &#8211; 34700 LODEVE<\/p>\n<p>T\u00e9l\u00e9phone : 0<span class=\"restaurants-detail-overview-cards-LocationOverviewCard__detailLinkText--2saB_\">4 67 88 50 35<\/span><\/p>\n<p>Site : <a href=\"https:\/\/www.restaurantminuscule.fr\/\" target=\"_blank\" rel=\"noopener noreferrer\">Lien vers site internet<\/a><\/p>\n<p>&nbsp;<\/p>\n<h1>4\u00b0 brasserie<\/h1>\n<p>cuisine fran\u00e7aise, Bar, Internationale, Europ\u00e9enne<\/p>\n<p>Adresse : 3 rue des filatures &#8211; ZAC de Lod\u00e8ve &#8211; 34700 LODEVE<\/p>\n<p>T\u00e9l\u00e9phone : <span class=\"restaurants-detail-overview-cards-LocationOverviewCard__detailLinkText--2saB_\">04 67 96 59 81<\/span><\/p>\n<p>&nbsp;<\/p>\n<p>&nbsp;<\/p>\n<p>&nbsp;<\/p>\n<p>Page en cours de cr\u00e9ation &#8211; 2019-03-08<\/p>\n","protected":false},"excerpt":{"rendered":"<p>Entre terre et mer Adresse : T\u00e9l\u00e9phone : &nbsp; Les artisans semouliers Couscous, tagine&#8230; Adresse : 7 Bd de la Libert\u00e9 &#8211; 34700 LODEVE T\u00e9l\u00e9phone : 9 86 38 81 67 Site : Lien vers le site internet &nbsp; L&#8217;auberge du Lac Fine cuisine fran\u00e7aise &#8211; L&#8217;auberge vous fera d\u00e9couvrir aussi sa carte de spiritueux [&hellip;]<\/p>\n","protected":false},"author":1,"featured_media":0,"parent":0,"menu_order":0,"comment_status":"closed","ping_status":"closed","template":"","meta":{"footnotes":""},"wppr_data":{"cwp_meta_box_check":"No"},"yoast_head":"<!-- This site is optimized with the Yoast SEO plugin v22.8 - https:\/\/yoast.com\/wordpress\/plugins\/seo\/ -->\n<title>Restauration - La Maison d&#039;Abel<\/title>\n<meta name=\"robots\" content=\"index, follow, max-snippet:-1, max-image-preview:large, max-video-preview:-1\" \/>\n<link rel=\"canonical\" href=\"https:\/\/www.lamaisondabel.fr\/index.php\/restauration\/\" \/>\n<meta property=\"og:locale\" content=\"fr_FR\" \/>\n<meta property=\"og:type\" content=\"article\" \/>\n<meta property=\"og:title\" content=\"Restauration - La Maison d&#039;Abel\" \/>\n<meta property=\"og:description\" content=\"Entre terre et mer Adresse : T\u00e9l\u00e9phone : &nbsp; Les artisans semouliers Couscous, tagine&#8230; Adresse : 7 Bd de la Libert\u00e9 &#8211; 34700 LODEVE T\u00e9l\u00e9phone : 9 86 38 81 67 Site : Lien vers le site internet &nbsp; L&#8217;auberge du Lac Fine cuisine fran\u00e7aise &#8211; L&#8217;auberge vous fera d\u00e9couvrir aussi sa carte de spiritueux [&hellip;]\" \/>\n<meta property=\"og:url\" content=\"https:\/\/www.lamaisondabel.fr\/index.php\/restauration\/\" \/>\n<meta property=\"og:site_name\" content=\"La Maison d&#039;Abel\" \/>\n<meta property=\"article:modified_time\" content=\"2019-03-10T08:37:26+00:00\" \/>\n<meta name=\"twitter:card\" content=\"summary_large_image\" \/>\n<meta name=\"twitter:label1\" content=\"Dur\u00e9e de lecture estim\u00e9e\" \/>\n\t<meta name=\"twitter:data1\" content=\"1 minute\" \/>\n<script type=\"application\/ld+json\" class=\"yoast-schema-graph\">{\"@context\":\"https:\/\/schema.org\",\"@graph\":[{\"@type\":\"WebPage\",\"@id\":\"https:\/\/www.lamaisondabel.fr\/index.php\/restauration\/\",\"url\":\"https:\/\/www.lamaisondabel.fr\/index.php\/restauration\/\",\"name\":\"Restauration - La Maison d&#039;Abel\",\"isPartOf\":{\"@id\":\"https:\/\/www.lamaisondabel.fr\/#website\"},\"datePublished\":\"2019-03-08T17:07:19+00:00\",\"dateModified\":\"2019-03-10T08:37:26+00:00\",\"breadcrumb\":{\"@id\":\"https:\/\/www.lamaisondabel.fr\/index.php\/restauration\/#breadcrumb\"},\"inLanguage\":\"fr-FR\",\"potentialAction\":[{\"@type\":\"ReadAction\",\"target\":[\"https:\/\/www.lamaisondabel.fr\/index.php\/restauration\/\"]}]},{\"@type\":\"BreadcrumbList\",\"@id\":\"https:\/\/www.lamaisondabel.fr\/index.php\/restauration\/#breadcrumb\",\"itemListElement\":[{\"@type\":\"ListItem\",\"position\":1,\"name\":\"Accueil\",\"item\":\"https:\/\/www.lamaisondabel.fr\/\"},{\"@type\":\"ListItem\",\"position\":2,\"name\":\"Restauration\"}]},{\"@type\":\"WebSite\",\"@id\":\"https:\/\/www.lamaisondabel.fr\/#website\",\"url\":\"https:\/\/www.lamaisondabel.fr\/\",\"name\":\"La Maison d&#039;Abel\",\"description\":\"Lac du Salagou - Maison en location saisonni\u00e8re - Ouvert toute l&#039;ann\u00e9e.\",\"potentialAction\":[{\"@type\":\"SearchAction\",\"target\":{\"@type\":\"EntryPoint\",\"urlTemplate\":\"https:\/\/www.lamaisondabel.fr\/?s={search_term_string}\"},\"query-input\":\"required name=search_term_string\"}],\"inLanguage\":\"fr-FR\"}]}<\/script>\n<!-- \/ Yoast SEO plugin. -->","yoast_head_json":{"title":"Restauration - La Maison d&#039;Abel","robots":{"index":"index","follow":"follow","max-snippet":"max-snippet:-1","max-image-preview":"max-image-preview:large","max-video-preview":"max-video-preview:-1"},"canonical":"https:\/\/www.lamaisondabel.fr\/index.php\/restauration\/","og_locale":"fr_FR","og_type":"article","og_title":"Restauration - La Maison d&#039;Abel","og_description":"Entre terre et mer Adresse : T\u00e9l\u00e9phone : &nbsp; Les artisans semouliers Couscous, tagine&#8230; Adresse : 7 Bd de la Libert\u00e9 &#8211; 34700 LODEVE T\u00e9l\u00e9phone : 9 86 38 81 67 Site : Lien vers le site internet &nbsp; L&#8217;auberge du Lac Fine cuisine fran\u00e7aise &#8211; L&#8217;auberge vous fera d\u00e9couvrir aussi sa carte de spiritueux [&hellip;]","og_url":"https:\/\/www.lamaisondabel.fr\/index.php\/restauration\/","og_site_name":"La Maison d&#039;Abel","article_modified_time":"2019-03-10T08:37:26+00:00","twitter_card":"summary_large_image","twitter_misc":{"Dur\u00e9e de lecture estim\u00e9e":"1 minute"},"schema":{"@context":"https:\/\/schema.org","@graph":[{"@type":"WebPage","@id":"https:\/\/www.lamaisondabel.fr\/index.php\/restauration\/","url":"https:\/\/www.lamaisondabel.fr\/index.php\/restauration\/","name":"Restauration - La Maison d&#039;Abel","isPartOf":{"@id":"https:\/\/www.lamaisondabel.fr\/#website"},"datePublished":"2019-03-08T17:07:19+00:00","dateModified":"2019-03-10T08:37:26+00:00","breadcrumb":{"@id":"https:\/\/www.lamaisondabel.fr\/index.php\/restauration\/#breadcrumb"},"inLanguage":"fr-FR","potentialAction":[{"@type":"ReadAction","target":["https:\/\/www.lamaisondabel.fr\/index.php\/restauration\/"]}]},{"@type":"BreadcrumbList","@id":"https:\/\/www.lamaisondabel.fr\/index.php\/restauration\/#breadcrumb","itemListElement":[{"@type":"ListItem","position":1,"name":"Accueil","item":"https:\/\/www.lamaisondabel.fr\/"},{"@type":"ListItem","position":2,"name":"Restauration"}]},{"@type":"WebSite","@id":"https:\/\/www.lamaisondabel.fr\/#website","url":"https:\/\/www.lamaisondabel.fr\/","name":"La Maison d&#039;Abel","description":"Lac du Salagou - Maison en location saisonni\u00e8re - Ouvert toute l&#039;ann\u00e9e.","potentialAction":[{"@type":"SearchAction","target":{"@type":"EntryPoint","urlTemplate":"https:\/\/www.lamaisondabel.fr\/?s={search_term_string}"},"query-input":"required name=search_term_string"}],"inLanguage":"fr-FR"}]}},"_links":{"self":[{"href":"https:\/\/www.lamaisondabel.fr\/index.php\/wp-json\/wp\/v2\/pages\/1042"}],"collection":[{"href":"https:\/\/www.lamaisondabel.fr\/index.php\/wp-json\/wp\/v2\/pages"}],"about":[{"href":"https:\/\/www.lamaisondabel.fr\/index.php\/wp-json\/wp\/v2\/types\/page"}],"author":[{"embeddable":true,"href":"https:\/\/www.lamaisondabel.fr\/index.php\/wp-json\/wp\/v2\/users\/1"}],"replies":[{"embeddable":true,"href":"https:\/\/www.lamaisondabel.fr\/index.php\/wp-json\/wp\/v2\/comments?post=1042"}],"version-history":[{"count":7,"href":"https:\/\/www.lamaisondabel.fr\/index.php\/wp-json\/wp\/v2\/pages\/1042\/revisions"}],"predecessor-version":[{"id":1095,"href":"https:\/\/www.lamaisondabel.fr\/index.php\/wp-json\/wp\/v2\/pages\/1042\/revisions\/1095"}],"wp:attachment":[{"href":"https:\/\/www.lamaisondabel.fr\/index.php\/wp-json\/wp\/v2\/media?parent=1042"}],"curies":[{"name":"wp","href":"https:\/\/api.w.org\/{rel}","templated":true}]}}