{"id":1265,"date":"2019-03-13T17:00:40","date_gmt":"2019-03-13T17:00:40","guid":{"rendered":"http:\/\/www.lamaisondabel.fr\/?page_id=1265"},"modified":"2019-03-13T17:16:09","modified_gmt":"2019-03-13T17:16:09","slug":"abbaye-de-valmagne","status":"publish","type":"page","link":"https:\/\/www.lamaisondabel.fr\/index.php\/abbaye-de-valmagne\/","title":{"rendered":"Abbaye de Valmagne"},"content":{"rendered":"<p style=\"text-align: center;\"><strong>Abbaye de Valmagne (Villeveyrac)<\/strong><\/p>\n<p style=\"text-align: center;\">Un des premiers site visit\u00e9 dans l&#8217;H\u00e9rault : site d&#8217;exception en Languedoc<\/p>\n<p style=\"text-align: center;\"><img loading=\"lazy\" decoding=\"async\" class=\"aligncenter size-medium wp-image-1266\" src=\"http:\/\/www.lamaisondabel.fr\/wp-content\/uploads\/2019\/03\/region_valmagne_1-300x193.jpg\" alt=\"\" width=\"300\" height=\"193\" srcset=\"https:\/\/www.lamaisondabel.fr\/wp-content\/uploads\/2019\/03\/region_valmagne_1-300x193.jpg 300w, https:\/\/www.lamaisondabel.fr\/wp-content\/uploads\/2019\/03\/region_valmagne_1-50x32.jpg 50w, https:\/\/www.lamaisondabel.fr\/wp-content\/uploads\/2019\/03\/region_valmagne_1.jpg 561w\" sizes=\"(max-width: 300px) 100vw, 300px\" \/><\/p>\n<p style=\"text-align: center;\">Fond\u00e9e en 1139,\u00a0l\u2019abbaye de\u00a0Valmagne est une des plus belles abbayes cisterciennes de France.<\/p>\n<p style=\"text-align: center;\">C&#8217;est aussi\u00a0 un des plus anciens vignobles du Languedoc.<\/p>\n<p>&nbsp;<\/p>\n<div class=\"UtePc RCETm yxgWrb\" dir=\"ltr\" role=\"main\" aria-hidden=\"false\">\n<section id=\"h.p_jmam39CfSqCa\" class=\"yaqOZd\">\n<div class=\"mYVXT\">\n<div class=\"LS81yb VICjCf\" tabindex=\"-1\">\n<div class=\"hJDwNd-AhqUyc-uQSCkd purZT-AhqUyc-II5mzb pSzOP-AhqUyc-qWD73c JNdkSc\">\n<div class=\"oKdM2c\">\n<div class=\"hJDwNd-AhqUyc-c5RTEf jXK9ad D2fZ2 OjCsFc wHaque L6cTce-purZT L6cTce-pSzOP\">\n<div class=\"jXK9ad-SmKAyb jXK9ad-SmKAyb-c4YZDc\">\n<div class=\"tyJCtd baZpAe\" style=\"text-align: center;\">\n<section id=\"h.p_OGmiK-tZKBBm\" class=\"yaqOZd\">\n<p style=\"text-align: center;\"><em><strong>Une belle journ\u00e9e en perspective \u00e0 40 minutes de la maison d&#8217;Abel<\/strong><\/em><\/p>\n<h6 style=\"text-align: center;\">Cliquez sur le logo de Google Map pour voir l&#8217;itin\u00e9raire propos\u00e9.<\/h6>\n<p><a href=\"https:\/\/goo.gl\/maps\/9A2u1sjbQYE2\" target=\"_blank\" rel=\"noopener noreferrer\"><img loading=\"lazy\" decoding=\"async\" class=\"aligncenter wp-image-698\" src=\"http:\/\/www.lamaisondabel.fr\/wp-content\/uploads\/2019\/03\/google_map.png\" alt=\"\" width=\"132\" height=\"134\" srcset=\"https:\/\/www.lamaisondabel.fr\/wp-content\/uploads\/2019\/03\/google_map.png 223w, https:\/\/www.lamaisondabel.fr\/wp-content\/uploads\/2019\/03\/google_map-50x50.png 50w\" sizes=\"(max-width: 132px) 100vw, 132px\" \/><\/a><\/p>\n<h6 style=\"text-align: center;\">Vous souhaitant une belle journ\u00e9e dans ce lieu !<\/h6>\n<p style=\"text-align: center;\">Distance approximative : 40 km<\/p>\n<\/section>\n<\/div>\n<\/div>\n<\/div>\n<\/div>\n<\/div>\n<\/div>\n<\/div>\n<\/section>\n<\/div>\n<div class=\"Xpil1b\" style=\"text-align: center;\"><a href=\"https:\/\/www.valmagne.com\/\" target=\"_blank\" rel=\"noopener noreferrer\">Lien vers le site<\/a><\/div>\n","protected":false},"excerpt":{"rendered":"<p>Abbaye de Valmagne (Villeveyrac) Un des premiers site visit\u00e9 dans l&#8217;H\u00e9rault : site d&#8217;exception en Languedoc Fond\u00e9e en 1139,\u00a0l\u2019abbaye de\u00a0Valmagne est une des plus belles abbayes cisterciennes de France. C&#8217;est aussi\u00a0 un des plus anciens vignobles du Languedoc. &nbsp; Une belle journ\u00e9e en perspective \u00e0 40 minutes de la maison d&#8217;Abel Cliquez sur le logo [&hellip;]<\/p>\n","protected":false},"author":1,"featured_media":0,"parent":0,"menu_order":0,"comment_status":"closed","ping_status":"closed","template":"","meta":{"footnotes":""},"wppr_data":{"cwp_meta_box_check":"No"},"yoast_head":"<!-- This site is optimized with the Yoast SEO plugin v22.8 - https:\/\/yoast.com\/wordpress\/plugins\/seo\/ -->\n<title>Abbaye de Valmagne - La Maison d&#039;Abel<\/title>\n<meta name=\"robots\" content=\"index, follow, max-snippet:-1, max-image-preview:large, max-video-preview:-1\" \/>\n<link rel=\"canonical\" href=\"https:\/\/www.lamaisondabel.fr\/index.php\/abbaye-de-valmagne\/\" \/>\n<meta property=\"og:locale\" content=\"fr_FR\" \/>\n<meta property=\"og:type\" content=\"article\" \/>\n<meta property=\"og:title\" content=\"Abbaye de Valmagne - La Maison d&#039;Abel\" \/>\n<meta property=\"og:description\" content=\"Abbaye de Valmagne (Villeveyrac) Un des premiers site visit\u00e9 dans l&#8217;H\u00e9rault : site d&#8217;exception en Languedoc Fond\u00e9e en 1139,\u00a0l\u2019abbaye de\u00a0Valmagne est une des plus belles abbayes cisterciennes de France. C&#8217;est aussi\u00a0 un des plus anciens vignobles du Languedoc. &nbsp; Une belle journ\u00e9e en perspective \u00e0 40 minutes de la maison d&#8217;Abel Cliquez sur le logo [&hellip;]\" \/>\n<meta property=\"og:url\" content=\"https:\/\/www.lamaisondabel.fr\/index.php\/abbaye-de-valmagne\/\" \/>\n<meta property=\"og:site_name\" content=\"La Maison d&#039;Abel\" \/>\n<meta property=\"article:modified_time\" content=\"2019-03-13T17:16:09+00:00\" \/>\n<meta property=\"og:image\" content=\"http:\/\/www.lamaisondabel.fr\/wp-content\/uploads\/2019\/03\/region_valmagne_1-300x193.jpg\" \/>\n<meta name=\"twitter:card\" content=\"summary_large_image\" \/>\n<script type=\"application\/ld+json\" class=\"yoast-schema-graph\">{\"@context\":\"https:\/\/schema.org\",\"@graph\":[{\"@type\":\"WebPage\",\"@id\":\"https:\/\/www.lamaisondabel.fr\/index.php\/abbaye-de-valmagne\/\",\"url\":\"https:\/\/www.lamaisondabel.fr\/index.php\/abbaye-de-valmagne\/\",\"name\":\"Abbaye de Valmagne - La Maison d&#039;Abel\",\"isPartOf\":{\"@id\":\"https:\/\/www.lamaisondabel.fr\/#website\"},\"primaryImageOfPage\":{\"@id\":\"https:\/\/www.lamaisondabel.fr\/index.php\/abbaye-de-valmagne\/#primaryimage\"},\"image\":{\"@id\":\"https:\/\/www.lamaisondabel.fr\/index.php\/abbaye-de-valmagne\/#primaryimage\"},\"thumbnailUrl\":\"http:\/\/www.lamaisondabel.fr\/wp-content\/uploads\/2019\/03\/region_valmagne_1-300x193.jpg\",\"datePublished\":\"2019-03-13T17:00:40+00:00\",\"dateModified\":\"2019-03-13T17:16:09+00:00\",\"breadcrumb\":{\"@id\":\"https:\/\/www.lamaisondabel.fr\/index.php\/abbaye-de-valmagne\/#breadcrumb\"},\"inLanguage\":\"fr-FR\",\"potentialAction\":[{\"@type\":\"ReadAction\",\"target\":[\"https:\/\/www.lamaisondabel.fr\/index.php\/abbaye-de-valmagne\/\"]}]},{\"@type\":\"ImageObject\",\"inLanguage\":\"fr-FR\",\"@id\":\"https:\/\/www.lamaisondabel.fr\/index.php\/abbaye-de-valmagne\/#primaryimage\",\"url\":\"https:\/\/www.lamaisondabel.fr\/wp-content\/uploads\/2019\/03\/region_valmagne_1.jpg\",\"contentUrl\":\"https:\/\/www.lamaisondabel.fr\/wp-content\/uploads\/2019\/03\/region_valmagne_1.jpg\",\"width\":561,\"height\":360},{\"@type\":\"BreadcrumbList\",\"@id\":\"https:\/\/www.lamaisondabel.fr\/index.php\/abbaye-de-valmagne\/#breadcrumb\",\"itemListElement\":[{\"@type\":\"ListItem\",\"position\":1,\"name\":\"Accueil\",\"item\":\"https:\/\/www.lamaisondabel.fr\/\"},{\"@type\":\"ListItem\",\"position\":2,\"name\":\"Abbaye de Valmagne\"}]},{\"@type\":\"WebSite\",\"@id\":\"https:\/\/www.lamaisondabel.fr\/#website\",\"url\":\"https:\/\/www.lamaisondabel.fr\/\",\"name\":\"La Maison d&#039;Abel\",\"description\":\"Lac du Salagou - Maison en location saisonni\u00e8re - Ouvert toute l&#039;ann\u00e9e.\",\"potentialAction\":[{\"@type\":\"SearchAction\",\"target\":{\"@type\":\"EntryPoint\",\"urlTemplate\":\"https:\/\/www.lamaisondabel.fr\/?s={search_term_string}\"},\"query-input\":\"required name=search_term_string\"}],\"inLanguage\":\"fr-FR\"}]}<\/script>\n<!-- \/ Yoast SEO plugin. -->","yoast_head_json":{"title":"Abbaye de Valmagne - La Maison d&#039;Abel","robots":{"index":"index","follow":"follow","max-snippet":"max-snippet:-1","max-image-preview":"max-image-preview:large","max-video-preview":"max-video-preview:-1"},"canonical":"https:\/\/www.lamaisondabel.fr\/index.php\/abbaye-de-valmagne\/","og_locale":"fr_FR","og_type":"article","og_title":"Abbaye de Valmagne - La Maison d&#039;Abel","og_description":"Abbaye de Valmagne (Villeveyrac) Un des premiers site visit\u00e9 dans l&#8217;H\u00e9rault : site d&#8217;exception en Languedoc Fond\u00e9e en 1139,\u00a0l\u2019abbaye de\u00a0Valmagne est une des plus belles abbayes cisterciennes de France. C&#8217;est aussi\u00a0 un des plus anciens vignobles du Languedoc. &nbsp; Une belle journ\u00e9e en perspective \u00e0 40 minutes de la maison d&#8217;Abel Cliquez sur le logo [&hellip;]","og_url":"https:\/\/www.lamaisondabel.fr\/index.php\/abbaye-de-valmagne\/","og_site_name":"La Maison d&#039;Abel","article_modified_time":"2019-03-13T17:16:09+00:00","og_image":[{"url":"http:\/\/www.lamaisondabel.fr\/wp-content\/uploads\/2019\/03\/region_valmagne_1-300x193.jpg"}],"twitter_card":"summary_large_image","schema":{"@context":"https:\/\/schema.org","@graph":[{"@type":"WebPage","@id":"https:\/\/www.lamaisondabel.fr\/index.php\/abbaye-de-valmagne\/","url":"https:\/\/www.lamaisondabel.fr\/index.php\/abbaye-de-valmagne\/","name":"Abbaye de Valmagne - La Maison d&#039;Abel","isPartOf":{"@id":"https:\/\/www.lamaisondabel.fr\/#website"},"primaryImageOfPage":{"@id":"https:\/\/www.lamaisondabel.fr\/index.php\/abbaye-de-valmagne\/#primaryimage"},"image":{"@id":"https:\/\/www.lamaisondabel.fr\/index.php\/abbaye-de-valmagne\/#primaryimage"},"thumbnailUrl":"http:\/\/www.lamaisondabel.fr\/wp-content\/uploads\/2019\/03\/region_valmagne_1-300x193.jpg","datePublished":"2019-03-13T17:00:40+00:00","dateModified":"2019-03-13T17:16:09+00:00","breadcrumb":{"@id":"https:\/\/www.lamaisondabel.fr\/index.php\/abbaye-de-valmagne\/#breadcrumb"},"inLanguage":"fr-FR","potentialAction":[{"@type":"ReadAction","target":["https:\/\/www.lamaisondabel.fr\/index.php\/abbaye-de-valmagne\/"]}]},{"@type":"ImageObject","inLanguage":"fr-FR","@id":"https:\/\/www.lamaisondabel.fr\/index.php\/abbaye-de-valmagne\/#primaryimage","url":"https:\/\/www.lamaisondabel.fr\/wp-content\/uploads\/2019\/03\/region_valmagne_1.jpg","contentUrl":"https:\/\/www.lamaisondabel.fr\/wp-content\/uploads\/2019\/03\/region_valmagne_1.jpg","width":561,"height":360},{"@type":"BreadcrumbList","@id":"https:\/\/www.lamaisondabel.fr\/index.php\/abbaye-de-valmagne\/#breadcrumb","itemListElement":[{"@type":"ListItem","position":1,"name":"Accueil","item":"https:\/\/www.lamaisondabel.fr\/"},{"@type":"ListItem","position":2,"name":"Abbaye de Valmagne"}]},{"@type":"WebSite","@id":"https:\/\/www.lamaisondabel.fr\/#website","url":"https:\/\/www.lamaisondabel.fr\/","name":"La Maison d&#039;Abel","description":"Lac du Salagou - Maison en location saisonni\u00e8re - Ouvert toute l&#039;ann\u00e9e.","potentialAction":[{"@type":"SearchAction","target":{"@type":"EntryPoint","urlTemplate":"https:\/\/www.lamaisondabel.fr\/?s={search_term_string}"},"query-input":"required name=search_term_string"}],"inLanguage":"fr-FR"}]}},"_links":{"self":[{"href":"https:\/\/www.lamaisondabel.fr\/index.php\/wp-json\/wp\/v2\/pages\/1265"}],"collection":[{"href":"https:\/\/www.lamaisondabel.fr\/index.php\/wp-json\/wp\/v2\/pages"}],"about":[{"href":"https:\/\/www.lamaisondabel.fr\/index.php\/wp-json\/wp\/v2\/types\/page"}],"author":[{"embeddable":true,"href":"https:\/\/www.lamaisondabel.fr\/index.php\/wp-json\/wp\/v2\/users\/1"}],"replies":[{"embeddable":true,"href":"https:\/\/www.lamaisondabel.fr\/index.php\/wp-json\/wp\/v2\/comments?post=1265"}],"version-history":[{"count":11,"href":"https:\/\/www.lamaisondabel.fr\/index.php\/wp-json\/wp\/v2\/pages\/1265\/revisions"}],"predecessor-version":[{"id":1282,"href":"https:\/\/www.lamaisondabel.fr\/index.php\/wp-json\/wp\/v2\/pages\/1265\/revisions\/1282"}],"wp:attachment":[{"href":"https:\/\/www.lamaisondabel.fr\/index.php\/wp-json\/wp\/v2\/media?parent=1265"}],"curies":[{"name":"wp","href":"https:\/\/api.w.org\/{rel}","templated":true}]}}