{"id":148,"date":"2019-03-04T09:37:07","date_gmt":"2019-03-04T09:37:07","guid":{"rendered":"http:\/\/www.lamaisondabel.fr\/wordpress_o\/?page_id=148"},"modified":"2019-03-10T08:09:01","modified_gmt":"2019-03-10T08:09:01","slug":"lodeve","status":"publish","type":"page","link":"https:\/\/www.lamaisondabel.fr\/index.php\/lodeve\/","title":{"rendered":"Lod\u00e8ve"},"content":{"rendered":"<section id=\"h.p_fBKkx-q5VXRi\" class=\"yaqOZd LB7kq tpmmCb gk8rDe\">\n<div class=\"mYVXT\">\n<div class=\"LS81yb VICjCf\" tabindex=\"-1\">\n<div class=\"hJDwNd-AhqUyc-uQSCkd purZT-AhqUyc-II5mzb pSzOP-AhqUyc-qWD73c JNdkSc\">\n<div class=\"oKdM2c\">\n<div id=\"h.p_12usEx1pVXRn\" class=\"hJDwNd-AhqUyc-OiUrBf jXK9ad D2fZ2 OjCsFc wHaque GNzUNc\">\n<div class=\"jXK9ad-SmKAyb jXK9ad-SmKAyb-c4YZDc\">\n<div class=\"tyJCtd mGzaTb baZpAe lkHyyc\">\n<h1 id=\"h.p_t1HLvbEyVXRq\" class=\"zfr3Q duRjpb\"><\/h1>\n<\/div>\n<\/div>\n<\/div>\n<div class=\"hJDwNd-AhqUyc-ibL1re jXK9ad D2fZ2 OjCsFc wHaque L6cTce-purZT L6cTce-pSzOP\">\n<div class=\"jXK9ad-SmKAyb jXK9ad-SmKAyb-c4YZDc\">\n<div class=\"tyJCtd baZpAe\"><\/div>\n<\/div>\n<\/div>\n<\/div>\n<\/div>\n<\/div>\n<\/div>\n<\/section>\n<section id=\"h.p_fAKgumCSVikZ\" class=\"yaqOZd\">\n<div class=\"yaqOZd IFuOkc\"><\/div>\n<div class=\"mYVXT\">\n<div class=\"LS81yb VICjCf\" tabindex=\"-1\">\n<div class=\"hJDwNd-AhqUyc-uQSCkd purZT-AhqUyc-II5mzb pSzOP-AhqUyc-qWD73c JNdkSc\">\n<div class=\"oKdM2c\">\n<div id=\"h.p_MsuwfSJ6VikQ\" class=\"hJDwNd-AhqUyc-uQSCkd jXK9ad D2fZ2 OjCsFc wHaque GNzUNc\">\n<div class=\"jXK9ad-SmKAyb jXK9ad-SmKAyb-c4YZDc\">\n<div class=\"tyJCtd mGzaTb baZpAe\">\n<p id=\"h.p_EtD8d4T6VikX\" class=\"zfr3Q\" style=\"text-align: center;\">Ses habitants sont appel\u00e9s <em>Les lod\u00e9vois<\/em><\/p>\n<p id=\"h.p_RyZKP886VkJL\" class=\"zfr3Q\" style=\"text-align: center;\">Lod\u00e8ve est situ\u00e9 dans la vall\u00e9e \u00e9troite de la Lergue (affluent du fleuve H\u00e9rault), au pied du Causse du Larzac.<\/p>\n<p id=\"h.p_nVVBFMBtVkJO\" class=\"zfr3Q\" style=\"text-align: center;\">La cath\u00e9drale de Saint Fulcran &#8211; La Halle Dard\u00e9 &#8211; Le Pont de Montifort sur la Soulondre<\/p>\n<p id=\"h.p_WmFJUbAMVkJP\" class=\"zfr3Q\" style=\"text-align: center;\">&#8211; <a class=\"dhtgD\" href=\"http:\/\/www.lamaisondabel.fr\/index.php\/la-manufacture-nationale-de-lodeve\/\">La manufacture de tapis de la Savonnerie (faisant partie du mobilier national)<\/a><\/p>\n<p id=\"h.p_7am7M9E7VkJQ\" class=\"zfr3Q\" style=\"text-align: center;\">&#8211; l&#8217;ancien palais \u00e9piscopal (actuel H\u00f4tel de Ville) &#8211; L&#8217;\u00e9glise de Saint Pierre &#8211;<\/p>\n<\/div>\n<\/div>\n<\/div>\n<\/div>\n<\/div>\n<\/div>\n<\/div>\n<\/section>\n<section id=\"h.p_V1Cabw7CVkvn\" class=\"yaqOZd\">\n<div class=\"yaqOZd IFuOkc\"><\/div>\n<div class=\"mYVXT\">\n<div class=\"LS81yb VICjCf\" tabindex=\"-1\">\n<div class=\"hJDwNd-AhqUyc-uQSCkd purZT-AhqUyc-II5mzb pSzOP-AhqUyc-qWD73c JNdkSc\">\n<div class=\"oKdM2c\">\n<div id=\"h.p_WHax46NoVkve\" class=\"hJDwNd-AhqUyc-uQSCkd jXK9ad D2fZ2 OjCsFc wHaque GNzUNc\">\n<div class=\"jXK9ad-SmKAyb jXK9ad-SmKAyb-c4YZDc\">\n<div class=\"tyJCtd mGzaTb baZpAe\"><\/div>\n<\/div>\n<\/div>\n<\/div>\n<\/div>\n<\/div>\n<\/div>\n<\/section>\n<section id=\"h.p_3YbT_DpgTE2d\" class=\"yaqOZd\">\n<div class=\"yaqOZd IFuOkc\"><\/div>\n<div class=\"mYVXT\">\n<div class=\"LS81yb VICjCf\" tabindex=\"-1\">\n<div class=\"hJDwNd-AhqUyc-uQSCkd purZT-AhqUyc-II5mzb pSzOP-AhqUyc-qWD73c JNdkSc\">\n<div class=\"oKdM2c\">\n<div class=\"hJDwNd-AhqUyc-c5RTEf jXK9ad D2fZ2 OjCsFc wHaque L6cTce-purZT L6cTce-pSzOP\">\n<div class=\"jXK9ad-SmKAyb jXK9ad-SmKAyb-c4YZDc\">\n<div class=\"tyJCtd baZpAe\"><\/div>\n<\/div>\n<\/div>\n<div id=\"h.p_uyn1P1mtTE2Z\" class=\"hJDwNd-AhqUyc-qWD73c jXK9ad D2fZ2 OjCsFc wHaque\">\n<div class=\"jXK9ad-SmKAyb jXK9ad-SmKAyb-c4YZDc\">\n<div class=\"tyJCtd baZpAe\">\n<div>\n<div class=\"WIdY2d M1aSXe\" style=\"text-align: center;\">\n<div><\/div>\n<p><iframe class=\"YMEQtf\" src=\"https:\/\/www.youtube.com\/embed\/kJJPnePeIv0\" frameborder=\"0\" allowfullscreen=\"allowfullscreen\" aria-label=\"YouTube Video, Lod\u00e8ve, la M\u00e9diterran\u00e9enne\" data-iframe-loaded=\"true\" data-mce-fragment=\"1\"><\/iframe><\/p>\n<\/div>\n<\/div>\n<\/div>\n<\/div>\n<\/div>\n<\/div>\n<\/div>\n<\/div>\n<\/div>\n<\/section>\n","protected":false},"excerpt":{"rendered":"<p>Ses habitants sont appel\u00e9s Les lod\u00e9vois Lod\u00e8ve est situ\u00e9 dans la vall\u00e9e \u00e9troite de la Lergue (affluent du fleuve H\u00e9rault), au pied du Causse du Larzac. La cath\u00e9drale de Saint Fulcran &#8211; La Halle Dard\u00e9 &#8211; Le Pont de Montifort sur la Soulondre &#8211; La manufacture de tapis de la Savonnerie (faisant partie du mobilier [&hellip;]<\/p>\n","protected":false},"author":1,"featured_media":0,"parent":0,"menu_order":0,"comment_status":"closed","ping_status":"closed","template":"","meta":{"footnotes":""},"wppr_data":{"cwp_meta_box_check":"No"},"yoast_head":"<!-- This site is optimized with the Yoast SEO plugin v22.8 - https:\/\/yoast.com\/wordpress\/plugins\/seo\/ -->\n<title>Lod\u00e8ve - La Maison d&#039;Abel<\/title>\n<meta name=\"robots\" content=\"index, follow, max-snippet:-1, max-image-preview:large, max-video-preview:-1\" \/>\n<link rel=\"canonical\" href=\"https:\/\/www.lamaisondabel.fr\/index.php\/lodeve\/\" \/>\n<meta property=\"og:locale\" content=\"fr_FR\" \/>\n<meta property=\"og:type\" content=\"article\" \/>\n<meta property=\"og:title\" content=\"Lod\u00e8ve - La Maison d&#039;Abel\" \/>\n<meta property=\"og:description\" content=\"Ses habitants sont appel\u00e9s Les lod\u00e9vois Lod\u00e8ve est situ\u00e9 dans la vall\u00e9e \u00e9troite de la Lergue (affluent du fleuve H\u00e9rault), au pied du Causse du Larzac. La cath\u00e9drale de Saint Fulcran &#8211; La Halle Dard\u00e9 &#8211; Le Pont de Montifort sur la Soulondre &#8211; La manufacture de tapis de la Savonnerie (faisant partie du mobilier [&hellip;]\" \/>\n<meta property=\"og:url\" content=\"https:\/\/www.lamaisondabel.fr\/index.php\/lodeve\/\" \/>\n<meta property=\"og:site_name\" content=\"La Maison d&#039;Abel\" \/>\n<meta property=\"article:modified_time\" content=\"2019-03-10T08:09:01+00:00\" \/>\n<meta name=\"twitter:card\" content=\"summary_large_image\" \/>\n<script type=\"application\/ld+json\" class=\"yoast-schema-graph\">{\"@context\":\"https:\/\/schema.org\",\"@graph\":[{\"@type\":\"WebPage\",\"@id\":\"https:\/\/www.lamaisondabel.fr\/index.php\/lodeve\/\",\"url\":\"https:\/\/www.lamaisondabel.fr\/index.php\/lodeve\/\",\"name\":\"Lod\u00e8ve - La Maison d&#039;Abel\",\"isPartOf\":{\"@id\":\"https:\/\/www.lamaisondabel.fr\/#website\"},\"datePublished\":\"2019-03-04T09:37:07+00:00\",\"dateModified\":\"2019-03-10T08:09:01+00:00\",\"breadcrumb\":{\"@id\":\"https:\/\/www.lamaisondabel.fr\/index.php\/lodeve\/#breadcrumb\"},\"inLanguage\":\"fr-FR\",\"potentialAction\":[{\"@type\":\"ReadAction\",\"target\":[\"https:\/\/www.lamaisondabel.fr\/index.php\/lodeve\/\"]}]},{\"@type\":\"BreadcrumbList\",\"@id\":\"https:\/\/www.lamaisondabel.fr\/index.php\/lodeve\/#breadcrumb\",\"itemListElement\":[{\"@type\":\"ListItem\",\"position\":1,\"name\":\"Accueil\",\"item\":\"https:\/\/www.lamaisondabel.fr\/\"},{\"@type\":\"ListItem\",\"position\":2,\"name\":\"Lod\u00e8ve\"}]},{\"@type\":\"WebSite\",\"@id\":\"https:\/\/www.lamaisondabel.fr\/#website\",\"url\":\"https:\/\/www.lamaisondabel.fr\/\",\"name\":\"La Maison d&#039;Abel\",\"description\":\"Lac du Salagou - Maison en location saisonni\u00e8re - Ouvert toute l&#039;ann\u00e9e.\",\"potentialAction\":[{\"@type\":\"SearchAction\",\"target\":{\"@type\":\"EntryPoint\",\"urlTemplate\":\"https:\/\/www.lamaisondabel.fr\/?s={search_term_string}\"},\"query-input\":\"required name=search_term_string\"}],\"inLanguage\":\"fr-FR\"}]}<\/script>\n<!-- \/ Yoast SEO plugin. -->","yoast_head_json":{"title":"Lod\u00e8ve - La Maison d&#039;Abel","robots":{"index":"index","follow":"follow","max-snippet":"max-snippet:-1","max-image-preview":"max-image-preview:large","max-video-preview":"max-video-preview:-1"},"canonical":"https:\/\/www.lamaisondabel.fr\/index.php\/lodeve\/","og_locale":"fr_FR","og_type":"article","og_title":"Lod\u00e8ve - La Maison d&#039;Abel","og_description":"Ses habitants sont appel\u00e9s Les lod\u00e9vois Lod\u00e8ve est situ\u00e9 dans la vall\u00e9e \u00e9troite de la Lergue (affluent du fleuve H\u00e9rault), au pied du Causse du Larzac. La cath\u00e9drale de Saint Fulcran &#8211; La Halle Dard\u00e9 &#8211; Le Pont de Montifort sur la Soulondre &#8211; La manufacture de tapis de la Savonnerie (faisant partie du mobilier [&hellip;]","og_url":"https:\/\/www.lamaisondabel.fr\/index.php\/lodeve\/","og_site_name":"La Maison d&#039;Abel","article_modified_time":"2019-03-10T08:09:01+00:00","twitter_card":"summary_large_image","schema":{"@context":"https:\/\/schema.org","@graph":[{"@type":"WebPage","@id":"https:\/\/www.lamaisondabel.fr\/index.php\/lodeve\/","url":"https:\/\/www.lamaisondabel.fr\/index.php\/lodeve\/","name":"Lod\u00e8ve - La Maison d&#039;Abel","isPartOf":{"@id":"https:\/\/www.lamaisondabel.fr\/#website"},"datePublished":"2019-03-04T09:37:07+00:00","dateModified":"2019-03-10T08:09:01+00:00","breadcrumb":{"@id":"https:\/\/www.lamaisondabel.fr\/index.php\/lodeve\/#breadcrumb"},"inLanguage":"fr-FR","potentialAction":[{"@type":"ReadAction","target":["https:\/\/www.lamaisondabel.fr\/index.php\/lodeve\/"]}]},{"@type":"BreadcrumbList","@id":"https:\/\/www.lamaisondabel.fr\/index.php\/lodeve\/#breadcrumb","itemListElement":[{"@type":"ListItem","position":1,"name":"Accueil","item":"https:\/\/www.lamaisondabel.fr\/"},{"@type":"ListItem","position":2,"name":"Lod\u00e8ve"}]},{"@type":"WebSite","@id":"https:\/\/www.lamaisondabel.fr\/#website","url":"https:\/\/www.lamaisondabel.fr\/","name":"La Maison d&#039;Abel","description":"Lac du Salagou - Maison en location saisonni\u00e8re - Ouvert toute l&#039;ann\u00e9e.","potentialAction":[{"@type":"SearchAction","target":{"@type":"EntryPoint","urlTemplate":"https:\/\/www.lamaisondabel.fr\/?s={search_term_string}"},"query-input":"required name=search_term_string"}],"inLanguage":"fr-FR"}]}},"_links":{"self":[{"href":"https:\/\/www.lamaisondabel.fr\/index.php\/wp-json\/wp\/v2\/pages\/148"}],"collection":[{"href":"https:\/\/www.lamaisondabel.fr\/index.php\/wp-json\/wp\/v2\/pages"}],"about":[{"href":"https:\/\/www.lamaisondabel.fr\/index.php\/wp-json\/wp\/v2\/types\/page"}],"author":[{"embeddable":true,"href":"https:\/\/www.lamaisondabel.fr\/index.php\/wp-json\/wp\/v2\/users\/1"}],"replies":[{"embeddable":true,"href":"https:\/\/www.lamaisondabel.fr\/index.php\/wp-json\/wp\/v2\/comments?post=148"}],"version-history":[{"count":2,"href":"https:\/\/www.lamaisondabel.fr\/index.php\/wp-json\/wp\/v2\/pages\/148\/revisions"}],"predecessor-version":[{"id":1093,"href":"https:\/\/www.lamaisondabel.fr\/index.php\/wp-json\/wp\/v2\/pages\/148\/revisions\/1093"}],"wp:attachment":[{"href":"https:\/\/www.lamaisondabel.fr\/index.php\/wp-json\/wp\/v2\/media?parent=148"}],"curies":[{"name":"wp","href":"https:\/\/api.w.org\/{rel}","templated":true}]}}

Lodève

<section id="h.p_fBKkx-q5VXRi" class="yaqOZd LB7kq tpmmCb gk8rDe">
<div class="mYVXT">
<div class="LS81yb VICjCf" tabindex="-1">
<div class="hJDwNd-AhqUyc-uQSCkd purZT-AhqUyc-II5mzb pSzOP-AhqUyc-qWD73c JNdkSc">
<div class="oKdM2c">
<div id="h.p_12usEx1pVXRn" class="hJDwNd-AhqUyc-OiUrBf jXK9ad D2fZ2 OjCsFc wHaque GNzUNc">
<div class="jXK9ad-SmKAyb jXK9ad-SmKAyb-c4YZDc">
<div class="tyJCtd mGzaTb baZpAe lkHyyc">
<h1 id="h.p_t1HLvbEyVXRq" class="zfr3Q duRjpb"></h1>
</div>
</div>
</div>
<div class="hJDwNd-AhqUyc-ibL1re jXK9ad D2fZ2 OjCsFc wHaque L6cTce-purZT L6cTce-pSzOP">
<div class="jXK9ad-SmKAyb jXK9ad-SmKAyb-c4YZDc">
<div class="tyJCtd baZpAe"></div>
</div>
</div>
</div>
</div>
</div>
</div>
</section>
<section id="h.p_fAKgumCSVikZ" class="yaqOZd">
<div class="yaqOZd IFuOkc"></div>
<div class="mYVXT">
<div class="LS81yb VICjCf" tabindex="-1">
<div class="hJDwNd-AhqUyc-uQSCkd purZT-AhqUyc-II5mzb pSzOP-AhqUyc-qWD73c JNdkSc">
<div class="oKdM2c">
<div id="h.p_MsuwfSJ6VikQ" class="hJDwNd-AhqUyc-uQSCkd jXK9ad D2fZ2 OjCsFc wHaque GNzUNc">
<div class="jXK9ad-SmKAyb jXK9ad-SmKAyb-c4YZDc">
<div class="tyJCtd mGzaTb baZpAe">
<p id="h.p_EtD8d4T6VikX" class="zfr3Q" style="text-align: center;">Ses habitants sont appelés <em>Les lodévois</em></p>
<p id="h.p_RyZKP886VkJL" class="zfr3Q" style="text-align: center;">Lodève est situé dans la vallée étroite de la Lergue (affluent du fleuve Hérault), au pied du Causse du Larzac.</p>
<p id="h.p_nVVBFMBtVkJO" class="zfr3Q" style="text-align: center;">La cathédrale de Saint Fulcran &#8211; La Halle Dardé &#8211; Le Pont de Montifort sur la Soulondre</p>
<p id="h.p_WmFJUbAMVkJP" class="zfr3Q" style="text-align: center;">&#8211; <a class="dhtgD" href="http://www.lamaisondabel.fr/index.php/la-manufacture-nationale-de-lodeve/">La manufacture de tapis de la Savonnerie (faisant partie du mobilier national)</a></p>
<p id="h.p_7am7M9E7VkJQ" class="zfr3Q" style="text-align: center;">&#8211; l&#8217;ancien palais épiscopal (actuel Hôtel de Ville) &#8211; L&#8217;église de Saint Pierre &#8211;</p>
</div>
</div>
</div>
</div>
</div>
</div>
</div>
</section>
<section id="h.p_V1Cabw7CVkvn" class="yaqOZd">
<div class="yaqOZd IFuOkc"></div>
<div class="mYVXT">
<div class="LS81yb VICjCf" tabindex="-1">
<div class="hJDwNd-AhqUyc-uQSCkd purZT-AhqUyc-II5mzb pSzOP-AhqUyc-qWD73c JNdkSc">
<div class="oKdM2c">
<div id="h.p_WHax46NoVkve" class="hJDwNd-AhqUyc-uQSCkd jXK9ad D2fZ2 OjCsFc wHaque GNzUNc">
<div class="jXK9ad-SmKAyb jXK9ad-SmKAyb-c4YZDc">
<div class="tyJCtd mGzaTb baZpAe"></div>
</div>
</div>
</div>
</div>
</div>
</div>
</section>
<section id="h.p_3YbT_DpgTE2d" class="yaqOZd">
<div class="yaqOZd IFuOkc"></div>
<div class="mYVXT">
<div class="LS81yb VICjCf" tabindex="-1">
<div class="hJDwNd-AhqUyc-uQSCkd purZT-AhqUyc-II5mzb pSzOP-AhqUyc-qWD73c JNdkSc">
<div class="oKdM2c">
<div class="hJDwNd-AhqUyc-c5RTEf jXK9ad D2fZ2 OjCsFc wHaque L6cTce-purZT L6cTce-pSzOP">
<div class="jXK9ad-SmKAyb jXK9ad-SmKAyb-c4YZDc">
<div class="tyJCtd baZpAe"></div>
</div>
</div>
<div id="h.p_uyn1P1mtTE2Z" class="hJDwNd-AhqUyc-qWD73c jXK9ad D2fZ2 OjCsFc wHaque">
<div class="jXK9ad-SmKAyb jXK9ad-SmKAyb-c4YZDc">
<div class="tyJCtd baZpAe">
<div>
<div class="WIdY2d M1aSXe" style="text-align: center;">
<div></div>
<p><iframe class="YMEQtf" src="https://www.youtube.com/embed/kJJPnePeIv0" frameborder="0" allowfullscreen="allowfullscreen" aria-label="YouTube Video, Lodève, la Méditerranéenne" data-iframe-loaded="true" data-mce-fragment="1"></iframe></p>
</div>
</div>
</div>
</div>
</div>
</div>
</div>
</div>
</div>
</section>

<p>Ses habitants sont appelés Les lodévois Lodève est situé dans la vallée étroite de la Lergue (affluent du fleuve Hérault), au pied du Causse du Larzac. La cathédrale de Saint Fulcran &#8211; La Halle Dardé &#8211; Le Pont de Montifort sur la Soulondre &#8211; La manufacture de tapis de la Savonnerie (faisant partie du mobilier [&hellip;]</p>

<!-- This site is optimized with the Yoast SEO plugin v22.8 - https://yoast.com/wordpress/plugins/seo/ -->
<title>Lodève - La Maison d&#039;Abel</title>
<meta name="robots" content="index, follow, max-snippet:-1, max-image-preview:large, max-video-preview:-1" />
<link rel="canonical" href="https://www.lamaisondabel.fr/index.php/lodeve/" />
<meta property="og:locale" content="fr_FR" />
<meta property="og:type" content="article" />
<meta property="og:title" content="Lodève - La Maison d&#039;Abel" />
<meta property="og:description" content="Ses habitants sont appelés Les lodévois Lodève est situé dans la vallée étroite de la Lergue (affluent du fleuve Hérault), au pied du Causse du Larzac. La cathédrale de Saint Fulcran &#8211; La Halle Dardé &#8211; Le Pont de Montifort sur la Soulondre &#8211; La manufacture de tapis de la Savonnerie (faisant partie du mobilier [&hellip;]" />
<meta property="og:url" content="https://www.lamaisondabel.fr/index.php/lodeve/" />
<meta property="og:site_name" content="La Maison d&#039;Abel" />
<meta property="article:modified_time" content="2019-03-10T08:09:01+00:00" />
<meta name="twitter:card" content="summary_large_image" />
<script type="application/ld+json" class="yoast-schema-graph">{"@context":"https://schema.org","@graph":[{"@type":"WebPage","@id":"https://www.lamaisondabel.fr/index.php/lodeve/","url":"https://www.lamaisondabel.fr/index.php/lodeve/","name":"Lodève - La Maison d&#039;Abel","isPartOf":{"@id":"https://www.lamaisondabel.fr/#website"},"datePublished":"2019-03-04T09:37:07+00:00","dateModified":"2019-03-10T08:09:01+00:00","breadcrumb":{"@id":"https://www.lamaisondabel.fr/index.php/lodeve/#breadcrumb"},"inLanguage":"fr-FR","potentialAction":[{"@type":"ReadAction","target":["https://www.lamaisondabel.fr/index.php/lodeve/"]}]},{"@type":"BreadcrumbList","@id":"https://www.lamaisondabel.fr/index.php/lodeve/#breadcrumb","itemListElement":[{"@type":"ListItem","position":1,"name":"Accueil","item":"https://www.lamaisondabel.fr/"},{"@type":"ListItem","position":2,"name":"Lodève"}]},{"@type":"WebSite","@id":"https://www.lamaisondabel.fr/#website","url":"https://www.lamaisondabel.fr/","name":"La Maison d&#039;Abel","description":"Lac du Salagou - Maison en location saisonnière - Ouvert toute l&#039;année.","potentialAction":[{"@type":"SearchAction","target":{"@type":"EntryPoint","urlTemplate":"https://www.lamaisondabel.fr/?s={search_term_string}"},"query-input":"required name=search_term_string"}],"inLanguage":"fr-FR"}]}</script>
<!-- / Yoast SEO plugin. -->

Lodève - La Maison d&#039;Abel

Ses habitants sont appelés Les lodévois Lodève est situé dans la vallée étroite de la Lergue (affluent du fleuve Hérault), au pied du Causse du Larzac. La cathédrale de Saint Fulcran &#8211; La Halle Dardé &#8211; Le Pont de Montifort sur la Soulondre &#8211; La manufacture de tapis de la Savonnerie (faisant partie du mobilier [&hellip;]

Lac du Salagou - Maison en location saisonnière - Ouvert toute l&#039;année.
