{"id":158,"date":"2019-03-04T09:39:45","date_gmt":"2019-03-04T09:39:45","guid":{"rendered":"http:\/\/www.lamaisondabel.fr\/wordpress_o\/?page_id=158"},"modified":"2019-03-12T05:18:45","modified_gmt":"2019-03-12T05:18:45","slug":"la-manufacture-nationale-de-lodeve","status":"publish","type":"page","link":"https:\/\/www.lamaisondabel.fr\/index.php\/la-manufacture-nationale-de-lodeve\/","title":{"rendered":"Manufacture Nationale"},"content":{"rendered":"<div class=\"UtePc RCETm yxgWrb\" dir=\"ltr\" role=\"main\" aria-hidden=\"false\">\n<section id=\"h.p_VM0GKT23Kahc\" class=\"yaqOZd\">\n<div class=\"mYVXT\">\n<div class=\"LS81yb VICjCf\" tabindex=\"-1\">\n<div class=\"hJDwNd-AhqUyc-uQSCkd purZT-AhqUyc-II5mzb pSzOP-AhqUyc-qWD73c JNdkSc\">\n<div class=\"oKdM2c\">\n<div id=\"h.p_PBTxKsg5KahO\" class=\"hJDwNd-AhqUyc-uQSCkd jXK9ad D2fZ2 OjCsFc wHaque GNzUNc\">\n<div class=\"jXK9ad-SmKAyb jXK9ad-SmKAyb-c4YZDc\">\n<div class=\"tyJCtd mGzaTb baZpAe\">\n<h1 id=\"h.p_fsuyhyBjKahS\" class=\"zfr3Q\" style=\"text-align: center;\"><em><strong><br \/>\nLa manufacture de tapis de la Savonnerie s\u2019inscrit dans le d\u00e9veloppement de la fili\u00e8re M\u00e9tiers d\u2019art.<br \/>\n<\/strong><\/em><\/h1>\n<p id=\"h.p_le6Tzy01KeRK\" class=\"zfr3Q\" style=\"text-align: center;\">Origine<\/p>\n<p id=\"h.p_v9gUfZ3tKeRP\" class=\"zfr3Q\" style=\"text-align: center;\">En 1627 Louis XIII installe \u00e0 Lod\u00e8ve une manufacture de savons.<\/p>\n<p id=\"h.p_1zrAQ0KnKeRQ\" class=\"zfr3Q\" style=\"text-align: center;\">La manufacture royale de tapis remonte \u00e0 Henri IV.<\/p>\n<p id=\"h.p_TUN2zPs8KeRR\" class=\"zfr3Q\" style=\"text-align: center;\">La Manufacture Nationale de la Savonnerie \u00e0 Lod\u00e8ve<\/p>\n<p id=\"h.p_lHk79H7tKeRT\" class=\"zfr3Q\" style=\"text-align: center;\">Annexe de la manufacture nationale de tapis des Gobelins<\/p>\n<p id=\"h.p_J9szFvLMKeRU\" class=\"zfr3Q\" style=\"text-align: center;\">Ces tapis sont destin\u00e9s au Mobilier national pour les bureaux des b\u00e2timents officiels : ambassades, minist\u00e8res, Palais de l&#8217;Elys\u00e9e. L&#8217;atelier a pour vocation de produire des tapis d&#8217;apr\u00e8s des artistes contemporains tels que Paulin, Hajdu, Lalane, Morellet.<\/p>\n<p id=\"h.p_uUgf0VWqKeRW\" class=\"zfr3Q\" style=\"text-align: center;\">Il r\u00e9\u00e9dite des tapis des si\u00e8cles pass\u00e9s.<\/p>\n<p id=\"h.p_uxZ8O-xyKeRX\" class=\"zfr3Q\" style=\"text-align: center;\">Copies \u00e0 l&#8217;identique de tapis anciens ou mod\u00e8les plus contemporains, comme les reproductions d&#8217;\u0153uvres de St\u00e9phane Bordarier, Julien Gardair, Matali Crasset. (tissage au point nou\u00e9)<\/p>\n<p id=\"h.p_4KXO8dAGKeRZ\" class=\"zfr3Q\" style=\"text-align: center;\">Le temps n&#8217;a plus de limite dans ce lieu o\u00f9 des tapis se r\u00e9alisent entre 4 et 7 ans.<\/p>\n<p id=\"h.p_wBjagNG9KeRe\" class=\"zfr3Q\" style=\"text-align: center;\"><strong><u>Visites sur rendez-vous uniquement les jeudi et vendredi<\/u><\/strong><\/p>\n<p id=\"h.p_-YGSBVolKeRh\" class=\"zfr3Q\" style=\"text-align: center;\">Impasse des liciers<\/p>\n<p id=\"h.p_LI5jjb9wKeRi\" class=\"zfr3Q\" style=\"text-align: center;\">34700 LODEVE<\/p>\n<p id=\"h.p_eZC8QOR1KeRi\" class=\"zfr3Q\" style=\"text-align: center;\">04 67 88 86 44<\/p>\n<p id=\"h.p_SJf5rC3OKeRj\" class=\"zfr3Q\" style=\"text-align: center;\">Plus d&#8217;infos<\/p>\n<p id=\"h.p_ya5qahhIKeRn\" class=\"zfr3Q\" style=\"text-align: center;\">tourisme@lodevoisetlarzac.fr<\/p>\n<\/div>\n<\/div>\n<\/div>\n<\/div>\n<\/div>\n<\/div>\n<\/div>\n<\/section>\n<section id=\"h.p_gupFu1_WXf2C\" class=\"yaqOZd\">\n<div class=\"yaqOZd IFuOkc\"><\/div>\n<div class=\"mYVXT\">\n<div class=\"LS81yb VICjCf\" tabindex=\"-1\">\n<div class=\"hJDwNd-AhqUyc-uQSCkd purZT-AhqUyc-II5mzb pSzOP-AhqUyc-qWD73c JNdkSc\">\n<div class=\"oKdM2c\">\n<div class=\"hJDwNd-AhqUyc-c5RTEf jXK9ad D2fZ2 OjCsFc wHaque L6cTce-purZT L6cTce-pSzOP\">\n<div class=\"jXK9ad-SmKAyb jXK9ad-SmKAyb-c4YZDc\">\n<div class=\"tyJCtd baZpAe\" style=\"text-align: center;\"><\/div>\n<\/div>\n<\/div>\n<div id=\"h.p_izDIIlZ8Xf1-\" class=\"hJDwNd-AhqUyc-qWD73c jXK9ad D2fZ2 OjCsFc wHaque\">\n<div class=\"jXK9ad-SmKAyb jXK9ad-SmKAyb-c4YZDc\">\n<div class=\"tyJCtd baZpAe\">\n<div>\n<div class=\"WIdY2d M1aSXe\" style=\"text-align: center;\">\n<div><\/div>\n<p><iframe class=\"YMEQtf\" src=\"https:\/\/www.youtube.com\/embed\/8r-6Mn2fWIM\" frameborder=\"0\" allowfullscreen=\"allowfullscreen\" aria-label=\"YouTube Video, La savonnerie de Lod\u00e8ve : l'art du tapis \u00e0 la fran\u00e7aise (H\u00e9rault)\" data-iframe-loaded=\"true\" data-mce-fragment=\"1\"><\/iframe><\/p>\n<\/div>\n<\/div>\n<\/div>\n<\/div>\n<\/div>\n<div class=\"hJDwNd-AhqUyc-c5RTEf jXK9ad D2fZ2 OjCsFc wHaque L6cTce-purZT L6cTce-pSzOP\">\n<div class=\"jXK9ad-SmKAyb jXK9ad-SmKAyb-c4YZDc\">\n<div class=\"tyJCtd baZpAe\" style=\"text-align: center;\"><\/div>\n<\/div>\n<\/div>\n<\/div>\n<\/div>\n<\/div>\n<\/div>\n<\/section>\n<\/div>\n<div class=\"Xpil1b\" style=\"text-align: center;\">\n<div class=\"tyJCtd mGzaTb baZpAe\">\n<hr \/>\n<\/div>\n<section id=\"h.p_OGmiK-tZKBBm\" class=\"yaqOZd\">\n<p style=\"text-align: center;\"><em><strong>Une belle visite en perspective \u00e0 7 minutes de la maison d&#8217;Abel<\/strong><\/em><\/p>\n<h6 style=\"text-align: center;\">Cliquez sur le logo de Google Map pour voir l&#8217;itin\u00e9raire propos\u00e9<\/h6>\n<p style=\"text-align: center;\"><a href=\"https:\/\/goo.gl\/maps\/yg4Xue6NweF2\" target=\"_blank\" rel=\"noopener noreferrer\"><img loading=\"lazy\" decoding=\"async\" class=\"wp-image-698 aligncenter\" src=\"http:\/\/www.lamaisondabel.fr\/wordpress_o\/wp-content\/uploads\/2019\/03\/google_map.png\" alt=\"\" width=\"134\" height=\"136\" srcset=\"https:\/\/www.lamaisondabel.fr\/wp-content\/uploads\/2019\/03\/google_map.png 223w, https:\/\/www.lamaisondabel.fr\/wp-content\/uploads\/2019\/03\/google_map-50x50.png 50w\" sizes=\"(max-width: 134px) 100vw, 134px\" \/><\/a><\/p>\n<\/section>\n<h6 style=\"text-align: center;\">Vous souhaitant une belle visite dans ce lieu ! que vous pourrez poursuivre en allant voir le Mus\u00e9e et la cath\u00e9drale Saint Fulcran de Lod\u00e8ve &#8211; March\u00e9 le samedi matin<\/h6>\n<p style=\"text-align: center;\">Distance approximative : 7 km<\/p>\n<\/div>\n<footer class=\"BCtCv yxgWrb\" data-create-site-url=\"https:\/\/sites.google.com\/new\/?usp=viewer_footer\" aria-hidden=\"false\">\n<div class=\"uByue\">\n<div class=\"yYF4Mc\">\n<div class=\"qmpcfe\"><\/div>\n<\/div>\n<\/div>\n<\/footer>\n","protected":false},"excerpt":{"rendered":"<p>La manufacture de tapis de la Savonnerie s\u2019inscrit dans le d\u00e9veloppement de la fili\u00e8re M\u00e9tiers d\u2019art. Origine En 1627 Louis XIII installe \u00e0 Lod\u00e8ve une manufacture de savons. La manufacture royale de tapis remonte \u00e0 Henri IV. La Manufacture Nationale de la Savonnerie \u00e0 Lod\u00e8ve Annexe de la manufacture nationale de tapis des Gobelins Ces [&hellip;]<\/p>\n","protected":false},"author":1,"featured_media":0,"parent":0,"menu_order":0,"comment_status":"closed","ping_status":"closed","template":"","meta":{"footnotes":""},"wppr_data":{"cwp_meta_box_check":"No"},"yoast_head":"<!-- This site is optimized with the Yoast SEO plugin v22.8 - https:\/\/yoast.com\/wordpress\/plugins\/seo\/ -->\n<title>Manufacture Nationale - La Maison d&#039;Abel<\/title>\n<meta name=\"robots\" content=\"index, follow, max-snippet:-1, max-image-preview:large, max-video-preview:-1\" \/>\n<link rel=\"canonical\" href=\"https:\/\/www.lamaisondabel.fr\/index.php\/la-manufacture-nationale-de-lodeve\/\" \/>\n<meta property=\"og:locale\" content=\"fr_FR\" \/>\n<meta property=\"og:type\" content=\"article\" \/>\n<meta property=\"og:title\" content=\"Manufacture Nationale - La Maison d&#039;Abel\" \/>\n<meta property=\"og:description\" content=\"La manufacture de tapis de la Savonnerie s\u2019inscrit dans le d\u00e9veloppement de la fili\u00e8re M\u00e9tiers d\u2019art. Origine En 1627 Louis XIII installe \u00e0 Lod\u00e8ve une manufacture de savons. La manufacture royale de tapis remonte \u00e0 Henri IV. La Manufacture Nationale de la Savonnerie \u00e0 Lod\u00e8ve Annexe de la manufacture nationale de tapis des Gobelins Ces [&hellip;]\" \/>\n<meta property=\"og:url\" content=\"https:\/\/www.lamaisondabel.fr\/index.php\/la-manufacture-nationale-de-lodeve\/\" \/>\n<meta property=\"og:site_name\" content=\"La Maison d&#039;Abel\" \/>\n<meta property=\"article:modified_time\" content=\"2019-03-12T05:18:45+00:00\" \/>\n<meta property=\"og:image\" content=\"http:\/\/www.lamaisondabel.fr\/wordpress_o\/wp-content\/uploads\/2019\/03\/google_map.png\" \/>\n<meta name=\"twitter:card\" content=\"summary_large_image\" \/>\n<meta name=\"twitter:label1\" content=\"Dur\u00e9e de lecture estim\u00e9e\" \/>\n\t<meta name=\"twitter:data1\" content=\"1 minute\" \/>\n<script type=\"application\/ld+json\" class=\"yoast-schema-graph\">{\"@context\":\"https:\/\/schema.org\",\"@graph\":[{\"@type\":\"WebPage\",\"@id\":\"https:\/\/www.lamaisondabel.fr\/index.php\/la-manufacture-nationale-de-lodeve\/\",\"url\":\"https:\/\/www.lamaisondabel.fr\/index.php\/la-manufacture-nationale-de-lodeve\/\",\"name\":\"Manufacture Nationale - La Maison d&#039;Abel\",\"isPartOf\":{\"@id\":\"https:\/\/www.lamaisondabel.fr\/#website\"},\"primaryImageOfPage\":{\"@id\":\"https:\/\/www.lamaisondabel.fr\/index.php\/la-manufacture-nationale-de-lodeve\/#primaryimage\"},\"image\":{\"@id\":\"https:\/\/www.lamaisondabel.fr\/index.php\/la-manufacture-nationale-de-lodeve\/#primaryimage\"},\"thumbnailUrl\":\"http:\/\/www.lamaisondabel.fr\/wordpress_o\/wp-content\/uploads\/2019\/03\/google_map.png\",\"datePublished\":\"2019-03-04T09:39:45+00:00\",\"dateModified\":\"2019-03-12T05:18:45+00:00\",\"breadcrumb\":{\"@id\":\"https:\/\/www.lamaisondabel.fr\/index.php\/la-manufacture-nationale-de-lodeve\/#breadcrumb\"},\"inLanguage\":\"fr-FR\",\"potentialAction\":[{\"@type\":\"ReadAction\",\"target\":[\"https:\/\/www.lamaisondabel.fr\/index.php\/la-manufacture-nationale-de-lodeve\/\"]}]},{\"@type\":\"ImageObject\",\"inLanguage\":\"fr-FR\",\"@id\":\"https:\/\/www.lamaisondabel.fr\/index.php\/la-manufacture-nationale-de-lodeve\/#primaryimage\",\"url\":\"https:\/\/www.lamaisondabel.fr\/wp-content\/uploads\/2019\/03\/google_map.png\",\"contentUrl\":\"https:\/\/www.lamaisondabel.fr\/wp-content\/uploads\/2019\/03\/google_map.png\",\"width\":223,\"height\":226},{\"@type\":\"BreadcrumbList\",\"@id\":\"https:\/\/www.lamaisondabel.fr\/index.php\/la-manufacture-nationale-de-lodeve\/#breadcrumb\",\"itemListElement\":[{\"@type\":\"ListItem\",\"position\":1,\"name\":\"Accueil\",\"item\":\"https:\/\/www.lamaisondabel.fr\/\"},{\"@type\":\"ListItem\",\"position\":2,\"name\":\"Manufacture Nationale\"}]},{\"@type\":\"WebSite\",\"@id\":\"https:\/\/www.lamaisondabel.fr\/#website\",\"url\":\"https:\/\/www.lamaisondabel.fr\/\",\"name\":\"La Maison d&#039;Abel\",\"description\":\"Lac du Salagou - Maison en location saisonni\u00e8re - Ouvert toute l&#039;ann\u00e9e.\",\"potentialAction\":[{\"@type\":\"SearchAction\",\"target\":{\"@type\":\"EntryPoint\",\"urlTemplate\":\"https:\/\/www.lamaisondabel.fr\/?s={search_term_string}\"},\"query-input\":\"required name=search_term_string\"}],\"inLanguage\":\"fr-FR\"}]}<\/script>\n<!-- \/ Yoast SEO plugin. -->","yoast_head_json":{"title":"Manufacture Nationale - La Maison d&#039;Abel","robots":{"index":"index","follow":"follow","max-snippet":"max-snippet:-1","max-image-preview":"max-image-preview:large","max-video-preview":"max-video-preview:-1"},"canonical":"https:\/\/www.lamaisondabel.fr\/index.php\/la-manufacture-nationale-de-lodeve\/","og_locale":"fr_FR","og_type":"article","og_title":"Manufacture Nationale - La Maison d&#039;Abel","og_description":"La manufacture de tapis de la Savonnerie s\u2019inscrit dans le d\u00e9veloppement de la fili\u00e8re M\u00e9tiers d\u2019art. Origine En 1627 Louis XIII installe \u00e0 Lod\u00e8ve une manufacture de savons. La manufacture royale de tapis remonte \u00e0 Henri IV. La Manufacture Nationale de la Savonnerie \u00e0 Lod\u00e8ve Annexe de la manufacture nationale de tapis des Gobelins Ces [&hellip;]","og_url":"https:\/\/www.lamaisondabel.fr\/index.php\/la-manufacture-nationale-de-lodeve\/","og_site_name":"La Maison d&#039;Abel","article_modified_time":"2019-03-12T05:18:45+00:00","og_image":[{"url":"http:\/\/www.lamaisondabel.fr\/wordpress_o\/wp-content\/uploads\/2019\/03\/google_map.png"}],"twitter_card":"summary_large_image","twitter_misc":{"Dur\u00e9e de lecture estim\u00e9e":"1 minute"},"schema":{"@context":"https:\/\/schema.org","@graph":[{"@type":"WebPage","@id":"https:\/\/www.lamaisondabel.fr\/index.php\/la-manufacture-nationale-de-lodeve\/","url":"https:\/\/www.lamaisondabel.fr\/index.php\/la-manufacture-nationale-de-lodeve\/","name":"Manufacture Nationale - La Maison d&#039;Abel","isPartOf":{"@id":"https:\/\/www.lamaisondabel.fr\/#website"},"primaryImageOfPage":{"@id":"https:\/\/www.lamaisondabel.fr\/index.php\/la-manufacture-nationale-de-lodeve\/#primaryimage"},"image":{"@id":"https:\/\/www.lamaisondabel.fr\/index.php\/la-manufacture-nationale-de-lodeve\/#primaryimage"},"thumbnailUrl":"http:\/\/www.lamaisondabel.fr\/wordpress_o\/wp-content\/uploads\/2019\/03\/google_map.png","datePublished":"2019-03-04T09:39:45+00:00","dateModified":"2019-03-12T05:18:45+00:00","breadcrumb":{"@id":"https:\/\/www.lamaisondabel.fr\/index.php\/la-manufacture-nationale-de-lodeve\/#breadcrumb"},"inLanguage":"fr-FR","potentialAction":[{"@type":"ReadAction","target":["https:\/\/www.lamaisondabel.fr\/index.php\/la-manufacture-nationale-de-lodeve\/"]}]},{"@type":"ImageObject","inLanguage":"fr-FR","@id":"https:\/\/www.lamaisondabel.fr\/index.php\/la-manufacture-nationale-de-lodeve\/#primaryimage","url":"https:\/\/www.lamaisondabel.fr\/wp-content\/uploads\/2019\/03\/google_map.png","contentUrl":"https:\/\/www.lamaisondabel.fr\/wp-content\/uploads\/2019\/03\/google_map.png","width":223,"height":226},{"@type":"BreadcrumbList","@id":"https:\/\/www.lamaisondabel.fr\/index.php\/la-manufacture-nationale-de-lodeve\/#breadcrumb","itemListElement":[{"@type":"ListItem","position":1,"name":"Accueil","item":"https:\/\/www.lamaisondabel.fr\/"},{"@type":"ListItem","position":2,"name":"Manufacture Nationale"}]},{"@type":"WebSite","@id":"https:\/\/www.lamaisondabel.fr\/#website","url":"https:\/\/www.lamaisondabel.fr\/","name":"La Maison d&#039;Abel","description":"Lac du Salagou - Maison en location saisonni\u00e8re - Ouvert toute l&#039;ann\u00e9e.","potentialAction":[{"@type":"SearchAction","target":{"@type":"EntryPoint","urlTemplate":"https:\/\/www.lamaisondabel.fr\/?s={search_term_string}"},"query-input":"required name=search_term_string"}],"inLanguage":"fr-FR"}]}},"_links":{"self":[{"href":"https:\/\/www.lamaisondabel.fr\/index.php\/wp-json\/wp\/v2\/pages\/158"}],"collection":[{"href":"https:\/\/www.lamaisondabel.fr\/index.php\/wp-json\/wp\/v2\/pages"}],"about":[{"href":"https:\/\/www.lamaisondabel.fr\/index.php\/wp-json\/wp\/v2\/types\/page"}],"author":[{"embeddable":true,"href":"https:\/\/www.lamaisondabel.fr\/index.php\/wp-json\/wp\/v2\/users\/1"}],"replies":[{"embeddable":true,"href":"https:\/\/www.lamaisondabel.fr\/index.php\/wp-json\/wp\/v2\/comments?post=158"}],"version-history":[{"count":6,"href":"https:\/\/www.lamaisondabel.fr\/index.php\/wp-json\/wp\/v2\/pages\/158\/revisions"}],"predecessor-version":[{"id":1229,"href":"https:\/\/www.lamaisondabel.fr\/index.php\/wp-json\/wp\/v2\/pages\/158\/revisions\/1229"}],"wp:attachment":[{"href":"https:\/\/www.lamaisondabel.fr\/index.php\/wp-json\/wp\/v2\/media?parent=158"}],"curies":[{"name":"wp","href":"https:\/\/api.w.org\/{rel}","templated":true}]}}