{"id":1635,"date":"2019-03-27T16:38:54","date_gmt":"2019-03-27T16:38:54","guid":{"rendered":"http:\/\/www.lamaisondabel.fr\/?page_id=1635"},"modified":"2021-03-14T16:36:08","modified_gmt":"2021-03-14T16:36:08","slug":"livret_enfants","status":"publish","type":"page","link":"https:\/\/www.lamaisondabel.fr\/index.php\/livret_enfants\/","title":{"rendered":"S\u00e9curit\u00e9 des enfants"},"content":{"rendered":"<p style=\"text-align: center;\"><img loading=\"lazy\" decoding=\"async\" class=\"aligncenter size-full wp-image-1638\" src=\"http:\/\/www.lamaisondabel.fr\/wp-content\/uploads\/2019\/03\/enfants.png\" alt=\"\" width=\"200\" height=\"177\" srcset=\"https:\/\/www.lamaisondabel.fr\/wp-content\/uploads\/2019\/03\/enfants.png 200w, https:\/\/www.lamaisondabel.fr\/wp-content\/uploads\/2019\/03\/enfants-50x44.png 50w\" sizes=\"(max-width: 200px) 100vw, 200px\" \/><\/p>\n<p>&nbsp;<\/p>\n<p style=\"text-align: center;\">Produits m\u00e9nager dessous l&#8217;\u00e9vier de la cuisine<\/p>\n<p>&nbsp;<\/p>\n<p style=\"text-align: center;\">\u00a0<\/p>\n<p>&nbsp;<\/p>\n<p style=\"text-align: center;\">\u00a0<\/p>\n","protected":false},"excerpt":{"rendered":"<p>&nbsp; Produits m\u00e9nager dessous l&#8217;\u00e9vier de la cuisine &nbsp; \u00a0 &nbsp; \u00a0<\/p>\n","protected":false},"author":1,"featured_media":0,"parent":0,"menu_order":0,"comment_status":"closed","ping_status":"closed","template":"","meta":{"footnotes":""},"wppr_data":{"cwp_meta_box_check":"No"},"yoast_head":"<!-- This site is optimized with the Yoast SEO plugin v22.8 - https:\/\/yoast.com\/wordpress\/plugins\/seo\/ -->\n<title>S\u00e9curit\u00e9 des enfants - La Maison d&#039;Abel<\/title>\n<meta name=\"robots\" content=\"index, follow, max-snippet:-1, max-image-preview:large, max-video-preview:-1\" \/>\n<link rel=\"canonical\" href=\"https:\/\/www.lamaisondabel.fr\/index.php\/livret_enfants\/\" \/>\n<meta property=\"og:locale\" content=\"fr_FR\" \/>\n<meta property=\"og:type\" content=\"article\" \/>\n<meta property=\"og:title\" content=\"S\u00e9curit\u00e9 des enfants - La Maison d&#039;Abel\" \/>\n<meta property=\"og:description\" content=\"&nbsp; Produits m\u00e9nager dessous l&#8217;\u00e9vier de la cuisine &nbsp; \u00a0 &nbsp; \u00a0\" \/>\n<meta property=\"og:url\" content=\"https:\/\/www.lamaisondabel.fr\/index.php\/livret_enfants\/\" \/>\n<meta property=\"og:site_name\" content=\"La Maison d&#039;Abel\" \/>\n<meta property=\"article:modified_time\" content=\"2021-03-14T16:36:08+00:00\" \/>\n<meta property=\"og:image\" content=\"http:\/\/www.lamaisondabel.fr\/wp-content\/uploads\/2019\/03\/enfants.png\" \/>\n<meta name=\"twitter:card\" content=\"summary_large_image\" \/>\n<meta name=\"twitter:label1\" content=\"Dur\u00e9e de lecture estim\u00e9e\" \/>\n\t<meta name=\"twitter:data1\" content=\"1 minute\" \/>\n<script type=\"application\/ld+json\" class=\"yoast-schema-graph\">{\"@context\":\"https:\/\/schema.org\",\"@graph\":[{\"@type\":\"WebPage\",\"@id\":\"https:\/\/www.lamaisondabel.fr\/index.php\/livret_enfants\/\",\"url\":\"https:\/\/www.lamaisondabel.fr\/index.php\/livret_enfants\/\",\"name\":\"S\u00e9curit\u00e9 des enfants - La Maison d&#039;Abel\",\"isPartOf\":{\"@id\":\"https:\/\/www.lamaisondabel.fr\/#website\"},\"primaryImageOfPage\":{\"@id\":\"https:\/\/www.lamaisondabel.fr\/index.php\/livret_enfants\/#primaryimage\"},\"image\":{\"@id\":\"https:\/\/www.lamaisondabel.fr\/index.php\/livret_enfants\/#primaryimage\"},\"thumbnailUrl\":\"http:\/\/www.lamaisondabel.fr\/wp-content\/uploads\/2019\/03\/enfants.png\",\"datePublished\":\"2019-03-27T16:38:54+00:00\",\"dateModified\":\"2021-03-14T16:36:08+00:00\",\"breadcrumb\":{\"@id\":\"https:\/\/www.lamaisondabel.fr\/index.php\/livret_enfants\/#breadcrumb\"},\"inLanguage\":\"fr-FR\",\"potentialAction\":[{\"@type\":\"ReadAction\",\"target\":[\"https:\/\/www.lamaisondabel.fr\/index.php\/livret_enfants\/\"]}]},{\"@type\":\"ImageObject\",\"inLanguage\":\"fr-FR\",\"@id\":\"https:\/\/www.lamaisondabel.fr\/index.php\/livret_enfants\/#primaryimage\",\"url\":\"https:\/\/www.lamaisondabel.fr\/wp-content\/uploads\/2019\/03\/enfants.png\",\"contentUrl\":\"https:\/\/www.lamaisondabel.fr\/wp-content\/uploads\/2019\/03\/enfants.png\",\"width\":200,\"height\":177},{\"@type\":\"BreadcrumbList\",\"@id\":\"https:\/\/www.lamaisondabel.fr\/index.php\/livret_enfants\/#breadcrumb\",\"itemListElement\":[{\"@type\":\"ListItem\",\"position\":1,\"name\":\"Accueil\",\"item\":\"https:\/\/www.lamaisondabel.fr\/\"},{\"@type\":\"ListItem\",\"position\":2,\"name\":\"S\u00e9curit\u00e9 des enfants\"}]},{\"@type\":\"WebSite\",\"@id\":\"https:\/\/www.lamaisondabel.fr\/#website\",\"url\":\"https:\/\/www.lamaisondabel.fr\/\",\"name\":\"La Maison d&#039;Abel\",\"description\":\"Lac du Salagou - Maison en location saisonni\u00e8re - Ouvert toute l&#039;ann\u00e9e.\",\"potentialAction\":[{\"@type\":\"SearchAction\",\"target\":{\"@type\":\"EntryPoint\",\"urlTemplate\":\"https:\/\/www.lamaisondabel.fr\/?s={search_term_string}\"},\"query-input\":\"required name=search_term_string\"}],\"inLanguage\":\"fr-FR\"}]}<\/script>\n<!-- \/ Yoast SEO plugin. -->","yoast_head_json":{"title":"S\u00e9curit\u00e9 des enfants - La Maison d&#039;Abel","robots":{"index":"index","follow":"follow","max-snippet":"max-snippet:-1","max-image-preview":"max-image-preview:large","max-video-preview":"max-video-preview:-1"},"canonical":"https:\/\/www.lamaisondabel.fr\/index.php\/livret_enfants\/","og_locale":"fr_FR","og_type":"article","og_title":"S\u00e9curit\u00e9 des enfants - La Maison d&#039;Abel","og_description":"&nbsp; Produits m\u00e9nager dessous l&#8217;\u00e9vier de la cuisine &nbsp; \u00a0 &nbsp; \u00a0","og_url":"https:\/\/www.lamaisondabel.fr\/index.php\/livret_enfants\/","og_site_name":"La Maison d&#039;Abel","article_modified_time":"2021-03-14T16:36:08+00:00","og_image":[{"url":"http:\/\/www.lamaisondabel.fr\/wp-content\/uploads\/2019\/03\/enfants.png"}],"twitter_card":"summary_large_image","twitter_misc":{"Dur\u00e9e de lecture estim\u00e9e":"1 minute"},"schema":{"@context":"https:\/\/schema.org","@graph":[{"@type":"WebPage","@id":"https:\/\/www.lamaisondabel.fr\/index.php\/livret_enfants\/","url":"https:\/\/www.lamaisondabel.fr\/index.php\/livret_enfants\/","name":"S\u00e9curit\u00e9 des enfants - La Maison d&#039;Abel","isPartOf":{"@id":"https:\/\/www.lamaisondabel.fr\/#website"},"primaryImageOfPage":{"@id":"https:\/\/www.lamaisondabel.fr\/index.php\/livret_enfants\/#primaryimage"},"image":{"@id":"https:\/\/www.lamaisondabel.fr\/index.php\/livret_enfants\/#primaryimage"},"thumbnailUrl":"http:\/\/www.lamaisondabel.fr\/wp-content\/uploads\/2019\/03\/enfants.png","datePublished":"2019-03-27T16:38:54+00:00","dateModified":"2021-03-14T16:36:08+00:00","breadcrumb":{"@id":"https:\/\/www.lamaisondabel.fr\/index.php\/livret_enfants\/#breadcrumb"},"inLanguage":"fr-FR","potentialAction":[{"@type":"ReadAction","target":["https:\/\/www.lamaisondabel.fr\/index.php\/livret_enfants\/"]}]},{"@type":"ImageObject","inLanguage":"fr-FR","@id":"https:\/\/www.lamaisondabel.fr\/index.php\/livret_enfants\/#primaryimage","url":"https:\/\/www.lamaisondabel.fr\/wp-content\/uploads\/2019\/03\/enfants.png","contentUrl":"https:\/\/www.lamaisondabel.fr\/wp-content\/uploads\/2019\/03\/enfants.png","width":200,"height":177},{"@type":"BreadcrumbList","@id":"https:\/\/www.lamaisondabel.fr\/index.php\/livret_enfants\/#breadcrumb","itemListElement":[{"@type":"ListItem","position":1,"name":"Accueil","item":"https:\/\/www.lamaisondabel.fr\/"},{"@type":"ListItem","position":2,"name":"S\u00e9curit\u00e9 des enfants"}]},{"@type":"WebSite","@id":"https:\/\/www.lamaisondabel.fr\/#website","url":"https:\/\/www.lamaisondabel.fr\/","name":"La Maison d&#039;Abel","description":"Lac du Salagou - Maison en location saisonni\u00e8re - Ouvert toute l&#039;ann\u00e9e.","potentialAction":[{"@type":"SearchAction","target":{"@type":"EntryPoint","urlTemplate":"https:\/\/www.lamaisondabel.fr\/?s={search_term_string}"},"query-input":"required name=search_term_string"}],"inLanguage":"fr-FR"}]}},"_links":{"self":[{"href":"https:\/\/www.lamaisondabel.fr\/index.php\/wp-json\/wp\/v2\/pages\/1635"}],"collection":[{"href":"https:\/\/www.lamaisondabel.fr\/index.php\/wp-json\/wp\/v2\/pages"}],"about":[{"href":"https:\/\/www.lamaisondabel.fr\/index.php\/wp-json\/wp\/v2\/types\/page"}],"author":[{"embeddable":true,"href":"https:\/\/www.lamaisondabel.fr\/index.php\/wp-json\/wp\/v2\/users\/1"}],"replies":[{"embeddable":true,"href":"https:\/\/www.lamaisondabel.fr\/index.php\/wp-json\/wp\/v2\/comments?post=1635"}],"version-history":[{"count":4,"href":"https:\/\/www.lamaisondabel.fr\/index.php\/wp-json\/wp\/v2\/pages\/1635\/revisions"}],"predecessor-version":[{"id":1813,"href":"https:\/\/www.lamaisondabel.fr\/index.php\/wp-json\/wp\/v2\/pages\/1635\/revisions\/1813"}],"wp:attachment":[{"href":"https:\/\/www.lamaisondabel.fr\/index.php\/wp-json\/wp\/v2\/media?parent=1635"}],"curies":[{"name":"wp","href":"https:\/\/api.w.org\/{rel}","templated":true}]}}

Sécurité des enfants

<p style="text-align: center;"><img loading="lazy" decoding="async" class="aligncenter size-full wp-image-1638" src="http://www.lamaisondabel.fr/wp-content/uploads/2019/03/enfants.png" alt="" width="200" height="177" srcset="https://www.lamaisondabel.fr/wp-content/uploads/2019/03/enfants.png 200w, https://www.lamaisondabel.fr/wp-content/uploads/2019/03/enfants-50x44.png 50w" sizes="(max-width: 200px) 100vw, 200px" /></p>
<p>&nbsp;</p>
<p style="text-align: center;">Produits ménager dessous l&#8217;évier de la cuisine</p>
<p>&nbsp;</p>
<p style="text-align: center;"> </p>
<p>&nbsp;</p>
<p style="text-align: center;"> </p>

<p>&nbsp; Produits ménager dessous l&#8217;évier de la cuisine &nbsp;   &nbsp;  </p>

<!-- This site is optimized with the Yoast SEO plugin v22.8 - https://yoast.com/wordpress/plugins/seo/ -->
<title>Sécurité des enfants - La Maison d&#039;Abel</title>
<meta name="robots" content="index, follow, max-snippet:-1, max-image-preview:large, max-video-preview:-1" />
<link rel="canonical" href="https://www.lamaisondabel.fr/index.php/livret_enfants/" />
<meta property="og:locale" content="fr_FR" />
<meta property="og:type" content="article" />
<meta property="og:title" content="Sécurité des enfants - La Maison d&#039;Abel" />
<meta property="og:description" content="&nbsp; Produits ménager dessous l&#8217;évier de la cuisine &nbsp;   &nbsp;  " />
<meta property="og:url" content="https://www.lamaisondabel.fr/index.php/livret_enfants/" />
<meta property="og:site_name" content="La Maison d&#039;Abel" />
<meta property="article:modified_time" content="2021-03-14T16:36:08+00:00" />
<meta property="og:image" content="http://www.lamaisondabel.fr/wp-content/uploads/2019/03/enfants.png" />
<meta name="twitter:card" content="summary_large_image" />
<meta name="twitter:label1" content="Durée de lecture estimée" />
	<meta name="twitter:data1" content="1 minute" />
<script type="application/ld+json" class="yoast-schema-graph">{"@context":"https://schema.org","@graph":[{"@type":"WebPage","@id":"https://www.lamaisondabel.fr/index.php/livret_enfants/","url":"https://www.lamaisondabel.fr/index.php/livret_enfants/","name":"Sécurité des enfants - La Maison d&#039;Abel","isPartOf":{"@id":"https://www.lamaisondabel.fr/#website"},"primaryImageOfPage":{"@id":"https://www.lamaisondabel.fr/index.php/livret_enfants/#primaryimage"},"image":{"@id":"https://www.lamaisondabel.fr/index.php/livret_enfants/#primaryimage"},"thumbnailUrl":"http://www.lamaisondabel.fr/wp-content/uploads/2019/03/enfants.png","datePublished":"2019-03-27T16:38:54+00:00","dateModified":"2021-03-14T16:36:08+00:00","breadcrumb":{"@id":"https://www.lamaisondabel.fr/index.php/livret_enfants/#breadcrumb"},"inLanguage":"fr-FR","potentialAction":[{"@type":"ReadAction","target":["https://www.lamaisondabel.fr/index.php/livret_enfants/"]}]},{"@type":"ImageObject","inLanguage":"fr-FR","@id":"https://www.lamaisondabel.fr/index.php/livret_enfants/#primaryimage","url":"https://www.lamaisondabel.fr/wp-content/uploads/2019/03/enfants.png","contentUrl":"https://www.lamaisondabel.fr/wp-content/uploads/2019/03/enfants.png","width":200,"height":177},{"@type":"BreadcrumbList","@id":"https://www.lamaisondabel.fr/index.php/livret_enfants/#breadcrumb","itemListElement":[{"@type":"ListItem","position":1,"name":"Accueil","item":"https://www.lamaisondabel.fr/"},{"@type":"ListItem","position":2,"name":"Sécurité des enfants"}]},{"@type":"WebSite","@id":"https://www.lamaisondabel.fr/#website","url":"https://www.lamaisondabel.fr/","name":"La Maison d&#039;Abel","description":"Lac du Salagou - Maison en location saisonnière - Ouvert toute l&#039;année.","potentialAction":[{"@type":"SearchAction","target":{"@type":"EntryPoint","urlTemplate":"https://www.lamaisondabel.fr/?s={search_term_string}"},"query-input":"required name=search_term_string"}],"inLanguage":"fr-FR"}]}</script>
<!-- / Yoast SEO plugin. -->

Sécurité des enfants - La Maison d&#039;Abel

&nbsp; Produits ménager dessous l&#8217;évier de la cuisine &nbsp;   &nbsp;

Lac du Salagou - Maison en location saisonnière - Ouvert toute l&#039;année.
