{"id":1759,"date":"2020-07-02T10:50:32","date_gmt":"2020-07-02T10:50:32","guid":{"rendered":"https:\/\/www.lamaisondabel.fr\/?page_id=1759"},"modified":"2020-07-02T11:29:26","modified_gmt":"2020-07-02T11:29:26","slug":"marche-de-producteurs","status":"publish","type":"page","link":"https:\/\/www.lamaisondabel.fr\/index.php\/marche-de-producteurs\/","title":{"rendered":"March\u00e9 de producteurs Le Bosc"},"content":{"rendered":"<h2 style=\"text-align: center;\">March\u00e9 de producteurs<\/h2>\n<h2 style=\"text-align: center;\">Tous les dimanches de 08h00 \u00e0 12h30,<\/h2>\n<h2 style=\"text-align: center;\">\u00e0 Salelles du Bosc, Place du village.<\/h2>\n<p style=\"text-align: center;\"><img loading=\"lazy\" decoding=\"async\" class=\"aligncenter  wp-image-1763\" src=\"https:\/\/www.lamaisondabel.fr\/wp-content\/uploads\/2020\/07\/20200702_123832.jpg\" alt=\"\" width=\"262\" height=\"363\" srcset=\"https:\/\/www.lamaisondabel.fr\/wp-content\/uploads\/2020\/07\/20200702_123832.jpg 1677w, https:\/\/www.lamaisondabel.fr\/wp-content\/uploads\/2020\/07\/20200702_123832-217x300.jpg 217w, https:\/\/www.lamaisondabel.fr\/wp-content\/uploads\/2020\/07\/20200702_123832-740x1024.jpg 740w, https:\/\/www.lamaisondabel.fr\/wp-content\/uploads\/2020\/07\/20200702_123832-768x1063.jpg 768w, https:\/\/www.lamaisondabel.fr\/wp-content\/uploads\/2020\/07\/20200702_123832-1110x1536.jpg 1110w, https:\/\/www.lamaisondabel.fr\/wp-content\/uploads\/2020\/07\/20200702_123832-1480x2048.jpg 1480w, https:\/\/www.lamaisondabel.fr\/wp-content\/uploads\/2020\/07\/20200702_123832-36x50.jpg 36w\" sizes=\"(max-width: 262px) 100vw, 262px\" \/><\/p>\n<p style=\"text-align: center;\">\u00a0<\/p>\n<p>&nbsp;<\/p>\n<p style=\"text-align: center;\">Vous y trouverez :<\/p>\n<ul>\n<li>Pain<\/li>\n<li>Fruits et l\u00e9gumes<\/li>\n<li>Traiteur<\/li>\n<li>Fruits de mer &amp; coquillages<\/li>\n<li>Viticulteurs<\/li>\n<li>Cookies<\/li>\n<li>Fromagerie<\/li>\n<li>Charcuteries<\/li>\n<li>Epicerie bio<\/li>\n<li>Savons bio<\/li>\n<li>Glaces artisanales&#8230;<\/li>\n<\/ul>\n<p>&nbsp;<\/p>\n<p>&nbsp;<\/p>\n<p style=\"text-align: center;\"><strong>A la fin du march\u00e9 une brasucade sera servie \u00e0 la barquette par l&#8217;association du Bosc<\/strong><\/p>\n","protected":false},"excerpt":{"rendered":"<p>March\u00e9 de producteurs Tous les dimanches de 08h00 \u00e0 12h30, \u00e0 Salelles du Bosc, Place du village. \u00a0 &nbsp; Vous y trouverez : Pain Fruits et l\u00e9gumes Traiteur Fruits de mer &amp; coquillages Viticulteurs Cookies Fromagerie Charcuteries Epicerie bio Savons bio Glaces artisanales&#8230; &nbsp; &nbsp; A la fin du march\u00e9 une brasucade sera servie \u00e0 [&hellip;]<\/p>\n","protected":false},"author":1,"featured_media":0,"parent":0,"menu_order":0,"comment_status":"closed","ping_status":"closed","template":"","meta":{"footnotes":""},"wppr_data":{"cwp_meta_box_check":"No"},"yoast_head":"<!-- This site is optimized with the Yoast SEO plugin v22.8 - https:\/\/yoast.com\/wordpress\/plugins\/seo\/ -->\n<title>March\u00e9 de producteurs Le Bosc - La Maison d&#039;Abel<\/title>\n<meta name=\"description\" content=\"- March\u00e9 de producteurs Le Bosc - La Maison d&#039;Abel\" \/>\n<meta name=\"robots\" content=\"index, follow, max-snippet:-1, max-image-preview:large, max-video-preview:-1\" \/>\n<link rel=\"canonical\" href=\"https:\/\/www.lamaisondabel.fr\/index.php\/marche-de-producteurs\/\" \/>\n<meta property=\"og:locale\" content=\"fr_FR\" \/>\n<meta property=\"og:type\" content=\"article\" \/>\n<meta property=\"og:title\" content=\"March\u00e9 de producteurs Le Bosc - La Maison d&#039;Abel\" \/>\n<meta property=\"og:description\" content=\"- March\u00e9 de producteurs Le Bosc - La Maison d&#039;Abel\" \/>\n<meta property=\"og:url\" content=\"https:\/\/www.lamaisondabel.fr\/index.php\/marche-de-producteurs\/\" \/>\n<meta property=\"og:site_name\" content=\"La Maison d&#039;Abel\" \/>\n<meta property=\"article:modified_time\" content=\"2020-07-02T11:29:26+00:00\" \/>\n<meta property=\"og:image\" content=\"https:\/\/www.lamaisondabel.fr\/wp-content\/uploads\/2020\/07\/20200702_123832.jpg\" \/>\n<meta name=\"twitter:card\" content=\"summary_large_image\" \/>\n<script type=\"application\/ld+json\" class=\"yoast-schema-graph\">{\"@context\":\"https:\/\/schema.org\",\"@graph\":[{\"@type\":\"WebPage\",\"@id\":\"https:\/\/www.lamaisondabel.fr\/index.php\/marche-de-producteurs\/\",\"url\":\"https:\/\/www.lamaisondabel.fr\/index.php\/marche-de-producteurs\/\",\"name\":\"March\u00e9 de producteurs Le Bosc - La Maison d&#039;Abel\",\"isPartOf\":{\"@id\":\"https:\/\/www.lamaisondabel.fr\/#website\"},\"primaryImageOfPage\":{\"@id\":\"https:\/\/www.lamaisondabel.fr\/index.php\/marche-de-producteurs\/#primaryimage\"},\"image\":{\"@id\":\"https:\/\/www.lamaisondabel.fr\/index.php\/marche-de-producteurs\/#primaryimage\"},\"thumbnailUrl\":\"https:\/\/www.lamaisondabel.fr\/wp-content\/uploads\/2020\/07\/20200702_123832.jpg\",\"datePublished\":\"2020-07-02T10:50:32+00:00\",\"dateModified\":\"2020-07-02T11:29:26+00:00\",\"description\":\"- March\u00e9 de producteurs Le Bosc - La Maison d&#039;Abel\",\"breadcrumb\":{\"@id\":\"https:\/\/www.lamaisondabel.fr\/index.php\/marche-de-producteurs\/#breadcrumb\"},\"inLanguage\":\"fr-FR\",\"potentialAction\":[{\"@type\":\"ReadAction\",\"target\":[\"https:\/\/www.lamaisondabel.fr\/index.php\/marche-de-producteurs\/\"]}]},{\"@type\":\"ImageObject\",\"inLanguage\":\"fr-FR\",\"@id\":\"https:\/\/www.lamaisondabel.fr\/index.php\/marche-de-producteurs\/#primaryimage\",\"url\":\"https:\/\/www.lamaisondabel.fr\/wp-content\/uploads\/2020\/07\/20200702_123832.jpg\",\"contentUrl\":\"https:\/\/www.lamaisondabel.fr\/wp-content\/uploads\/2020\/07\/20200702_123832.jpg\",\"width\":1677,\"height\":2321},{\"@type\":\"BreadcrumbList\",\"@id\":\"https:\/\/www.lamaisondabel.fr\/index.php\/marche-de-producteurs\/#breadcrumb\",\"itemListElement\":[{\"@type\":\"ListItem\",\"position\":1,\"name\":\"Accueil\",\"item\":\"https:\/\/www.lamaisondabel.fr\/\"},{\"@type\":\"ListItem\",\"position\":2,\"name\":\"March\u00e9 de producteurs Le Bosc\"}]},{\"@type\":\"WebSite\",\"@id\":\"https:\/\/www.lamaisondabel.fr\/#website\",\"url\":\"https:\/\/www.lamaisondabel.fr\/\",\"name\":\"La Maison d&#039;Abel\",\"description\":\"Lac du Salagou - Maison en location saisonni\u00e8re - Ouvert toute l&#039;ann\u00e9e.\",\"potentialAction\":[{\"@type\":\"SearchAction\",\"target\":{\"@type\":\"EntryPoint\",\"urlTemplate\":\"https:\/\/www.lamaisondabel.fr\/?s={search_term_string}\"},\"query-input\":\"required name=search_term_string\"}],\"inLanguage\":\"fr-FR\"}]}<\/script>\n<!-- \/ Yoast SEO plugin. -->","yoast_head_json":{"title":"March\u00e9 de producteurs Le Bosc - La Maison d&#039;Abel","description":"- March\u00e9 de producteurs Le Bosc - La Maison d&#039;Abel","robots":{"index":"index","follow":"follow","max-snippet":"max-snippet:-1","max-image-preview":"max-image-preview:large","max-video-preview":"max-video-preview:-1"},"canonical":"https:\/\/www.lamaisondabel.fr\/index.php\/marche-de-producteurs\/","og_locale":"fr_FR","og_type":"article","og_title":"March\u00e9 de producteurs Le Bosc - La Maison d&#039;Abel","og_description":"- March\u00e9 de producteurs Le Bosc - La Maison d&#039;Abel","og_url":"https:\/\/www.lamaisondabel.fr\/index.php\/marche-de-producteurs\/","og_site_name":"La Maison d&#039;Abel","article_modified_time":"2020-07-02T11:29:26+00:00","og_image":[{"url":"https:\/\/www.lamaisondabel.fr\/wp-content\/uploads\/2020\/07\/20200702_123832.jpg"}],"twitter_card":"summary_large_image","schema":{"@context":"https:\/\/schema.org","@graph":[{"@type":"WebPage","@id":"https:\/\/www.lamaisondabel.fr\/index.php\/marche-de-producteurs\/","url":"https:\/\/www.lamaisondabel.fr\/index.php\/marche-de-producteurs\/","name":"March\u00e9 de producteurs Le Bosc - La Maison d&#039;Abel","isPartOf":{"@id":"https:\/\/www.lamaisondabel.fr\/#website"},"primaryImageOfPage":{"@id":"https:\/\/www.lamaisondabel.fr\/index.php\/marche-de-producteurs\/#primaryimage"},"image":{"@id":"https:\/\/www.lamaisondabel.fr\/index.php\/marche-de-producteurs\/#primaryimage"},"thumbnailUrl":"https:\/\/www.lamaisondabel.fr\/wp-content\/uploads\/2020\/07\/20200702_123832.jpg","datePublished":"2020-07-02T10:50:32+00:00","dateModified":"2020-07-02T11:29:26+00:00","description":"- March\u00e9 de producteurs Le Bosc - La Maison d&#039;Abel","breadcrumb":{"@id":"https:\/\/www.lamaisondabel.fr\/index.php\/marche-de-producteurs\/#breadcrumb"},"inLanguage":"fr-FR","potentialAction":[{"@type":"ReadAction","target":["https:\/\/www.lamaisondabel.fr\/index.php\/marche-de-producteurs\/"]}]},{"@type":"ImageObject","inLanguage":"fr-FR","@id":"https:\/\/www.lamaisondabel.fr\/index.php\/marche-de-producteurs\/#primaryimage","url":"https:\/\/www.lamaisondabel.fr\/wp-content\/uploads\/2020\/07\/20200702_123832.jpg","contentUrl":"https:\/\/www.lamaisondabel.fr\/wp-content\/uploads\/2020\/07\/20200702_123832.jpg","width":1677,"height":2321},{"@type":"BreadcrumbList","@id":"https:\/\/www.lamaisondabel.fr\/index.php\/marche-de-producteurs\/#breadcrumb","itemListElement":[{"@type":"ListItem","position":1,"name":"Accueil","item":"https:\/\/www.lamaisondabel.fr\/"},{"@type":"ListItem","position":2,"name":"March\u00e9 de producteurs Le Bosc"}]},{"@type":"WebSite","@id":"https:\/\/www.lamaisondabel.fr\/#website","url":"https:\/\/www.lamaisondabel.fr\/","name":"La Maison d&#039;Abel","description":"Lac du Salagou - Maison en location saisonni\u00e8re - Ouvert toute l&#039;ann\u00e9e.","potentialAction":[{"@type":"SearchAction","target":{"@type":"EntryPoint","urlTemplate":"https:\/\/www.lamaisondabel.fr\/?s={search_term_string}"},"query-input":"required name=search_term_string"}],"inLanguage":"fr-FR"}]}},"_links":{"self":[{"href":"https:\/\/www.lamaisondabel.fr\/index.php\/wp-json\/wp\/v2\/pages\/1759"}],"collection":[{"href":"https:\/\/www.lamaisondabel.fr\/index.php\/wp-json\/wp\/v2\/pages"}],"about":[{"href":"https:\/\/www.lamaisondabel.fr\/index.php\/wp-json\/wp\/v2\/types\/page"}],"author":[{"embeddable":true,"href":"https:\/\/www.lamaisondabel.fr\/index.php\/wp-json\/wp\/v2\/users\/1"}],"replies":[{"embeddable":true,"href":"https:\/\/www.lamaisondabel.fr\/index.php\/wp-json\/wp\/v2\/comments?post=1759"}],"version-history":[{"count":8,"href":"https:\/\/www.lamaisondabel.fr\/index.php\/wp-json\/wp\/v2\/pages\/1759\/revisions"}],"predecessor-version":[{"id":1773,"href":"https:\/\/www.lamaisondabel.fr\/index.php\/wp-json\/wp\/v2\/pages\/1759\/revisions\/1773"}],"wp:attachment":[{"href":"https:\/\/www.lamaisondabel.fr\/index.php\/wp-json\/wp\/v2\/media?parent=1759"}],"curies":[{"name":"wp","href":"https:\/\/api.w.org\/{rel}","templated":true}]}}

Marché de producteurs Le Bosc

<h2 style="text-align: center;">Marché de producteurs</h2>
<h2 style="text-align: center;">Tous les dimanches de 08h00 à 12h30,</h2>
<h2 style="text-align: center;">à Salelles du Bosc, Place du village.</h2>
<p style="text-align: center;"><img loading="lazy" decoding="async" class="aligncenter  wp-image-1763" src="https://www.lamaisondabel.fr/wp-content/uploads/2020/07/20200702_123832.jpg" alt="" width="262" height="363" srcset="https://www.lamaisondabel.fr/wp-content/uploads/2020/07/20200702_123832.jpg 1677w, https://www.lamaisondabel.fr/wp-content/uploads/2020/07/20200702_123832-217x300.jpg 217w, https://www.lamaisondabel.fr/wp-content/uploads/2020/07/20200702_123832-740x1024.jpg 740w, https://www.lamaisondabel.fr/wp-content/uploads/2020/07/20200702_123832-768x1063.jpg 768w, https://www.lamaisondabel.fr/wp-content/uploads/2020/07/20200702_123832-1110x1536.jpg 1110w, https://www.lamaisondabel.fr/wp-content/uploads/2020/07/20200702_123832-1480x2048.jpg 1480w, https://www.lamaisondabel.fr/wp-content/uploads/2020/07/20200702_123832-36x50.jpg 36w" sizes="(max-width: 262px) 100vw, 262px" /></p>
<p style="text-align: center;"> </p>
<p>&nbsp;</p>
<p style="text-align: center;">Vous y trouverez :</p>
<ul>
<li>Pain</li>
<li>Fruits et légumes</li>
<li>Traiteur</li>
<li>Fruits de mer &amp; coquillages</li>
<li>Viticulteurs</li>
<li>Cookies</li>
<li>Fromagerie</li>
<li>Charcuteries</li>
<li>Epicerie bio</li>
<li>Savons bio</li>
<li>Glaces artisanales&#8230;</li>
</ul>
<p>&nbsp;</p>
<p>&nbsp;</p>
<p style="text-align: center;"><strong>A la fin du marché une brasucade sera servie à la barquette par l&#8217;association du Bosc</strong></p>

<p>Marché de producteurs Tous les dimanches de 08h00 à 12h30, à Salelles du Bosc, Place du village.   &nbsp; Vous y trouverez : Pain Fruits et légumes Traiteur Fruits de mer &amp; coquillages Viticulteurs Cookies Fromagerie Charcuteries Epicerie bio Savons bio Glaces artisanales&#8230; &nbsp; &nbsp; A la fin du marché une brasucade sera servie à [&hellip;]</p>

<!-- This site is optimized with the Yoast SEO plugin v22.8 - https://yoast.com/wordpress/plugins/seo/ -->
<title>Marché de producteurs Le Bosc - La Maison d&#039;Abel</title>
<meta name="description" content="- Marché de producteurs Le Bosc - La Maison d&#039;Abel" />
<meta name="robots" content="index, follow, max-snippet:-1, max-image-preview:large, max-video-preview:-1" />
<link rel="canonical" href="https://www.lamaisondabel.fr/index.php/marche-de-producteurs/" />
<meta property="og:locale" content="fr_FR" />
<meta property="og:type" content="article" />
<meta property="og:title" content="Marché de producteurs Le Bosc - La Maison d&#039;Abel" />
<meta property="og:description" content="- Marché de producteurs Le Bosc - La Maison d&#039;Abel" />
<meta property="og:url" content="https://www.lamaisondabel.fr/index.php/marche-de-producteurs/" />
<meta property="og:site_name" content="La Maison d&#039;Abel" />
<meta property="article:modified_time" content="2020-07-02T11:29:26+00:00" />
<meta property="og:image" content="https://www.lamaisondabel.fr/wp-content/uploads/2020/07/20200702_123832.jpg" />
<meta name="twitter:card" content="summary_large_image" />
<script type="application/ld+json" class="yoast-schema-graph">{"@context":"https://schema.org","@graph":[{"@type":"WebPage","@id":"https://www.lamaisondabel.fr/index.php/marche-de-producteurs/","url":"https://www.lamaisondabel.fr/index.php/marche-de-producteurs/","name":"Marché de producteurs Le Bosc - La Maison d&#039;Abel","isPartOf":{"@id":"https://www.lamaisondabel.fr/#website"},"primaryImageOfPage":{"@id":"https://www.lamaisondabel.fr/index.php/marche-de-producteurs/#primaryimage"},"image":{"@id":"https://www.lamaisondabel.fr/index.php/marche-de-producteurs/#primaryimage"},"thumbnailUrl":"https://www.lamaisondabel.fr/wp-content/uploads/2020/07/20200702_123832.jpg","datePublished":"2020-07-02T10:50:32+00:00","dateModified":"2020-07-02T11:29:26+00:00","description":"- Marché de producteurs Le Bosc - La Maison d&#039;Abel","breadcrumb":{"@id":"https://www.lamaisondabel.fr/index.php/marche-de-producteurs/#breadcrumb"},"inLanguage":"fr-FR","potentialAction":[{"@type":"ReadAction","target":["https://www.lamaisondabel.fr/index.php/marche-de-producteurs/"]}]},{"@type":"ImageObject","inLanguage":"fr-FR","@id":"https://www.lamaisondabel.fr/index.php/marche-de-producteurs/#primaryimage","url":"https://www.lamaisondabel.fr/wp-content/uploads/2020/07/20200702_123832.jpg","contentUrl":"https://www.lamaisondabel.fr/wp-content/uploads/2020/07/20200702_123832.jpg","width":1677,"height":2321},{"@type":"BreadcrumbList","@id":"https://www.lamaisondabel.fr/index.php/marche-de-producteurs/#breadcrumb","itemListElement":[{"@type":"ListItem","position":1,"name":"Accueil","item":"https://www.lamaisondabel.fr/"},{"@type":"ListItem","position":2,"name":"Marché de producteurs Le Bosc"}]},{"@type":"WebSite","@id":"https://www.lamaisondabel.fr/#website","url":"https://www.lamaisondabel.fr/","name":"La Maison d&#039;Abel","description":"Lac du Salagou - Maison en location saisonnière - Ouvert toute l&#039;année.","potentialAction":[{"@type":"SearchAction","target":{"@type":"EntryPoint","urlTemplate":"https://www.lamaisondabel.fr/?s={search_term_string}"},"query-input":"required name=search_term_string"}],"inLanguage":"fr-FR"}]}</script>
<!-- / Yoast SEO plugin. -->

Marché de producteurs Le Bosc - La Maison d&#039;Abel

- Marché de producteurs Le Bosc - La Maison d&#039;Abel

Lac du Salagou - Maison en location saisonnière - Ouvert toute l&#039;année.
