{"id":184,"date":"2019-03-04T09:47:00","date_gmt":"2019-03-04T09:47:00","guid":{"rendered":"http:\/\/www.lamaisondabel.fr\/wordpress_o\/?page_id=184"},"modified":"2019-03-06T14:33:07","modified_gmt":"2019-03-06T14:33:07","slug":"la-manufacture-royale-de-villeneuvette","status":"publish","type":"page","link":"https:\/\/www.lamaisondabel.fr\/index.php\/la-manufacture-royale-de-villeneuvette\/","title":{"rendered":"La Manufacture Royale"},"content":{"rendered":"<div class=\"UtePc RCETm yxgWrb\" dir=\"ltr\" role=\"main\" aria-hidden=\"false\">\n<section id=\"h.p_aZiAGiQQD8Ke\" class=\"yaqOZd\">\n<div class=\"mYVXT\">\n<div class=\"LS81yb VICjCf\" tabindex=\"-1\">\n<div class=\"hJDwNd-AhqUyc-uQSCkd purZT-AhqUyc-II5mzb pSzOP-AhqUyc-qWD73c JNdkSc\">\n<div class=\"oKdM2c\">\n<div id=\"h.p_M7BE_2A4D8KV\" class=\"hJDwNd-AhqUyc-uQSCkd jXK9ad D2fZ2 OjCsFc wHaque GNzUNc\">\n<div class=\"jXK9ad-SmKAyb jXK9ad-SmKAyb-c4YZDc\">\n<div class=\"tyJCtd mGzaTb baZpAe\">\n<h1 style=\"text-align: center;\">La Manufacture Royale de Villeneuvette<\/h1>\n<p>&nbsp;<\/p>\n<p id=\"h.p_ZYrSBPCJD8Kb\" class=\"zfr3Q\">Un ancien &#8220;village usine&#8221; : une cit\u00e9 drapi\u00e8re cr\u00e9\u00e9e en 1670 par Pierre Baille, un riche fabricant et marchand drapier de Clermont-l&#8217;H\u00e9rault . Il fut soutenu financi\u00e8rement par Colbert qui en fit l&#8217;un des plus grande Manufacture Royale du Languedoc-Roussillon.<\/p>\n<p id=\"h.p_wNecWW_JEEYa\" class=\"zfr3Q\">Un charme authentique ! Un village atypique et hors du temps<\/p>\n<ul class=\"n8H08c UVNKR\">\n<li id=\"h.p_9VFHpATKFrvN\" class=\"zfr3Q TYR86d\">L\u2019imposant portail d\u2019entr\u00e9e<\/li>\n<li id=\"h.p_12v_IrJaFsH-\" class=\"zfr3Q TYR86d\">L\u2019\u00e9glise avec des fresques de Jacques Pauthe<\/li>\n<li id=\"h.p_OOl4o4y0FsH_\" class=\"zfr3Q TYR86d\">Le Manoir de Fabrique<\/li>\n<li id=\"h.p_gizd42-DFsIA\" class=\"zfr3Q TYR86d\">La place du village<\/li>\n<li id=\"h.p_J1m1KF3JFsIA\" class=\"zfr3Q TYR86d\">Le grand bassin<\/li>\n<li id=\"h.p_8TFs1rGwFsID\" class=\"zfr3Q TYR86d\">La tour chemin\u00e9e<\/li>\n<li id=\"h.p_GeiaWOOuFsIE\" class=\"zfr3Q TYR86d\">Le buffet d\u2019eau<\/li>\n<li id=\"h.p_0CJa6gl1FsIF\" class=\"zfr3Q TYR86d\">Le pont de l\u2019Amour et sa l\u00e9gende<\/li>\n<li id=\"h.p_2ExutqT0FsIG\" class=\"zfr3Q TYR86d\">Le sentier de randonn\u00e9e autour de l\u2019ancien r\u00e9seau hydraulique<\/li>\n<\/ul>\n<\/div>\n<\/div>\n<\/div>\n<\/div>\n<\/div>\n<\/div>\n<\/div>\n<\/section>\n<section id=\"h.p_I7wBpAuMEZc1\" class=\"yaqOZd\">\n<div class=\"yaqOZd IFuOkc\"><\/div>\n<div class=\"mYVXT\">\n<div class=\"LS81yb VICjCf\" tabindex=\"-1\">\n<div class=\"hJDwNd-AhqUyc-uQSCkd purZT-AhqUyc-II5mzb pSzOP-AhqUyc-qWD73c JNdkSc\">\n<div class=\"oKdM2c\">\n<div id=\"h.p_3wByTWoPEZcp\" class=\"hJDwNd-AhqUyc-uQSCkd jXK9ad D2fZ2 OjCsFc wHaque GNzUNc\">\n<div class=\"jXK9ad-SmKAyb jXK9ad-SmKAyb-c4YZDc\">\n<div class=\"tyJCtd mGzaTb baZpAe\"><\/div>\n<\/div>\n<\/div>\n<\/div>\n<\/div>\n<\/div>\n<\/div>\n<\/section>\n<section id=\"h.p_8li-fOxXErwk\" class=\"yaqOZd\">\n<div class=\"yaqOZd IFuOkc\"><img loading=\"lazy\" decoding=\"async\" class=\"aligncenter size-medium wp-image-520\" src=\"http:\/\/www.lamaisondabel.fr\/wordpress_o\/wp-content\/uploads\/2019\/03\/region_manuf_1-300x163.jpg\" alt=\"\" width=\"300\" height=\"163\" srcset=\"https:\/\/www.lamaisondabel.fr\/wp-content\/uploads\/2019\/03\/region_manuf_1-300x163.jpg 300w, https:\/\/www.lamaisondabel.fr\/wp-content\/uploads\/2019\/03\/region_manuf_1-50x27.jpg 50w, https:\/\/www.lamaisondabel.fr\/wp-content\/uploads\/2019\/03\/region_manuf_1.jpg 460w\" sizes=\"(max-width: 300px) 100vw, 300px\" \/> <img loading=\"lazy\" decoding=\"async\" class=\"aligncenter size-medium wp-image-521\" src=\"http:\/\/www.lamaisondabel.fr\/wordpress_o\/wp-content\/uploads\/2019\/03\/region_manuf_2-300x224.jpg\" alt=\"\" width=\"300\" height=\"224\" srcset=\"https:\/\/www.lamaisondabel.fr\/wp-content\/uploads\/2019\/03\/region_manuf_2-300x224.jpg 300w, https:\/\/www.lamaisondabel.fr\/wp-content\/uploads\/2019\/03\/region_manuf_2-50x37.jpg 50w, https:\/\/www.lamaisondabel.fr\/wp-content\/uploads\/2019\/03\/region_manuf_2.jpg 474w\" sizes=\"(max-width: 300px) 100vw, 300px\" \/><\/div>\n<div class=\"mYVXT\">\n<div class=\"LS81yb VICjCf\" tabindex=\"-1\">\n<div class=\"hJDwNd-AhqUyc-uQSCkd purZT-AhqUyc-II5mzb pSzOP-AhqUyc-qWD73c JNdkSc\">\n<div class=\"oKdM2c\">\n<div class=\"hJDwNd-AhqUyc-ibL1re jXK9ad D2fZ2 OjCsFc wHaque L6cTce-purZT L6cTce-pSzOP\">\n<div class=\"jXK9ad-SmKAyb jXK9ad-SmKAyb-c4YZDc\">\n<div class=\"tyJCtd baZpAe\"><\/div>\n<\/div>\n<\/div>\n<div id=\"h.p_hbsGq0CoErwo\" class=\"hJDwNd-AhqUyc-OwsYgb jXK9ad D2fZ2 OjCsFc wHaque\">\n<div class=\"jXK9ad-SmKAyb jXK9ad-SmKAyb-c4YZDc\">\n<div class=\"tyJCtd baZpAe\"><\/div>\n<\/div>\n<\/div>\n<\/div>\n<\/div>\n<\/div>\n<\/div>\n<\/section>\n<section id=\"h.p_ivq7CR4vEvOe\" class=\"yaqOZd\">\n<div class=\"mYVXT\">\n<div class=\"LS81yb VICjCf\" tabindex=\"-1\">\n<div class=\"hJDwNd-AhqUyc-uQSCkd purZT-AhqUyc-II5mzb pSzOP-AhqUyc-wNfPc JNdkSc\">\n<div class=\"oKdM2c\">\n<div id=\"h.p_k5nuLiGfEvOh\" class=\"hJDwNd-AhqUyc-wNfPc pSzOP-AhqUyc-wNfPc jXK9ad D2fZ2 OjCsFc wHaque\">\n<div class=\"jXK9ad-SmKAyb jXK9ad-SmKAyb-c4YZDc\">\n<div class=\"tyJCtd baZpAe\">\n<div class=\"t3iYD\"><\/div>\n<\/div>\n<\/div>\n<\/div>\n<div class=\"hJDwNd-AhqUyc-II5mzb jXK9ad D2fZ2 OjCsFc wHaque L6cTce-purZT L6cTce-pSzOP\">\n<div class=\"jXK9ad-SmKAyb jXK9ad-SmKAyb-c4YZDc\">\n<div class=\"tyJCtd baZpAe\" style=\"text-align: center;\">\n<div class=\"Xpil1b\" style=\"text-align: center;\">\n<div class=\"tyJCtd mGzaTb baZpAe\">\n<hr \/>\n<\/div>\n<section id=\"h.p_OGmiK-tZKBBm\" class=\"yaqOZd\">\n<p style=\"text-align: center;\"><em><strong>Une belle visite en perspective \u00e0 30 minutes de la maison d&#8217;Abel<\/strong><\/em><\/p>\n<h6 style=\"text-align: center;\">Cliquez sur le logo de Google Map pour voir l&#8217;itin\u00e9raire propos\u00e9<\/h6>\n<p style=\"text-align: center;\"><a href=\"https:\/\/goo.gl\/maps\/jxkFYS4GA5T2\" target=\"_blank\" rel=\"noopener noreferrer\"><img loading=\"lazy\" decoding=\"async\" class=\"wp-image-698 aligncenter\" src=\"http:\/\/www.lamaisondabel.fr\/wordpress_o\/wp-content\/uploads\/2019\/03\/google_map.png\" alt=\"\" width=\"134\" height=\"136\" srcset=\"https:\/\/www.lamaisondabel.fr\/wp-content\/uploads\/2019\/03\/google_map.png 223w, https:\/\/www.lamaisondabel.fr\/wp-content\/uploads\/2019\/03\/google_map-50x50.png 50w\" sizes=\"(max-width: 134px) 100vw, 134px\" \/><\/a><\/p>\n<\/section>\n<h6 style=\"text-align: center;\">Vous souhaitant une belle visite dans ce lieu !<\/h6>\n<p style=\"text-align: center;\">Distance approximative : 20 km<\/p>\n<\/div>\n<footer class=\"BCtCv yxgWrb\" data-create-site-url=\"https:\/\/sites.google.com\/new\/?usp=viewer_footer\" aria-hidden=\"false\">\n<div class=\"uByue\">\n<div class=\"yYF4Mc\">\n<div class=\"qmpcfe\"><\/div>\n<\/div>\n<\/div>\n<\/footer>\n<\/div>\n<\/div>\n<\/div>\n<\/div>\n<\/div>\n<\/div>\n<\/div>\n<\/section>\n<\/div>\n<div class=\"Xpil1b\"><\/div>\n<footer class=\"BCtCv yxgWrb\" data-create-site-url=\"https:\/\/sites.google.com\/new\/?usp=viewer_footer\" aria-hidden=\"false\">\n<div class=\"uByue\">\n<div class=\"yYF4Mc\">\n<div><\/div>\n<\/div>\n<\/div>\n<\/footer>\n","protected":false},"excerpt":{"rendered":"<p>La Manufacture Royale de Villeneuvette &nbsp; Un ancien &#8220;village usine&#8221; : une cit\u00e9 drapi\u00e8re cr\u00e9\u00e9e en 1670 par Pierre Baille, un riche fabricant et marchand drapier de Clermont-l&#8217;H\u00e9rault . Il fut soutenu financi\u00e8rement par Colbert qui en fit l&#8217;un des plus grande Manufacture Royale du Languedoc-Roussillon. Un charme authentique ! Un village atypique et hors [&hellip;]<\/p>\n","protected":false},"author":1,"featured_media":0,"parent":0,"menu_order":0,"comment_status":"closed","ping_status":"closed","template":"","meta":{"footnotes":""},"wppr_data":{"cwp_meta_box_check":"No"},"yoast_head":"<!-- This site is optimized with the Yoast SEO plugin v22.8 - https:\/\/yoast.com\/wordpress\/plugins\/seo\/ -->\n<title>La Manufacture Royale - La Maison d&#039;Abel<\/title>\n<meta name=\"robots\" content=\"index, follow, max-snippet:-1, max-image-preview:large, max-video-preview:-1\" \/>\n<link rel=\"canonical\" href=\"https:\/\/www.lamaisondabel.fr\/index.php\/la-manufacture-royale-de-villeneuvette\/\" \/>\n<meta property=\"og:locale\" content=\"fr_FR\" \/>\n<meta property=\"og:type\" content=\"article\" \/>\n<meta property=\"og:title\" content=\"La Manufacture Royale - La Maison d&#039;Abel\" \/>\n<meta property=\"og:description\" content=\"La Manufacture Royale de Villeneuvette &nbsp; Un ancien &#8220;village usine&#8221; : une cit\u00e9 drapi\u00e8re cr\u00e9\u00e9e en 1670 par Pierre Baille, un riche fabricant et marchand drapier de Clermont-l&#8217;H\u00e9rault . Il fut soutenu financi\u00e8rement par Colbert qui en fit l&#8217;un des plus grande Manufacture Royale du Languedoc-Roussillon. Un charme authentique ! Un village atypique et hors [&hellip;]\" \/>\n<meta property=\"og:url\" content=\"https:\/\/www.lamaisondabel.fr\/index.php\/la-manufacture-royale-de-villeneuvette\/\" \/>\n<meta property=\"og:site_name\" content=\"La Maison d&#039;Abel\" \/>\n<meta property=\"article:modified_time\" content=\"2019-03-06T14:33:07+00:00\" \/>\n<meta property=\"og:image\" content=\"http:\/\/www.lamaisondabel.fr\/wordpress_o\/wp-content\/uploads\/2019\/03\/region_manuf_1-300x163.jpg\" \/>\n<meta name=\"twitter:card\" content=\"summary_large_image\" \/>\n<meta name=\"twitter:label1\" content=\"Dur\u00e9e de lecture estim\u00e9e\" \/>\n\t<meta name=\"twitter:data1\" content=\"1 minute\" \/>\n<script type=\"application\/ld+json\" class=\"yoast-schema-graph\">{\"@context\":\"https:\/\/schema.org\",\"@graph\":[{\"@type\":\"WebPage\",\"@id\":\"https:\/\/www.lamaisondabel.fr\/index.php\/la-manufacture-royale-de-villeneuvette\/\",\"url\":\"https:\/\/www.lamaisondabel.fr\/index.php\/la-manufacture-royale-de-villeneuvette\/\",\"name\":\"La Manufacture Royale - La Maison d&#039;Abel\",\"isPartOf\":{\"@id\":\"https:\/\/www.lamaisondabel.fr\/#website\"},\"primaryImageOfPage\":{\"@id\":\"https:\/\/www.lamaisondabel.fr\/index.php\/la-manufacture-royale-de-villeneuvette\/#primaryimage\"},\"image\":{\"@id\":\"https:\/\/www.lamaisondabel.fr\/index.php\/la-manufacture-royale-de-villeneuvette\/#primaryimage\"},\"thumbnailUrl\":\"http:\/\/www.lamaisondabel.fr\/wordpress_o\/wp-content\/uploads\/2019\/03\/region_manuf_1-300x163.jpg\",\"datePublished\":\"2019-03-04T09:47:00+00:00\",\"dateModified\":\"2019-03-06T14:33:07+00:00\",\"breadcrumb\":{\"@id\":\"https:\/\/www.lamaisondabel.fr\/index.php\/la-manufacture-royale-de-villeneuvette\/#breadcrumb\"},\"inLanguage\":\"fr-FR\",\"potentialAction\":[{\"@type\":\"ReadAction\",\"target\":[\"https:\/\/www.lamaisondabel.fr\/index.php\/la-manufacture-royale-de-villeneuvette\/\"]}]},{\"@type\":\"ImageObject\",\"inLanguage\":\"fr-FR\",\"@id\":\"https:\/\/www.lamaisondabel.fr\/index.php\/la-manufacture-royale-de-villeneuvette\/#primaryimage\",\"url\":\"https:\/\/www.lamaisondabel.fr\/wp-content\/uploads\/2019\/03\/region_manuf_1.jpg\",\"contentUrl\":\"https:\/\/www.lamaisondabel.fr\/wp-content\/uploads\/2019\/03\/region_manuf_1.jpg\",\"width\":460,\"height\":250},{\"@type\":\"BreadcrumbList\",\"@id\":\"https:\/\/www.lamaisondabel.fr\/index.php\/la-manufacture-royale-de-villeneuvette\/#breadcrumb\",\"itemListElement\":[{\"@type\":\"ListItem\",\"position\":1,\"name\":\"Accueil\",\"item\":\"https:\/\/www.lamaisondabel.fr\/\"},{\"@type\":\"ListItem\",\"position\":2,\"name\":\"La Manufacture Royale\"}]},{\"@type\":\"WebSite\",\"@id\":\"https:\/\/www.lamaisondabel.fr\/#website\",\"url\":\"https:\/\/www.lamaisondabel.fr\/\",\"name\":\"La Maison d&#039;Abel\",\"description\":\"Lac du Salagou - Maison en location saisonni\u00e8re - Ouvert toute l&#039;ann\u00e9e.\",\"potentialAction\":[{\"@type\":\"SearchAction\",\"target\":{\"@type\":\"EntryPoint\",\"urlTemplate\":\"https:\/\/www.lamaisondabel.fr\/?s={search_term_string}\"},\"query-input\":\"required name=search_term_string\"}],\"inLanguage\":\"fr-FR\"}]}<\/script>\n<!-- \/ Yoast SEO plugin. -->","yoast_head_json":{"title":"La Manufacture Royale - La Maison d&#039;Abel","robots":{"index":"index","follow":"follow","max-snippet":"max-snippet:-1","max-image-preview":"max-image-preview:large","max-video-preview":"max-video-preview:-1"},"canonical":"https:\/\/www.lamaisondabel.fr\/index.php\/la-manufacture-royale-de-villeneuvette\/","og_locale":"fr_FR","og_type":"article","og_title":"La Manufacture Royale - La Maison d&#039;Abel","og_description":"La Manufacture Royale de Villeneuvette &nbsp; Un ancien &#8220;village usine&#8221; : une cit\u00e9 drapi\u00e8re cr\u00e9\u00e9e en 1670 par Pierre Baille, un riche fabricant et marchand drapier de Clermont-l&#8217;H\u00e9rault . Il fut soutenu financi\u00e8rement par Colbert qui en fit l&#8217;un des plus grande Manufacture Royale du Languedoc-Roussillon. Un charme authentique ! Un village atypique et hors [&hellip;]","og_url":"https:\/\/www.lamaisondabel.fr\/index.php\/la-manufacture-royale-de-villeneuvette\/","og_site_name":"La Maison d&#039;Abel","article_modified_time":"2019-03-06T14:33:07+00:00","og_image":[{"url":"http:\/\/www.lamaisondabel.fr\/wordpress_o\/wp-content\/uploads\/2019\/03\/region_manuf_1-300x163.jpg"}],"twitter_card":"summary_large_image","twitter_misc":{"Dur\u00e9e de lecture estim\u00e9e":"1 minute"},"schema":{"@context":"https:\/\/schema.org","@graph":[{"@type":"WebPage","@id":"https:\/\/www.lamaisondabel.fr\/index.php\/la-manufacture-royale-de-villeneuvette\/","url":"https:\/\/www.lamaisondabel.fr\/index.php\/la-manufacture-royale-de-villeneuvette\/","name":"La Manufacture Royale - La Maison d&#039;Abel","isPartOf":{"@id":"https:\/\/www.lamaisondabel.fr\/#website"},"primaryImageOfPage":{"@id":"https:\/\/www.lamaisondabel.fr\/index.php\/la-manufacture-royale-de-villeneuvette\/#primaryimage"},"image":{"@id":"https:\/\/www.lamaisondabel.fr\/index.php\/la-manufacture-royale-de-villeneuvette\/#primaryimage"},"thumbnailUrl":"http:\/\/www.lamaisondabel.fr\/wordpress_o\/wp-content\/uploads\/2019\/03\/region_manuf_1-300x163.jpg","datePublished":"2019-03-04T09:47:00+00:00","dateModified":"2019-03-06T14:33:07+00:00","breadcrumb":{"@id":"https:\/\/www.lamaisondabel.fr\/index.php\/la-manufacture-royale-de-villeneuvette\/#breadcrumb"},"inLanguage":"fr-FR","potentialAction":[{"@type":"ReadAction","target":["https:\/\/www.lamaisondabel.fr\/index.php\/la-manufacture-royale-de-villeneuvette\/"]}]},{"@type":"ImageObject","inLanguage":"fr-FR","@id":"https:\/\/www.lamaisondabel.fr\/index.php\/la-manufacture-royale-de-villeneuvette\/#primaryimage","url":"https:\/\/www.lamaisondabel.fr\/wp-content\/uploads\/2019\/03\/region_manuf_1.jpg","contentUrl":"https:\/\/www.lamaisondabel.fr\/wp-content\/uploads\/2019\/03\/region_manuf_1.jpg","width":460,"height":250},{"@type":"BreadcrumbList","@id":"https:\/\/www.lamaisondabel.fr\/index.php\/la-manufacture-royale-de-villeneuvette\/#breadcrumb","itemListElement":[{"@type":"ListItem","position":1,"name":"Accueil","item":"https:\/\/www.lamaisondabel.fr\/"},{"@type":"ListItem","position":2,"name":"La Manufacture Royale"}]},{"@type":"WebSite","@id":"https:\/\/www.lamaisondabel.fr\/#website","url":"https:\/\/www.lamaisondabel.fr\/","name":"La Maison d&#039;Abel","description":"Lac du Salagou - Maison en location saisonni\u00e8re - Ouvert toute l&#039;ann\u00e9e.","potentialAction":[{"@type":"SearchAction","target":{"@type":"EntryPoint","urlTemplate":"https:\/\/www.lamaisondabel.fr\/?s={search_term_string}"},"query-input":"required name=search_term_string"}],"inLanguage":"fr-FR"}]}},"_links":{"self":[{"href":"https:\/\/www.lamaisondabel.fr\/index.php\/wp-json\/wp\/v2\/pages\/184"}],"collection":[{"href":"https:\/\/www.lamaisondabel.fr\/index.php\/wp-json\/wp\/v2\/pages"}],"about":[{"href":"https:\/\/www.lamaisondabel.fr\/index.php\/wp-json\/wp\/v2\/types\/page"}],"author":[{"embeddable":true,"href":"https:\/\/www.lamaisondabel.fr\/index.php\/wp-json\/wp\/v2\/users\/1"}],"replies":[{"embeddable":true,"href":"https:\/\/www.lamaisondabel.fr\/index.php\/wp-json\/wp\/v2\/comments?post=184"}],"version-history":[{"count":6,"href":"https:\/\/www.lamaisondabel.fr\/index.php\/wp-json\/wp\/v2\/pages\/184\/revisions"}],"predecessor-version":[{"id":713,"href":"https:\/\/www.lamaisondabel.fr\/index.php\/wp-json\/wp\/v2\/pages\/184\/revisions\/713"}],"wp:attachment":[{"href":"https:\/\/www.lamaisondabel.fr\/index.php\/wp-json\/wp\/v2\/media?parent=184"}],"curies":[{"name":"wp","href":"https:\/\/api.w.org\/{rel}","templated":true}]}}