{"id":209,"date":"2019-03-04T09:54:22","date_gmt":"2019-03-04T09:54:22","guid":{"rendered":"http:\/\/www.lamaisondabel.fr\/wordpress_o\/?page_id=209"},"modified":"2024-09-03T18:29:39","modified_gmt":"2024-09-03T18:29:39","slug":"tarifs-et-disponibilites","status":"publish","type":"page","link":"https:\/\/www.lamaisondabel.fr\/index.php\/tarifs-et-disponibilites\/","title":{"rendered":"Disponibilit\u00e9s"},"content":{"rendered":"<p style=\"text-align: center;\">\u00a0<\/p>\n<h1 style=\"text-align: center;\">A partir de 80\u20ac la nuit\u00e9e<\/h1>\n<p style=\"text-align: center;\">Internet Fibre compris<\/p>\n<h6 style=\"text-align: center;\">\u00a0<\/h6>\n<p style=\"text-align: center;\"><em><span style=\"color: #000000;\">&#8211; Tarifs TTC\u00a0 sauf\u00a0 taxe de s\u00e9jour &#8211;<br \/>\n<\/span><\/em><\/p>\n<p style=\"text-align: center;\">Professionnels tarif pr\u00e9f\u00e9rentiel en semaine, paiement possible par virement, quittance remise.<\/p>\n<p style=\"text-align: center;\">\u00a0<\/p>\n<p>&nbsp;<\/p>\n","protected":false},"excerpt":{"rendered":"<p>\u00a0 A partir de 80\u20ac la nuit\u00e9e Internet Fibre compris \u00a0 &#8211; Tarifs TTC\u00a0 sauf\u00a0 taxe de s\u00e9jour &#8211; Professionnels tarif pr\u00e9f\u00e9rentiel en semaine, paiement possible par virement, quittance remise. \u00a0 &nbsp;<\/p>\n","protected":false},"author":1,"featured_media":0,"parent":0,"menu_order":0,"comment_status":"closed","ping_status":"closed","template":"","meta":{"footnotes":""},"wppr_data":{"cwp_meta_box_check":"No"},"yoast_head":"<!-- This site is optimized with the Yoast SEO plugin v22.8 - https:\/\/yoast.com\/wordpress\/plugins\/seo\/ -->\n<title>Disponibilit\u00e9s - La Maison d&#039;Abel<\/title>\n<meta name=\"robots\" content=\"index, follow, max-snippet:-1, max-image-preview:large, max-video-preview:-1\" \/>\n<link rel=\"canonical\" href=\"https:\/\/www.lamaisondabel.fr\/index.php\/tarifs-et-disponibilites\/\" \/>\n<meta property=\"og:locale\" content=\"fr_FR\" \/>\n<meta property=\"og:type\" content=\"article\" \/>\n<meta property=\"og:title\" content=\"Disponibilit\u00e9s - La Maison d&#039;Abel\" \/>\n<meta property=\"og:description\" content=\"\u00a0 A partir de 80\u20ac la nuit\u00e9e Internet Fibre compris \u00a0 &#8211; Tarifs TTC\u00a0 sauf\u00a0 taxe de s\u00e9jour &#8211; Professionnels tarif pr\u00e9f\u00e9rentiel en semaine, paiement possible par virement, quittance remise. \u00a0 &nbsp;\" \/>\n<meta property=\"og:url\" content=\"https:\/\/www.lamaisondabel.fr\/index.php\/tarifs-et-disponibilites\/\" \/>\n<meta property=\"og:site_name\" content=\"La Maison d&#039;Abel\" \/>\n<meta property=\"article:modified_time\" content=\"2024-09-03T18:29:39+00:00\" \/>\n<meta name=\"twitter:card\" content=\"summary_large_image\" \/>\n<meta name=\"twitter:label1\" content=\"Dur\u00e9e de lecture estim\u00e9e\" \/>\n\t<meta name=\"twitter:data1\" content=\"1 minute\" \/>\n<script type=\"application\/ld+json\" class=\"yoast-schema-graph\">{\"@context\":\"https:\/\/schema.org\",\"@graph\":[{\"@type\":\"WebPage\",\"@id\":\"https:\/\/www.lamaisondabel.fr\/index.php\/tarifs-et-disponibilites\/\",\"url\":\"https:\/\/www.lamaisondabel.fr\/index.php\/tarifs-et-disponibilites\/\",\"name\":\"Disponibilit\u00e9s - La Maison d&#039;Abel\",\"isPartOf\":{\"@id\":\"https:\/\/www.lamaisondabel.fr\/#website\"},\"datePublished\":\"2019-03-04T09:54:22+00:00\",\"dateModified\":\"2024-09-03T18:29:39+00:00\",\"breadcrumb\":{\"@id\":\"https:\/\/www.lamaisondabel.fr\/index.php\/tarifs-et-disponibilites\/#breadcrumb\"},\"inLanguage\":\"fr-FR\",\"potentialAction\":[{\"@type\":\"ReadAction\",\"target\":[\"https:\/\/www.lamaisondabel.fr\/index.php\/tarifs-et-disponibilites\/\"]}]},{\"@type\":\"BreadcrumbList\",\"@id\":\"https:\/\/www.lamaisondabel.fr\/index.php\/tarifs-et-disponibilites\/#breadcrumb\",\"itemListElement\":[{\"@type\":\"ListItem\",\"position\":1,\"name\":\"Accueil\",\"item\":\"https:\/\/www.lamaisondabel.fr\/\"},{\"@type\":\"ListItem\",\"position\":2,\"name\":\"Disponibilit\u00e9s\"}]},{\"@type\":\"WebSite\",\"@id\":\"https:\/\/www.lamaisondabel.fr\/#website\",\"url\":\"https:\/\/www.lamaisondabel.fr\/\",\"name\":\"La Maison d&#039;Abel\",\"description\":\"Lac du Salagou - Maison en location saisonni\u00e8re - Ouvert toute l&#039;ann\u00e9e.\",\"potentialAction\":[{\"@type\":\"SearchAction\",\"target\":{\"@type\":\"EntryPoint\",\"urlTemplate\":\"https:\/\/www.lamaisondabel.fr\/?s={search_term_string}\"},\"query-input\":\"required name=search_term_string\"}],\"inLanguage\":\"fr-FR\"}]}<\/script>\n<!-- \/ Yoast SEO plugin. -->","yoast_head_json":{"title":"Disponibilit\u00e9s - La Maison d&#039;Abel","robots":{"index":"index","follow":"follow","max-snippet":"max-snippet:-1","max-image-preview":"max-image-preview:large","max-video-preview":"max-video-preview:-1"},"canonical":"https:\/\/www.lamaisondabel.fr\/index.php\/tarifs-et-disponibilites\/","og_locale":"fr_FR","og_type":"article","og_title":"Disponibilit\u00e9s - La Maison d&#039;Abel","og_description":"\u00a0 A partir de 80\u20ac la nuit\u00e9e Internet Fibre compris \u00a0 &#8211; Tarifs TTC\u00a0 sauf\u00a0 taxe de s\u00e9jour &#8211; Professionnels tarif pr\u00e9f\u00e9rentiel en semaine, paiement possible par virement, quittance remise. \u00a0 &nbsp;","og_url":"https:\/\/www.lamaisondabel.fr\/index.php\/tarifs-et-disponibilites\/","og_site_name":"La Maison d&#039;Abel","article_modified_time":"2024-09-03T18:29:39+00:00","twitter_card":"summary_large_image","twitter_misc":{"Dur\u00e9e de lecture estim\u00e9e":"1 minute"},"schema":{"@context":"https:\/\/schema.org","@graph":[{"@type":"WebPage","@id":"https:\/\/www.lamaisondabel.fr\/index.php\/tarifs-et-disponibilites\/","url":"https:\/\/www.lamaisondabel.fr\/index.php\/tarifs-et-disponibilites\/","name":"Disponibilit\u00e9s - La Maison d&#039;Abel","isPartOf":{"@id":"https:\/\/www.lamaisondabel.fr\/#website"},"datePublished":"2019-03-04T09:54:22+00:00","dateModified":"2024-09-03T18:29:39+00:00","breadcrumb":{"@id":"https:\/\/www.lamaisondabel.fr\/index.php\/tarifs-et-disponibilites\/#breadcrumb"},"inLanguage":"fr-FR","potentialAction":[{"@type":"ReadAction","target":["https:\/\/www.lamaisondabel.fr\/index.php\/tarifs-et-disponibilites\/"]}]},{"@type":"BreadcrumbList","@id":"https:\/\/www.lamaisondabel.fr\/index.php\/tarifs-et-disponibilites\/#breadcrumb","itemListElement":[{"@type":"ListItem","position":1,"name":"Accueil","item":"https:\/\/www.lamaisondabel.fr\/"},{"@type":"ListItem","position":2,"name":"Disponibilit\u00e9s"}]},{"@type":"WebSite","@id":"https:\/\/www.lamaisondabel.fr\/#website","url":"https:\/\/www.lamaisondabel.fr\/","name":"La Maison d&#039;Abel","description":"Lac du Salagou - Maison en location saisonni\u00e8re - Ouvert toute l&#039;ann\u00e9e.","potentialAction":[{"@type":"SearchAction","target":{"@type":"EntryPoint","urlTemplate":"https:\/\/www.lamaisondabel.fr\/?s={search_term_string}"},"query-input":"required name=search_term_string"}],"inLanguage":"fr-FR"}]}},"_links":{"self":[{"href":"https:\/\/www.lamaisondabel.fr\/index.php\/wp-json\/wp\/v2\/pages\/209"}],"collection":[{"href":"https:\/\/www.lamaisondabel.fr\/index.php\/wp-json\/wp\/v2\/pages"}],"about":[{"href":"https:\/\/www.lamaisondabel.fr\/index.php\/wp-json\/wp\/v2\/types\/page"}],"author":[{"embeddable":true,"href":"https:\/\/www.lamaisondabel.fr\/index.php\/wp-json\/wp\/v2\/users\/1"}],"replies":[{"embeddable":true,"href":"https:\/\/www.lamaisondabel.fr\/index.php\/wp-json\/wp\/v2\/comments?post=209"}],"version-history":[{"count":45,"href":"https:\/\/www.lamaisondabel.fr\/index.php\/wp-json\/wp\/v2\/pages\/209\/revisions"}],"predecessor-version":[{"id":2213,"href":"https:\/\/www.lamaisondabel.fr\/index.php\/wp-json\/wp\/v2\/pages\/209\/revisions\/2213"}],"wp:attachment":[{"href":"https:\/\/www.lamaisondabel.fr\/index.php\/wp-json\/wp\/v2\/media?parent=209"}],"curies":[{"name":"wp","href":"https:\/\/api.w.org\/{rel}","templated":true}]}}

Disponibilités

<p style="text-align: center;"> </p>
<h1 style="text-align: center;">A partir de 80€ la nuitée</h1>
<p style="text-align: center;">Internet Fibre compris</p>
<h6 style="text-align: center;"> </h6>
<p style="text-align: center;"><em><span style="color: #000000;">&#8211; Tarifs TTC  sauf  taxe de séjour &#8211;<br />
</span></em></p>
<p style="text-align: center;">Professionnels tarif préférentiel en semaine, paiement possible par virement, quittance remise.</p>
<p style="text-align: center;"> </p>
<p>&nbsp;</p>

<p>  A partir de 80€ la nuitée Internet Fibre compris   &#8211; Tarifs TTC  sauf  taxe de séjour &#8211; Professionnels tarif préférentiel en semaine, paiement possible par virement, quittance remise.   &nbsp;</p>

<!-- This site is optimized with the Yoast SEO plugin v22.8 - https://yoast.com/wordpress/plugins/seo/ -->
<title>Disponibilités - La Maison d&#039;Abel</title>
<meta name="robots" content="index, follow, max-snippet:-1, max-image-preview:large, max-video-preview:-1" />
<link rel="canonical" href="https://www.lamaisondabel.fr/index.php/tarifs-et-disponibilites/" />
<meta property="og:locale" content="fr_FR" />
<meta property="og:type" content="article" />
<meta property="og:title" content="Disponibilités - La Maison d&#039;Abel" />
<meta property="og:description" content="  A partir de 80€ la nuitée Internet Fibre compris   &#8211; Tarifs TTC  sauf  taxe de séjour &#8211; Professionnels tarif préférentiel en semaine, paiement possible par virement, quittance remise.   &nbsp;" />
<meta property="og:url" content="https://www.lamaisondabel.fr/index.php/tarifs-et-disponibilites/" />
<meta property="og:site_name" content="La Maison d&#039;Abel" />
<meta property="article:modified_time" content="2024-09-03T18:29:39+00:00" />
<meta name="twitter:card" content="summary_large_image" />
<meta name="twitter:label1" content="Durée de lecture estimée" />
	<meta name="twitter:data1" content="1 minute" />
<script type="application/ld+json" class="yoast-schema-graph">{"@context":"https://schema.org","@graph":[{"@type":"WebPage","@id":"https://www.lamaisondabel.fr/index.php/tarifs-et-disponibilites/","url":"https://www.lamaisondabel.fr/index.php/tarifs-et-disponibilites/","name":"Disponibilités - La Maison d&#039;Abel","isPartOf":{"@id":"https://www.lamaisondabel.fr/#website"},"datePublished":"2019-03-04T09:54:22+00:00","dateModified":"2024-09-03T18:29:39+00:00","breadcrumb":{"@id":"https://www.lamaisondabel.fr/index.php/tarifs-et-disponibilites/#breadcrumb"},"inLanguage":"fr-FR","potentialAction":[{"@type":"ReadAction","target":["https://www.lamaisondabel.fr/index.php/tarifs-et-disponibilites/"]}]},{"@type":"BreadcrumbList","@id":"https://www.lamaisondabel.fr/index.php/tarifs-et-disponibilites/#breadcrumb","itemListElement":[{"@type":"ListItem","position":1,"name":"Accueil","item":"https://www.lamaisondabel.fr/"},{"@type":"ListItem","position":2,"name":"Disponibilités"}]},{"@type":"WebSite","@id":"https://www.lamaisondabel.fr/#website","url":"https://www.lamaisondabel.fr/","name":"La Maison d&#039;Abel","description":"Lac du Salagou - Maison en location saisonnière - Ouvert toute l&#039;année.","potentialAction":[{"@type":"SearchAction","target":{"@type":"EntryPoint","urlTemplate":"https://www.lamaisondabel.fr/?s={search_term_string}"},"query-input":"required name=search_term_string"}],"inLanguage":"fr-FR"}]}</script>
<!-- / Yoast SEO plugin. -->

Disponibilités - La Maison d&#039;Abel

A partir de 80€ la nuitée Internet Fibre compris   &#8211; Tarifs TTC  sauf  taxe de séjour &#8211; Professionnels tarif préférentiel en semaine, paiement possible par virement, quittance remise.   &nbsp;

Lac du Salagou - Maison en location saisonnière - Ouvert toute l&#039;année.
