{"id":326,"date":"2019-03-04T14:20:05","date_gmt":"2019-03-04T14:20:05","guid":{"rendered":"http:\/\/www.lamaisondabel.fr\/wordpress_o\/?page_id=326"},"modified":"2019-03-26T13:03:55","modified_gmt":"2019-03-26T13:03:55","slug":"les-clefs","status":"publish","type":"page","link":"https:\/\/www.lamaisondabel.fr\/index.php\/les-clefs\/","title":{"rendered":"Les clefs"},"content":{"rendered":"<p style=\"text-align: center;\"><\/p>\n<p style=\"text-align: center;\">Le jour de votre arriv\u00e9e deux trousseaux de clefs vous sont remis.<\/p>\n<p>&nbsp;<\/p>\n<p>&nbsp;<\/p>\n<p style=\"text-align: center;\"><img loading=\"lazy\" decoding=\"async\" class=\"aligncenter size-full wp-image-932\" src=\"http:\/\/www.lamaisondabel.fr\/wp-content\/uploads\/2019\/03\/clefs.jpg\" alt=\"\" width=\"276\" height=\"183\" srcset=\"https:\/\/www.lamaisondabel.fr\/wp-content\/uploads\/2019\/03\/clefs.jpg 276w, https:\/\/www.lamaisondabel.fr\/wp-content\/uploads\/2019\/03\/clefs-50x33.jpg 50w\" sizes=\"(max-width: 276px) 100vw, 276px\" \/><\/p>\n<p>&nbsp;<\/p>\n<p>&nbsp;<\/p>\n<h2>Un trousseau de clefs pour la maison<\/h2>\n<ul>\n<li>Une clef pour la porte d&#8217;entr\u00e9e principale serrure \u00a0BRICARD trois points<\/li>\n<li>Une clef pour le local \u00e0 v\u00e9lo (sous la terrasse nord)<\/li>\n<\/ul>\n<h2>\u00a0<\/h2>\n<h2>Un trousseau de clefs pour les coffres<\/h2>\n<ul>\n<li>Une clef pour le coffre<\/li>\n<li>2 clefs pour l&#8217;armoire coffre (2 serrures )<\/li>\n<li>1 clefs pour le petit coffre int\u00e9rieur de l&#8217;armoire coffre<\/li>\n<\/ul>\n<h2>\u00a0<\/h2>\n<h2>Perte &#8211; Restitution des clefs<\/h2>\n<ul>\n<li>Le trousseau de clef doit \u00eatre restitu\u00e9 le jour du d\u00e9part.<\/li>\n<li>Par mesure de s\u00e9curit\u00e9 la perte des clef implique le changement des serrures \u00a0dont la clef est perdue !<\/li>\n<\/ul>\n","protected":false},"excerpt":{"rendered":"<p>Le jour de votre arriv\u00e9e deux trousseaux de clefs vous sont remis. &nbsp; &nbsp; &nbsp; &nbsp; Un trousseau de clefs pour la maison Une clef pour la porte d&#8217;entr\u00e9e principale serrure \u00a0BRICARD trois points Une clef pour le local \u00e0 v\u00e9lo (sous la terrasse nord) \u00a0 Un trousseau de clefs pour les coffres Une clef [&hellip;]<\/p>\n","protected":false},"author":1,"featured_media":0,"parent":0,"menu_order":0,"comment_status":"closed","ping_status":"closed","template":"","meta":{"footnotes":""},"wppr_data":{"cwp_meta_box_check":"No"},"yoast_head":"<!-- This site is optimized with the Yoast SEO plugin v22.8 - https:\/\/yoast.com\/wordpress\/plugins\/seo\/ -->\n<title>Les clefs - La Maison d&#039;Abel<\/title>\n<meta name=\"robots\" content=\"index, follow, max-snippet:-1, max-image-preview:large, max-video-preview:-1\" \/>\n<link rel=\"canonical\" href=\"https:\/\/www.lamaisondabel.fr\/index.php\/les-clefs\/\" \/>\n<meta property=\"og:locale\" content=\"fr_FR\" \/>\n<meta property=\"og:type\" content=\"article\" \/>\n<meta property=\"og:title\" content=\"Les clefs - La Maison d&#039;Abel\" \/>\n<meta property=\"og:description\" content=\"Le jour de votre arriv\u00e9e deux trousseaux de clefs vous sont remis. &nbsp; &nbsp; &nbsp; &nbsp; Un trousseau de clefs pour la maison Une clef pour la porte d&#8217;entr\u00e9e principale serrure \u00a0BRICARD trois points Une clef pour le local \u00e0 v\u00e9lo (sous la terrasse nord) \u00a0 Un trousseau de clefs pour les coffres Une clef [&hellip;]\" \/>\n<meta property=\"og:url\" content=\"https:\/\/www.lamaisondabel.fr\/index.php\/les-clefs\/\" \/>\n<meta property=\"og:site_name\" content=\"La Maison d&#039;Abel\" \/>\n<meta property=\"article:modified_time\" content=\"2019-03-26T13:03:55+00:00\" \/>\n<meta property=\"og:image\" content=\"http:\/\/www.lamaisondabel.fr\/wp-content\/uploads\/2019\/03\/clefs.jpg\" \/>\n<meta name=\"twitter:card\" content=\"summary_large_image\" \/>\n<meta name=\"twitter:label1\" content=\"Dur\u00e9e de lecture estim\u00e9e\" \/>\n\t<meta name=\"twitter:data1\" content=\"1 minute\" \/>\n<script type=\"application\/ld+json\" class=\"yoast-schema-graph\">{\"@context\":\"https:\/\/schema.org\",\"@graph\":[{\"@type\":\"WebPage\",\"@id\":\"https:\/\/www.lamaisondabel.fr\/index.php\/les-clefs\/\",\"url\":\"https:\/\/www.lamaisondabel.fr\/index.php\/les-clefs\/\",\"name\":\"Les clefs - La Maison d&#039;Abel\",\"isPartOf\":{\"@id\":\"https:\/\/www.lamaisondabel.fr\/#website\"},\"primaryImageOfPage\":{\"@id\":\"https:\/\/www.lamaisondabel.fr\/index.php\/les-clefs\/#primaryimage\"},\"image\":{\"@id\":\"https:\/\/www.lamaisondabel.fr\/index.php\/les-clefs\/#primaryimage\"},\"thumbnailUrl\":\"http:\/\/www.lamaisondabel.fr\/wp-content\/uploads\/2019\/03\/clefs.jpg\",\"datePublished\":\"2019-03-04T14:20:05+00:00\",\"dateModified\":\"2019-03-26T13:03:55+00:00\",\"breadcrumb\":{\"@id\":\"https:\/\/www.lamaisondabel.fr\/index.php\/les-clefs\/#breadcrumb\"},\"inLanguage\":\"fr-FR\",\"potentialAction\":[{\"@type\":\"ReadAction\",\"target\":[\"https:\/\/www.lamaisondabel.fr\/index.php\/les-clefs\/\"]}]},{\"@type\":\"ImageObject\",\"inLanguage\":\"fr-FR\",\"@id\":\"https:\/\/www.lamaisondabel.fr\/index.php\/les-clefs\/#primaryimage\",\"url\":\"https:\/\/www.lamaisondabel.fr\/wp-content\/uploads\/2019\/03\/clefs.jpg\",\"contentUrl\":\"https:\/\/www.lamaisondabel.fr\/wp-content\/uploads\/2019\/03\/clefs.jpg\",\"width\":276,\"height\":183},{\"@type\":\"BreadcrumbList\",\"@id\":\"https:\/\/www.lamaisondabel.fr\/index.php\/les-clefs\/#breadcrumb\",\"itemListElement\":[{\"@type\":\"ListItem\",\"position\":1,\"name\":\"Accueil\",\"item\":\"https:\/\/www.lamaisondabel.fr\/\"},{\"@type\":\"ListItem\",\"position\":2,\"name\":\"Les clefs\"}]},{\"@type\":\"WebSite\",\"@id\":\"https:\/\/www.lamaisondabel.fr\/#website\",\"url\":\"https:\/\/www.lamaisondabel.fr\/\",\"name\":\"La Maison d&#039;Abel\",\"description\":\"Lac du Salagou - Maison en location saisonni\u00e8re - Ouvert toute l&#039;ann\u00e9e.\",\"potentialAction\":[{\"@type\":\"SearchAction\",\"target\":{\"@type\":\"EntryPoint\",\"urlTemplate\":\"https:\/\/www.lamaisondabel.fr\/?s={search_term_string}\"},\"query-input\":\"required name=search_term_string\"}],\"inLanguage\":\"fr-FR\"}]}<\/script>\n<!-- \/ Yoast SEO plugin. -->","yoast_head_json":{"title":"Les clefs - La Maison d&#039;Abel","robots":{"index":"index","follow":"follow","max-snippet":"max-snippet:-1","max-image-preview":"max-image-preview:large","max-video-preview":"max-video-preview:-1"},"canonical":"https:\/\/www.lamaisondabel.fr\/index.php\/les-clefs\/","og_locale":"fr_FR","og_type":"article","og_title":"Les clefs - La Maison d&#039;Abel","og_description":"Le jour de votre arriv\u00e9e deux trousseaux de clefs vous sont remis. &nbsp; &nbsp; &nbsp; &nbsp; Un trousseau de clefs pour la maison Une clef pour la porte d&#8217;entr\u00e9e principale serrure \u00a0BRICARD trois points Une clef pour le local \u00e0 v\u00e9lo (sous la terrasse nord) \u00a0 Un trousseau de clefs pour les coffres Une clef [&hellip;]","og_url":"https:\/\/www.lamaisondabel.fr\/index.php\/les-clefs\/","og_site_name":"La Maison d&#039;Abel","article_modified_time":"2019-03-26T13:03:55+00:00","og_image":[{"url":"http:\/\/www.lamaisondabel.fr\/wp-content\/uploads\/2019\/03\/clefs.jpg"}],"twitter_card":"summary_large_image","twitter_misc":{"Dur\u00e9e de lecture estim\u00e9e":"1 minute"},"schema":{"@context":"https:\/\/schema.org","@graph":[{"@type":"WebPage","@id":"https:\/\/www.lamaisondabel.fr\/index.php\/les-clefs\/","url":"https:\/\/www.lamaisondabel.fr\/index.php\/les-clefs\/","name":"Les clefs - La Maison d&#039;Abel","isPartOf":{"@id":"https:\/\/www.lamaisondabel.fr\/#website"},"primaryImageOfPage":{"@id":"https:\/\/www.lamaisondabel.fr\/index.php\/les-clefs\/#primaryimage"},"image":{"@id":"https:\/\/www.lamaisondabel.fr\/index.php\/les-clefs\/#primaryimage"},"thumbnailUrl":"http:\/\/www.lamaisondabel.fr\/wp-content\/uploads\/2019\/03\/clefs.jpg","datePublished":"2019-03-04T14:20:05+00:00","dateModified":"2019-03-26T13:03:55+00:00","breadcrumb":{"@id":"https:\/\/www.lamaisondabel.fr\/index.php\/les-clefs\/#breadcrumb"},"inLanguage":"fr-FR","potentialAction":[{"@type":"ReadAction","target":["https:\/\/www.lamaisondabel.fr\/index.php\/les-clefs\/"]}]},{"@type":"ImageObject","inLanguage":"fr-FR","@id":"https:\/\/www.lamaisondabel.fr\/index.php\/les-clefs\/#primaryimage","url":"https:\/\/www.lamaisondabel.fr\/wp-content\/uploads\/2019\/03\/clefs.jpg","contentUrl":"https:\/\/www.lamaisondabel.fr\/wp-content\/uploads\/2019\/03\/clefs.jpg","width":276,"height":183},{"@type":"BreadcrumbList","@id":"https:\/\/www.lamaisondabel.fr\/index.php\/les-clefs\/#breadcrumb","itemListElement":[{"@type":"ListItem","position":1,"name":"Accueil","item":"https:\/\/www.lamaisondabel.fr\/"},{"@type":"ListItem","position":2,"name":"Les clefs"}]},{"@type":"WebSite","@id":"https:\/\/www.lamaisondabel.fr\/#website","url":"https:\/\/www.lamaisondabel.fr\/","name":"La Maison d&#039;Abel","description":"Lac du Salagou - Maison en location saisonni\u00e8re - Ouvert toute l&#039;ann\u00e9e.","potentialAction":[{"@type":"SearchAction","target":{"@type":"EntryPoint","urlTemplate":"https:\/\/www.lamaisondabel.fr\/?s={search_term_string}"},"query-input":"required name=search_term_string"}],"inLanguage":"fr-FR"}]}},"_links":{"self":[{"href":"https:\/\/www.lamaisondabel.fr\/index.php\/wp-json\/wp\/v2\/pages\/326"}],"collection":[{"href":"https:\/\/www.lamaisondabel.fr\/index.php\/wp-json\/wp\/v2\/pages"}],"about":[{"href":"https:\/\/www.lamaisondabel.fr\/index.php\/wp-json\/wp\/v2\/types\/page"}],"author":[{"embeddable":true,"href":"https:\/\/www.lamaisondabel.fr\/index.php\/wp-json\/wp\/v2\/users\/1"}],"replies":[{"embeddable":true,"href":"https:\/\/www.lamaisondabel.fr\/index.php\/wp-json\/wp\/v2\/comments?post=326"}],"version-history":[{"count":9,"href":"https:\/\/www.lamaisondabel.fr\/index.php\/wp-json\/wp\/v2\/pages\/326\/revisions"}],"predecessor-version":[{"id":1556,"href":"https:\/\/www.lamaisondabel.fr\/index.php\/wp-json\/wp\/v2\/pages\/326\/revisions\/1556"}],"wp:attachment":[{"href":"https:\/\/www.lamaisondabel.fr\/index.php\/wp-json\/wp\/v2\/media?parent=326"}],"curies":[{"name":"wp","href":"https:\/\/api.w.org\/{rel}","templated":true}]}}

<p style="text-align: center;"></p>
<p style="text-align: center;">Le jour de votre arrivée deux trousseaux de clefs vous sont remis.</p>
<p>&nbsp;</p>
<p>&nbsp;</p>
<p style="text-align: center;"><img loading="lazy" decoding="async" class="aligncenter size-full wp-image-932" src="http://www.lamaisondabel.fr/wp-content/uploads/2019/03/clefs.jpg" alt="" width="276" height="183" srcset="https://www.lamaisondabel.fr/wp-content/uploads/2019/03/clefs.jpg 276w, https://www.lamaisondabel.fr/wp-content/uploads/2019/03/clefs-50x33.jpg 50w" sizes="(max-width: 276px) 100vw, 276px" /></p>
<p>&nbsp;</p>
<p>&nbsp;</p>
<h2>Un trousseau de clefs pour la maison</h2>
<ul>
<li>Une clef pour la porte d&#8217;entrée principale serrure  BRICARD trois points</li>
<li>Une clef pour le local à vélo (sous la terrasse nord)</li>
</ul>
<h2> </h2>
<h2>Un trousseau de clefs pour les coffres</h2>
<ul>
<li>Une clef pour le coffre</li>
<li>2 clefs pour l&#8217;armoire coffre (2 serrures )</li>
<li>1 clefs pour le petit coffre intérieur de l&#8217;armoire coffre</li>
</ul>
<h2> </h2>
<h2>Perte &#8211; Restitution des clefs</h2>
<ul>
<li>Le trousseau de clef doit être restitué le jour du départ.</li>
<li>Par mesure de sécurité la perte des clef implique le changement des serrures  dont la clef est perdue !</li>
</ul>

<p>Le jour de votre arrivée deux trousseaux de clefs vous sont remis. &nbsp; &nbsp; &nbsp; &nbsp; Un trousseau de clefs pour la maison Une clef pour la porte d&#8217;entrée principale serrure  BRICARD trois points Une clef pour le local à vélo (sous la terrasse nord)   Un trousseau de clefs pour les coffres Une clef [&hellip;]</p>

<!-- This site is optimized with the Yoast SEO plugin v22.8 - https://yoast.com/wordpress/plugins/seo/ -->
<title>Les clefs - La Maison d&#039;Abel</title>
<meta name="robots" content="index, follow, max-snippet:-1, max-image-preview:large, max-video-preview:-1" />
<link rel="canonical" href="https://www.lamaisondabel.fr/index.php/les-clefs/" />
<meta property="og:locale" content="fr_FR" />
<meta property="og:type" content="article" />
<meta property="og:title" content="Les clefs - La Maison d&#039;Abel" />
<meta property="og:description" content="Le jour de votre arrivée deux trousseaux de clefs vous sont remis. &nbsp; &nbsp; &nbsp; &nbsp; Un trousseau de clefs pour la maison Une clef pour la porte d&#8217;entrée principale serrure  BRICARD trois points Une clef pour le local à vélo (sous la terrasse nord)   Un trousseau de clefs pour les coffres Une clef [&hellip;]" />
<meta property="og:url" content="https://www.lamaisondabel.fr/index.php/les-clefs/" />
<meta property="og:site_name" content="La Maison d&#039;Abel" />
<meta property="article:modified_time" content="2019-03-26T13:03:55+00:00" />
<meta property="og:image" content="http://www.lamaisondabel.fr/wp-content/uploads/2019/03/clefs.jpg" />
<meta name="twitter:card" content="summary_large_image" />
<meta name="twitter:label1" content="Durée de lecture estimée" />
	<meta name="twitter:data1" content="1 minute" />
<script type="application/ld+json" class="yoast-schema-graph">{"@context":"https://schema.org","@graph":[{"@type":"WebPage","@id":"https://www.lamaisondabel.fr/index.php/les-clefs/","url":"https://www.lamaisondabel.fr/index.php/les-clefs/","name":"Les clefs - La Maison d&#039;Abel","isPartOf":{"@id":"https://www.lamaisondabel.fr/#website"},"primaryImageOfPage":{"@id":"https://www.lamaisondabel.fr/index.php/les-clefs/#primaryimage"},"image":{"@id":"https://www.lamaisondabel.fr/index.php/les-clefs/#primaryimage"},"thumbnailUrl":"http://www.lamaisondabel.fr/wp-content/uploads/2019/03/clefs.jpg","datePublished":"2019-03-04T14:20:05+00:00","dateModified":"2019-03-26T13:03:55+00:00","breadcrumb":{"@id":"https://www.lamaisondabel.fr/index.php/les-clefs/#breadcrumb"},"inLanguage":"fr-FR","potentialAction":[{"@type":"ReadAction","target":["https://www.lamaisondabel.fr/index.php/les-clefs/"]}]},{"@type":"ImageObject","inLanguage":"fr-FR","@id":"https://www.lamaisondabel.fr/index.php/les-clefs/#primaryimage","url":"https://www.lamaisondabel.fr/wp-content/uploads/2019/03/clefs.jpg","contentUrl":"https://www.lamaisondabel.fr/wp-content/uploads/2019/03/clefs.jpg","width":276,"height":183},{"@type":"BreadcrumbList","@id":"https://www.lamaisondabel.fr/index.php/les-clefs/#breadcrumb","itemListElement":[{"@type":"ListItem","position":1,"name":"Accueil","item":"https://www.lamaisondabel.fr/"},{"@type":"ListItem","position":2,"name":"Les clefs"}]},{"@type":"WebSite","@id":"https://www.lamaisondabel.fr/#website","url":"https://www.lamaisondabel.fr/","name":"La Maison d&#039;Abel","description":"Lac du Salagou - Maison en location saisonnière - Ouvert toute l&#039;année.","potentialAction":[{"@type":"SearchAction","target":{"@type":"EntryPoint","urlTemplate":"https://www.lamaisondabel.fr/?s={search_term_string}"},"query-input":"required name=search_term_string"}],"inLanguage":"fr-FR"}]}</script>
<!-- / Yoast SEO plugin. -->

Le jour de votre arrivée deux trousseaux de clefs vous sont remis. &nbsp; &nbsp; &nbsp; &nbsp; Un trousseau de clefs pour la maison Une clef pour la porte d&#8217;entrée principale serrure  BRICARD trois points Une clef pour le local à vélo (sous la terrasse nord)   Un trousseau de clefs pour les coffres Une clef [&hellip;]

Lac du Salagou - Maison en location saisonnière - Ouvert toute l&#039;année.
