{"id":426,"date":"2019-03-04T15:29:52","date_gmt":"2019-03-04T15:29:52","guid":{"rendered":"http:\/\/www.lamaisondabel.fr\/wordpress_o\/?page_id=426"},"modified":"2019-03-26T12:55:56","modified_gmt":"2019-03-26T12:55:56","slug":"la-vmc","status":"publish","type":"page","link":"https:\/\/www.lamaisondabel.fr\/index.php\/la-vmc\/","title":{"rendered":"La VMC"},"content":{"rendered":"<p style=\"text-align: center;\"><strong><\/strong><\/p>\n<p style=\"text-align: center;\"><img loading=\"lazy\" decoding=\"async\" class=\"aligncenter size-thumbnail wp-image-1385\" src=\"http:\/\/www.lamaisondabel.fr\/wp-content\/uploads\/2019\/03\/vmc-150x150.jpg\" alt=\"\" width=\"150\" height=\"150\" srcset=\"https:\/\/www.lamaisondabel.fr\/wp-content\/uploads\/2019\/03\/vmc-150x150.jpg 150w, https:\/\/www.lamaisondabel.fr\/wp-content\/uploads\/2019\/03\/vmc-50x50.jpg 50w, https:\/\/www.lamaisondabel.fr\/wp-content\/uploads\/2019\/03\/vmc.jpg 225w\" sizes=\"(max-width: 150px) 100vw, 150px\" \/><\/p>\n<ul>\n<li class=\"zfr3Q\" style=\"text-align: left;\">Deux bouches d&#8217;aspiration dans la cuisine (plafond)<\/li>\n<li class=\"zfr3Q\" style=\"text-align: left;\">Une dans le couloir central au dessus de la porte qui donne du couloir dans la cuisine.<\/li>\n<li class=\"zfr3Q\" style=\"text-align: left;\">Un interrupteur double vitesse est pr\u00e9sent dans le couloir au dessus de la porte.<\/li>\n<\/ul>\n<p>&nbsp;<\/p>\n<ul>\n<li>Salle de bain : ventilation automatique actionn\u00e9e avec l&#8217;\u00e9clairage.<\/li>\n<\/ul>\n","protected":false},"excerpt":{"rendered":"<p>Deux bouches d&#8217;aspiration dans la cuisine (plafond) Une dans le couloir central au dessus de la porte qui donne du couloir dans la cuisine. Un interrupteur double vitesse est pr\u00e9sent dans le couloir au dessus de la porte. &nbsp; Salle de bain : ventilation automatique actionn\u00e9e avec l&#8217;\u00e9clairage.<\/p>\n","protected":false},"author":1,"featured_media":0,"parent":0,"menu_order":0,"comment_status":"closed","ping_status":"closed","template":"","meta":{"footnotes":""},"wppr_data":{"cwp_meta_box_check":"No"},"yoast_head":"<!-- This site is optimized with the Yoast SEO plugin v22.8 - https:\/\/yoast.com\/wordpress\/plugins\/seo\/ -->\n<title>La VMC - La Maison d&#039;Abel<\/title>\n<meta name=\"robots\" content=\"index, follow, max-snippet:-1, max-image-preview:large, max-video-preview:-1\" \/>\n<link rel=\"canonical\" href=\"https:\/\/www.lamaisondabel.fr\/index.php\/la-vmc\/\" \/>\n<meta property=\"og:locale\" content=\"fr_FR\" \/>\n<meta property=\"og:type\" content=\"article\" \/>\n<meta property=\"og:title\" content=\"La VMC - La Maison d&#039;Abel\" \/>\n<meta property=\"og:description\" content=\"Deux bouches d&#8217;aspiration dans la cuisine (plafond) Une dans le couloir central au dessus de la porte qui donne du couloir dans la cuisine. Un interrupteur double vitesse est pr\u00e9sent dans le couloir au dessus de la porte. &nbsp; Salle de bain : ventilation automatique actionn\u00e9e avec l&#8217;\u00e9clairage.\" \/>\n<meta property=\"og:url\" content=\"https:\/\/www.lamaisondabel.fr\/index.php\/la-vmc\/\" \/>\n<meta property=\"og:site_name\" content=\"La Maison d&#039;Abel\" \/>\n<meta property=\"article:modified_time\" content=\"2019-03-26T12:55:56+00:00\" \/>\n<meta property=\"og:image\" content=\"http:\/\/www.lamaisondabel.fr\/wp-content\/uploads\/2019\/03\/vmc-150x150.jpg\" \/>\n<meta name=\"twitter:card\" content=\"summary_large_image\" \/>\n<script type=\"application\/ld+json\" class=\"yoast-schema-graph\">{\"@context\":\"https:\/\/schema.org\",\"@graph\":[{\"@type\":\"WebPage\",\"@id\":\"https:\/\/www.lamaisondabel.fr\/index.php\/la-vmc\/\",\"url\":\"https:\/\/www.lamaisondabel.fr\/index.php\/la-vmc\/\",\"name\":\"La VMC - La Maison d&#039;Abel\",\"isPartOf\":{\"@id\":\"https:\/\/www.lamaisondabel.fr\/#website\"},\"primaryImageOfPage\":{\"@id\":\"https:\/\/www.lamaisondabel.fr\/index.php\/la-vmc\/#primaryimage\"},\"image\":{\"@id\":\"https:\/\/www.lamaisondabel.fr\/index.php\/la-vmc\/#primaryimage\"},\"thumbnailUrl\":\"http:\/\/www.lamaisondabel.fr\/wp-content\/uploads\/2019\/03\/vmc-150x150.jpg\",\"datePublished\":\"2019-03-04T15:29:52+00:00\",\"dateModified\":\"2019-03-26T12:55:56+00:00\",\"breadcrumb\":{\"@id\":\"https:\/\/www.lamaisondabel.fr\/index.php\/la-vmc\/#breadcrumb\"},\"inLanguage\":\"fr-FR\",\"potentialAction\":[{\"@type\":\"ReadAction\",\"target\":[\"https:\/\/www.lamaisondabel.fr\/index.php\/la-vmc\/\"]}]},{\"@type\":\"ImageObject\",\"inLanguage\":\"fr-FR\",\"@id\":\"https:\/\/www.lamaisondabel.fr\/index.php\/la-vmc\/#primaryimage\",\"url\":\"https:\/\/www.lamaisondabel.fr\/wp-content\/uploads\/2019\/03\/vmc.jpg\",\"contentUrl\":\"https:\/\/www.lamaisondabel.fr\/wp-content\/uploads\/2019\/03\/vmc.jpg\",\"width\":225,\"height\":225},{\"@type\":\"BreadcrumbList\",\"@id\":\"https:\/\/www.lamaisondabel.fr\/index.php\/la-vmc\/#breadcrumb\",\"itemListElement\":[{\"@type\":\"ListItem\",\"position\":1,\"name\":\"Accueil\",\"item\":\"https:\/\/www.lamaisondabel.fr\/\"},{\"@type\":\"ListItem\",\"position\":2,\"name\":\"La VMC\"}]},{\"@type\":\"WebSite\",\"@id\":\"https:\/\/www.lamaisondabel.fr\/#website\",\"url\":\"https:\/\/www.lamaisondabel.fr\/\",\"name\":\"La Maison d&#039;Abel\",\"description\":\"Lac du Salagou - Maison en location saisonni\u00e8re - Ouvert toute l&#039;ann\u00e9e.\",\"potentialAction\":[{\"@type\":\"SearchAction\",\"target\":{\"@type\":\"EntryPoint\",\"urlTemplate\":\"https:\/\/www.lamaisondabel.fr\/?s={search_term_string}\"},\"query-input\":\"required name=search_term_string\"}],\"inLanguage\":\"fr-FR\"}]}<\/script>\n<!-- \/ Yoast SEO plugin. -->","yoast_head_json":{"title":"La VMC - La Maison d&#039;Abel","robots":{"index":"index","follow":"follow","max-snippet":"max-snippet:-1","max-image-preview":"max-image-preview:large","max-video-preview":"max-video-preview:-1"},"canonical":"https:\/\/www.lamaisondabel.fr\/index.php\/la-vmc\/","og_locale":"fr_FR","og_type":"article","og_title":"La VMC - La Maison d&#039;Abel","og_description":"Deux bouches d&#8217;aspiration dans la cuisine (plafond) Une dans le couloir central au dessus de la porte qui donne du couloir dans la cuisine. Un interrupteur double vitesse est pr\u00e9sent dans le couloir au dessus de la porte. &nbsp; Salle de bain : ventilation automatique actionn\u00e9e avec l&#8217;\u00e9clairage.","og_url":"https:\/\/www.lamaisondabel.fr\/index.php\/la-vmc\/","og_site_name":"La Maison d&#039;Abel","article_modified_time":"2019-03-26T12:55:56+00:00","og_image":[{"url":"http:\/\/www.lamaisondabel.fr\/wp-content\/uploads\/2019\/03\/vmc-150x150.jpg"}],"twitter_card":"summary_large_image","schema":{"@context":"https:\/\/schema.org","@graph":[{"@type":"WebPage","@id":"https:\/\/www.lamaisondabel.fr\/index.php\/la-vmc\/","url":"https:\/\/www.lamaisondabel.fr\/index.php\/la-vmc\/","name":"La VMC - La Maison d&#039;Abel","isPartOf":{"@id":"https:\/\/www.lamaisondabel.fr\/#website"},"primaryImageOfPage":{"@id":"https:\/\/www.lamaisondabel.fr\/index.php\/la-vmc\/#primaryimage"},"image":{"@id":"https:\/\/www.lamaisondabel.fr\/index.php\/la-vmc\/#primaryimage"},"thumbnailUrl":"http:\/\/www.lamaisondabel.fr\/wp-content\/uploads\/2019\/03\/vmc-150x150.jpg","datePublished":"2019-03-04T15:29:52+00:00","dateModified":"2019-03-26T12:55:56+00:00","breadcrumb":{"@id":"https:\/\/www.lamaisondabel.fr\/index.php\/la-vmc\/#breadcrumb"},"inLanguage":"fr-FR","potentialAction":[{"@type":"ReadAction","target":["https:\/\/www.lamaisondabel.fr\/index.php\/la-vmc\/"]}]},{"@type":"ImageObject","inLanguage":"fr-FR","@id":"https:\/\/www.lamaisondabel.fr\/index.php\/la-vmc\/#primaryimage","url":"https:\/\/www.lamaisondabel.fr\/wp-content\/uploads\/2019\/03\/vmc.jpg","contentUrl":"https:\/\/www.lamaisondabel.fr\/wp-content\/uploads\/2019\/03\/vmc.jpg","width":225,"height":225},{"@type":"BreadcrumbList","@id":"https:\/\/www.lamaisondabel.fr\/index.php\/la-vmc\/#breadcrumb","itemListElement":[{"@type":"ListItem","position":1,"name":"Accueil","item":"https:\/\/www.lamaisondabel.fr\/"},{"@type":"ListItem","position":2,"name":"La VMC"}]},{"@type":"WebSite","@id":"https:\/\/www.lamaisondabel.fr\/#website","url":"https:\/\/www.lamaisondabel.fr\/","name":"La Maison d&#039;Abel","description":"Lac du Salagou - Maison en location saisonni\u00e8re - Ouvert toute l&#039;ann\u00e9e.","potentialAction":[{"@type":"SearchAction","target":{"@type":"EntryPoint","urlTemplate":"https:\/\/www.lamaisondabel.fr\/?s={search_term_string}"},"query-input":"required name=search_term_string"}],"inLanguage":"fr-FR"}]}},"_links":{"self":[{"href":"https:\/\/www.lamaisondabel.fr\/index.php\/wp-json\/wp\/v2\/pages\/426"}],"collection":[{"href":"https:\/\/www.lamaisondabel.fr\/index.php\/wp-json\/wp\/v2\/pages"}],"about":[{"href":"https:\/\/www.lamaisondabel.fr\/index.php\/wp-json\/wp\/v2\/types\/page"}],"author":[{"embeddable":true,"href":"https:\/\/www.lamaisondabel.fr\/index.php\/wp-json\/wp\/v2\/users\/1"}],"replies":[{"embeddable":true,"href":"https:\/\/www.lamaisondabel.fr\/index.php\/wp-json\/wp\/v2\/comments?post=426"}],"version-history":[{"count":5,"href":"https:\/\/www.lamaisondabel.fr\/index.php\/wp-json\/wp\/v2\/pages\/426\/revisions"}],"predecessor-version":[{"id":1549,"href":"https:\/\/www.lamaisondabel.fr\/index.php\/wp-json\/wp\/v2\/pages\/426\/revisions\/1549"}],"wp:attachment":[{"href":"https:\/\/www.lamaisondabel.fr\/index.php\/wp-json\/wp\/v2\/media?parent=426"}],"curies":[{"name":"wp","href":"https:\/\/api.w.org\/{rel}","templated":true}]}}

<p style="text-align: center;"><strong></strong></p>
<p style="text-align: center;"><img loading="lazy" decoding="async" class="aligncenter size-thumbnail wp-image-1385" src="http://www.lamaisondabel.fr/wp-content/uploads/2019/03/vmc-150x150.jpg" alt="" width="150" height="150" srcset="https://www.lamaisondabel.fr/wp-content/uploads/2019/03/vmc-150x150.jpg 150w, https://www.lamaisondabel.fr/wp-content/uploads/2019/03/vmc-50x50.jpg 50w, https://www.lamaisondabel.fr/wp-content/uploads/2019/03/vmc.jpg 225w" sizes="(max-width: 150px) 100vw, 150px" /></p>
<ul>
<li class="zfr3Q" style="text-align: left;">Deux bouches d&#8217;aspiration dans la cuisine (plafond)</li>
<li class="zfr3Q" style="text-align: left;">Une dans le couloir central au dessus de la porte qui donne du couloir dans la cuisine.</li>
<li class="zfr3Q" style="text-align: left;">Un interrupteur double vitesse est présent dans le couloir au dessus de la porte.</li>
</ul>
<p>&nbsp;</p>
<ul>
<li>Salle de bain : ventilation automatique actionnée avec l&#8217;éclairage.</li>
</ul>

<p>Deux bouches d&#8217;aspiration dans la cuisine (plafond) Une dans le couloir central au dessus de la porte qui donne du couloir dans la cuisine. Un interrupteur double vitesse est présent dans le couloir au dessus de la porte. &nbsp; Salle de bain : ventilation automatique actionnée avec l&#8217;éclairage.</p>

<!-- This site is optimized with the Yoast SEO plugin v22.8 - https://yoast.com/wordpress/plugins/seo/ -->
<title>La VMC - La Maison d&#039;Abel</title>
<meta name="robots" content="index, follow, max-snippet:-1, max-image-preview:large, max-video-preview:-1" />
<link rel="canonical" href="https://www.lamaisondabel.fr/index.php/la-vmc/" />
<meta property="og:locale" content="fr_FR" />
<meta property="og:type" content="article" />
<meta property="og:title" content="La VMC - La Maison d&#039;Abel" />
<meta property="og:description" content="Deux bouches d&#8217;aspiration dans la cuisine (plafond) Une dans le couloir central au dessus de la porte qui donne du couloir dans la cuisine. Un interrupteur double vitesse est présent dans le couloir au dessus de la porte. &nbsp; Salle de bain : ventilation automatique actionnée avec l&#8217;éclairage." />
<meta property="og:url" content="https://www.lamaisondabel.fr/index.php/la-vmc/" />
<meta property="og:site_name" content="La Maison d&#039;Abel" />
<meta property="article:modified_time" content="2019-03-26T12:55:56+00:00" />
<meta property="og:image" content="http://www.lamaisondabel.fr/wp-content/uploads/2019/03/vmc-150x150.jpg" />
<meta name="twitter:card" content="summary_large_image" />
<script type="application/ld+json" class="yoast-schema-graph">{"@context":"https://schema.org","@graph":[{"@type":"WebPage","@id":"https://www.lamaisondabel.fr/index.php/la-vmc/","url":"https://www.lamaisondabel.fr/index.php/la-vmc/","name":"La VMC - La Maison d&#039;Abel","isPartOf":{"@id":"https://www.lamaisondabel.fr/#website"},"primaryImageOfPage":{"@id":"https://www.lamaisondabel.fr/index.php/la-vmc/#primaryimage"},"image":{"@id":"https://www.lamaisondabel.fr/index.php/la-vmc/#primaryimage"},"thumbnailUrl":"http://www.lamaisondabel.fr/wp-content/uploads/2019/03/vmc-150x150.jpg","datePublished":"2019-03-04T15:29:52+00:00","dateModified":"2019-03-26T12:55:56+00:00","breadcrumb":{"@id":"https://www.lamaisondabel.fr/index.php/la-vmc/#breadcrumb"},"inLanguage":"fr-FR","potentialAction":[{"@type":"ReadAction","target":["https://www.lamaisondabel.fr/index.php/la-vmc/"]}]},{"@type":"ImageObject","inLanguage":"fr-FR","@id":"https://www.lamaisondabel.fr/index.php/la-vmc/#primaryimage","url":"https://www.lamaisondabel.fr/wp-content/uploads/2019/03/vmc.jpg","contentUrl":"https://www.lamaisondabel.fr/wp-content/uploads/2019/03/vmc.jpg","width":225,"height":225},{"@type":"BreadcrumbList","@id":"https://www.lamaisondabel.fr/index.php/la-vmc/#breadcrumb","itemListElement":[{"@type":"ListItem","position":1,"name":"Accueil","item":"https://www.lamaisondabel.fr/"},{"@type":"ListItem","position":2,"name":"La VMC"}]},{"@type":"WebSite","@id":"https://www.lamaisondabel.fr/#website","url":"https://www.lamaisondabel.fr/","name":"La Maison d&#039;Abel","description":"Lac du Salagou - Maison en location saisonnière - Ouvert toute l&#039;année.","potentialAction":[{"@type":"SearchAction","target":{"@type":"EntryPoint","urlTemplate":"https://www.lamaisondabel.fr/?s={search_term_string}"},"query-input":"required name=search_term_string"}],"inLanguage":"fr-FR"}]}</script>
<!-- / Yoast SEO plugin. -->

Deux bouches d&#8217;aspiration dans la cuisine (plafond) Une dans le couloir central au dessus de la porte qui donne du couloir dans la cuisine. Un interrupteur double vitesse est présent dans le couloir au dessus de la porte. &nbsp; Salle de bain : ventilation automatique actionnée avec l&#8217;éclairage.

Lac du Salagou - Maison en location saisonnière - Ouvert toute l&#039;année.
