{"id":644,"date":"2019-03-06T12:43:05","date_gmt":"2019-03-06T12:43:05","guid":{"rendered":"http:\/\/www.lamaisondabel.fr\/wordpress_o\/?page_id=644"},"modified":"2019-03-07T12:42:57","modified_gmt":"2019-03-07T12:42:57","slug":"demande-de-devis","status":"publish","type":"page","link":"https:\/\/www.lamaisondabel.fr\/index.php\/demande-de-devis\/","title":{"rendered":""},"content":{"rendered":"<p style=\"text-align: center;\"><img loading=\"lazy\" decoding=\"async\" class=\"aligncenter wp-image-648\" src=\"http:\/\/www.lamaisondabel.fr\/wordpress_o\/wp-content\/uploads\/2019\/03\/devis-300x199.jpg\" alt=\"\" width=\"76\" height=\"51\" srcset=\"https:\/\/www.lamaisondabel.fr\/wp-content\/uploads\/2019\/03\/devis-300x199.jpg 300w, https:\/\/www.lamaisondabel.fr\/wp-content\/uploads\/2019\/03\/devis-50x33.jpg 50w, https:\/\/www.lamaisondabel.fr\/wp-content\/uploads\/2019\/03\/devis.jpg 555w\" sizes=\"(max-width: 76px) 100vw, 76px\" \/>Les tarifs sont diff\u00e9rents en fonctions de l&#8217;\u00e9poque de l&#8217;ann\u00e9e et de l&#8217;actualit\u00e9. C&#8217;est pourquoi nous vous proposons un devis qui ne vous engage en rien pour une p\u00e9riode consid\u00e9r\u00e9e. Un contrat de location sera r\u00e9dig\u00e9 et transmis par voie postale si vous acceptez la r\u00e9servation.<\/p>\n<p style=\"text-align: center;\">En r\u00e9servant directement vous pouvez \u00e9conomiser de 10 \u00e0 15 % des prix affich\u00e9s sur les sites partenaires tels que ABRITEL, BOOKING, AIRBNB &#8211; soit la commission que vous payez pour la mise en relation. Toutefois vous pouvez passer directement par les prestataires sans aucun probl\u00e8me.<\/p>\n<p style=\"text-align: center;\"><span style=\"color: #ff0000;\">Cette maison est en location saisonni\u00e8re sans discontinuer depuis 2006<\/span><\/p>\n<p style=\"text-align: center;\"><p class=\"wpcf7-contact-form-not-found\"><strong>Erreur\u00a0:<\/strong> Formulaire de contact non trouv\u00e9\u00a0!<\/p><\/p>\n","protected":false},"excerpt":{"rendered":"<p>Les tarifs sont diff\u00e9rents en fonctions de l&#8217;\u00e9poque de l&#8217;ann\u00e9e et de l&#8217;actualit\u00e9. C&#8217;est pourquoi nous vous proposons un devis qui ne vous engage en rien pour une p\u00e9riode consid\u00e9r\u00e9e. Un contrat de location sera r\u00e9dig\u00e9 et transmis par voie postale si vous acceptez la r\u00e9servation. En r\u00e9servant directement vous pouvez \u00e9conomiser de 10 \u00e0 [&hellip;]<\/p>\n","protected":false},"author":1,"featured_media":0,"parent":0,"menu_order":0,"comment_status":"closed","ping_status":"closed","template":"","meta":{"footnotes":""},"wppr_data":{"cwp_meta_box_check":"No"},"yoast_head":"<!-- This site is optimized with the Yoast SEO plugin v22.8 - https:\/\/yoast.com\/wordpress\/plugins\/seo\/ -->\n<title>- La Maison d&#039;Abel<\/title>\n<meta name=\"robots\" content=\"index, follow, max-snippet:-1, max-image-preview:large, max-video-preview:-1\" \/>\n<link rel=\"canonical\" href=\"https:\/\/www.lamaisondabel.fr\/index.php\/demande-de-devis\/\" \/>\n<meta property=\"og:locale\" content=\"fr_FR\" \/>\n<meta property=\"og:type\" content=\"article\" \/>\n<meta property=\"og:title\" content=\"- La Maison d&#039;Abel\" \/>\n<meta property=\"og:description\" content=\"Les tarifs sont diff\u00e9rents en fonctions de l&#8217;\u00e9poque de l&#8217;ann\u00e9e et de l&#8217;actualit\u00e9. C&#8217;est pourquoi nous vous proposons un devis qui ne vous engage en rien pour une p\u00e9riode consid\u00e9r\u00e9e. Un contrat de location sera r\u00e9dig\u00e9 et transmis par voie postale si vous acceptez la r\u00e9servation. En r\u00e9servant directement vous pouvez \u00e9conomiser de 10 \u00e0 [&hellip;]\" \/>\n<meta property=\"og:url\" content=\"https:\/\/www.lamaisondabel.fr\/index.php\/demande-de-devis\/\" \/>\n<meta property=\"og:site_name\" content=\"La Maison d&#039;Abel\" \/>\n<meta property=\"article:modified_time\" content=\"2019-03-07T12:42:57+00:00\" \/>\n<meta property=\"og:image\" content=\"http:\/\/www.lamaisondabel.fr\/wordpress_o\/wp-content\/uploads\/2019\/03\/devis-300x199.jpg\" \/>\n<meta name=\"twitter:card\" content=\"summary_large_image\" \/>\n<meta name=\"twitter:label1\" content=\"Dur\u00e9e de lecture estim\u00e9e\" \/>\n\t<meta name=\"twitter:data1\" content=\"1 minute\" \/>\n<script type=\"application\/ld+json\" class=\"yoast-schema-graph\">{\"@context\":\"https:\/\/schema.org\",\"@graph\":[{\"@type\":\"WebPage\",\"@id\":\"https:\/\/www.lamaisondabel.fr\/index.php\/demande-de-devis\/\",\"url\":\"https:\/\/www.lamaisondabel.fr\/index.php\/demande-de-devis\/\",\"name\":\"- La Maison d&#039;Abel\",\"isPartOf\":{\"@id\":\"https:\/\/www.lamaisondabel.fr\/#website\"},\"primaryImageOfPage\":{\"@id\":\"https:\/\/www.lamaisondabel.fr\/index.php\/demande-de-devis\/#primaryimage\"},\"image\":{\"@id\":\"https:\/\/www.lamaisondabel.fr\/index.php\/demande-de-devis\/#primaryimage\"},\"thumbnailUrl\":\"http:\/\/www.lamaisondabel.fr\/wordpress_o\/wp-content\/uploads\/2019\/03\/devis-300x199.jpg\",\"datePublished\":\"2019-03-06T12:43:05+00:00\",\"dateModified\":\"2019-03-07T12:42:57+00:00\",\"inLanguage\":\"fr-FR\",\"potentialAction\":[{\"@type\":\"ReadAction\",\"target\":[\"https:\/\/www.lamaisondabel.fr\/index.php\/demande-de-devis\/\"]}]},{\"@type\":\"ImageObject\",\"inLanguage\":\"fr-FR\",\"@id\":\"https:\/\/www.lamaisondabel.fr\/index.php\/demande-de-devis\/#primaryimage\",\"url\":\"https:\/\/www.lamaisondabel.fr\/wp-content\/uploads\/2019\/03\/devis.jpg\",\"contentUrl\":\"https:\/\/www.lamaisondabel.fr\/wp-content\/uploads\/2019\/03\/devis.jpg\",\"width\":555,\"height\":369},{\"@type\":\"WebSite\",\"@id\":\"https:\/\/www.lamaisondabel.fr\/#website\",\"url\":\"https:\/\/www.lamaisondabel.fr\/\",\"name\":\"La Maison d&#039;Abel\",\"description\":\"Lac du Salagou - Maison en location saisonni\u00e8re - Ouvert toute l&#039;ann\u00e9e.\",\"potentialAction\":[{\"@type\":\"SearchAction\",\"target\":{\"@type\":\"EntryPoint\",\"urlTemplate\":\"https:\/\/www.lamaisondabel.fr\/?s={search_term_string}\"},\"query-input\":\"required name=search_term_string\"}],\"inLanguage\":\"fr-FR\"}]}<\/script>\n<!-- \/ Yoast SEO plugin. -->","yoast_head_json":{"title":"- La Maison d&#039;Abel","robots":{"index":"index","follow":"follow","max-snippet":"max-snippet:-1","max-image-preview":"max-image-preview:large","max-video-preview":"max-video-preview:-1"},"canonical":"https:\/\/www.lamaisondabel.fr\/index.php\/demande-de-devis\/","og_locale":"fr_FR","og_type":"article","og_title":"- La Maison d&#039;Abel","og_description":"Les tarifs sont diff\u00e9rents en fonctions de l&#8217;\u00e9poque de l&#8217;ann\u00e9e et de l&#8217;actualit\u00e9. C&#8217;est pourquoi nous vous proposons un devis qui ne vous engage en rien pour une p\u00e9riode consid\u00e9r\u00e9e. Un contrat de location sera r\u00e9dig\u00e9 et transmis par voie postale si vous acceptez la r\u00e9servation. En r\u00e9servant directement vous pouvez \u00e9conomiser de 10 \u00e0 [&hellip;]","og_url":"https:\/\/www.lamaisondabel.fr\/index.php\/demande-de-devis\/","og_site_name":"La Maison d&#039;Abel","article_modified_time":"2019-03-07T12:42:57+00:00","og_image":[{"url":"http:\/\/www.lamaisondabel.fr\/wordpress_o\/wp-content\/uploads\/2019\/03\/devis-300x199.jpg"}],"twitter_card":"summary_large_image","twitter_misc":{"Dur\u00e9e de lecture estim\u00e9e":"1 minute"},"schema":{"@context":"https:\/\/schema.org","@graph":[{"@type":"WebPage","@id":"https:\/\/www.lamaisondabel.fr\/index.php\/demande-de-devis\/","url":"https:\/\/www.lamaisondabel.fr\/index.php\/demande-de-devis\/","name":"- La Maison d&#039;Abel","isPartOf":{"@id":"https:\/\/www.lamaisondabel.fr\/#website"},"primaryImageOfPage":{"@id":"https:\/\/www.lamaisondabel.fr\/index.php\/demande-de-devis\/#primaryimage"},"image":{"@id":"https:\/\/www.lamaisondabel.fr\/index.php\/demande-de-devis\/#primaryimage"},"thumbnailUrl":"http:\/\/www.lamaisondabel.fr\/wordpress_o\/wp-content\/uploads\/2019\/03\/devis-300x199.jpg","datePublished":"2019-03-06T12:43:05+00:00","dateModified":"2019-03-07T12:42:57+00:00","inLanguage":"fr-FR","potentialAction":[{"@type":"ReadAction","target":["https:\/\/www.lamaisondabel.fr\/index.php\/demande-de-devis\/"]}]},{"@type":"ImageObject","inLanguage":"fr-FR","@id":"https:\/\/www.lamaisondabel.fr\/index.php\/demande-de-devis\/#primaryimage","url":"https:\/\/www.lamaisondabel.fr\/wp-content\/uploads\/2019\/03\/devis.jpg","contentUrl":"https:\/\/www.lamaisondabel.fr\/wp-content\/uploads\/2019\/03\/devis.jpg","width":555,"height":369},{"@type":"WebSite","@id":"https:\/\/www.lamaisondabel.fr\/#website","url":"https:\/\/www.lamaisondabel.fr\/","name":"La Maison d&#039;Abel","description":"Lac du Salagou - Maison en location saisonni\u00e8re - Ouvert toute l&#039;ann\u00e9e.","potentialAction":[{"@type":"SearchAction","target":{"@type":"EntryPoint","urlTemplate":"https:\/\/www.lamaisondabel.fr\/?s={search_term_string}"},"query-input":"required name=search_term_string"}],"inLanguage":"fr-FR"}]}},"_links":{"self":[{"href":"https:\/\/www.lamaisondabel.fr\/index.php\/wp-json\/wp\/v2\/pages\/644"}],"collection":[{"href":"https:\/\/www.lamaisondabel.fr\/index.php\/wp-json\/wp\/v2\/pages"}],"about":[{"href":"https:\/\/www.lamaisondabel.fr\/index.php\/wp-json\/wp\/v2\/types\/page"}],"author":[{"embeddable":true,"href":"https:\/\/www.lamaisondabel.fr\/index.php\/wp-json\/wp\/v2\/users\/1"}],"replies":[{"embeddable":true,"href":"https:\/\/www.lamaisondabel.fr\/index.php\/wp-json\/wp\/v2\/comments?post=644"}],"version-history":[{"count":7,"href":"https:\/\/www.lamaisondabel.fr\/index.php\/wp-json\/wp\/v2\/pages\/644\/revisions"}],"predecessor-version":[{"id":860,"href":"https:\/\/www.lamaisondabel.fr\/index.php\/wp-json\/wp\/v2\/pages\/644\/revisions\/860"}],"wp:attachment":[{"href":"https:\/\/www.lamaisondabel.fr\/index.php\/wp-json\/wp\/v2\/media?parent=644"}],"curies":[{"name":"wp","href":"https:\/\/api.w.org\/{rel}","templated":true}]}}

<p style="text-align: center;"><img loading="lazy" decoding="async" class="aligncenter wp-image-648" src="http://www.lamaisondabel.fr/wordpress_o/wp-content/uploads/2019/03/devis-300x199.jpg" alt="" width="76" height="51" srcset="https://www.lamaisondabel.fr/wp-content/uploads/2019/03/devis-300x199.jpg 300w, https://www.lamaisondabel.fr/wp-content/uploads/2019/03/devis-50x33.jpg 50w, https://www.lamaisondabel.fr/wp-content/uploads/2019/03/devis.jpg 555w" sizes="(max-width: 76px) 100vw, 76px" />Les tarifs sont différents en fonctions de l&#8217;époque de l&#8217;année et de l&#8217;actualité. C&#8217;est pourquoi nous vous proposons un devis qui ne vous engage en rien pour une période considérée. Un contrat de location sera rédigé et transmis par voie postale si vous acceptez la réservation.</p>
<p style="text-align: center;">En réservant directement vous pouvez économiser de 10 à 15 % des prix affichés sur les sites partenaires tels que ABRITEL, BOOKING, AIRBNB &#8211; soit la commission que vous payez pour la mise en relation. Toutefois vous pouvez passer directement par les prestataires sans aucun problème.</p>
<p style="text-align: center;"><span style="color: #ff0000;">Cette maison est en location saisonnière sans discontinuer depuis 2006</span></p>
<p style="text-align: center;"><p class="wpcf7-contact-form-not-found"><strong>Erreur :</strong> Formulaire de contact non trouvé !</p></p>

<p>Les tarifs sont différents en fonctions de l&#8217;époque de l&#8217;année et de l&#8217;actualité. C&#8217;est pourquoi nous vous proposons un devis qui ne vous engage en rien pour une période considérée. Un contrat de location sera rédigé et transmis par voie postale si vous acceptez la réservation. En réservant directement vous pouvez économiser de 10 à [&hellip;]</p>

<!-- This site is optimized with the Yoast SEO plugin v22.8 - https://yoast.com/wordpress/plugins/seo/ -->
<title>- La Maison d&#039;Abel</title>
<meta name="robots" content="index, follow, max-snippet:-1, max-image-preview:large, max-video-preview:-1" />
<link rel="canonical" href="https://www.lamaisondabel.fr/index.php/demande-de-devis/" />
<meta property="og:locale" content="fr_FR" />
<meta property="og:type" content="article" />
<meta property="og:title" content="- La Maison d&#039;Abel" />
<meta property="og:description" content="Les tarifs sont différents en fonctions de l&#8217;époque de l&#8217;année et de l&#8217;actualité. C&#8217;est pourquoi nous vous proposons un devis qui ne vous engage en rien pour une période considérée. Un contrat de location sera rédigé et transmis par voie postale si vous acceptez la réservation. En réservant directement vous pouvez économiser de 10 à [&hellip;]" />
<meta property="og:url" content="https://www.lamaisondabel.fr/index.php/demande-de-devis/" />
<meta property="og:site_name" content="La Maison d&#039;Abel" />
<meta property="article:modified_time" content="2019-03-07T12:42:57+00:00" />
<meta property="og:image" content="http://www.lamaisondabel.fr/wordpress_o/wp-content/uploads/2019/03/devis-300x199.jpg" />
<meta name="twitter:card" content="summary_large_image" />
<meta name="twitter:label1" content="Durée de lecture estimée" />
	<meta name="twitter:data1" content="1 minute" />
<script type="application/ld+json" class="yoast-schema-graph">{"@context":"https://schema.org","@graph":[{"@type":"WebPage","@id":"https://www.lamaisondabel.fr/index.php/demande-de-devis/","url":"https://www.lamaisondabel.fr/index.php/demande-de-devis/","name":"- La Maison d&#039;Abel","isPartOf":{"@id":"https://www.lamaisondabel.fr/#website"},"primaryImageOfPage":{"@id":"https://www.lamaisondabel.fr/index.php/demande-de-devis/#primaryimage"},"image":{"@id":"https://www.lamaisondabel.fr/index.php/demande-de-devis/#primaryimage"},"thumbnailUrl":"http://www.lamaisondabel.fr/wordpress_o/wp-content/uploads/2019/03/devis-300x199.jpg","datePublished":"2019-03-06T12:43:05+00:00","dateModified":"2019-03-07T12:42:57+00:00","inLanguage":"fr-FR","potentialAction":[{"@type":"ReadAction","target":["https://www.lamaisondabel.fr/index.php/demande-de-devis/"]}]},{"@type":"ImageObject","inLanguage":"fr-FR","@id":"https://www.lamaisondabel.fr/index.php/demande-de-devis/#primaryimage","url":"https://www.lamaisondabel.fr/wp-content/uploads/2019/03/devis.jpg","contentUrl":"https://www.lamaisondabel.fr/wp-content/uploads/2019/03/devis.jpg","width":555,"height":369},{"@type":"WebSite","@id":"https://www.lamaisondabel.fr/#website","url":"https://www.lamaisondabel.fr/","name":"La Maison d&#039;Abel","description":"Lac du Salagou - Maison en location saisonnière - Ouvert toute l&#039;année.","potentialAction":[{"@type":"SearchAction","target":{"@type":"EntryPoint","urlTemplate":"https://www.lamaisondabel.fr/?s={search_term_string}"},"query-input":"required name=search_term_string"}],"inLanguage":"fr-FR"}]}</script>
<!-- / Yoast SEO plugin. -->

Les tarifs sont différents en fonctions de l&#8217;époque de l&#8217;année et de l&#8217;actualité. C&#8217;est pourquoi nous vous proposons un devis qui ne vous engage en rien pour une période considérée. Un contrat de location sera rédigé et transmis par voie postale si vous acceptez la réservation. En réservant directement vous pouvez économiser de 10 à [&hellip;]

Lac du Salagou - Maison en location saisonnière - Ouvert toute l&#039;année.
