{"id":862,"date":"2019-03-07T12:46:25","date_gmt":"2019-03-07T12:46:25","guid":{"rendered":"http:\/\/www.lamaisondabel.fr\/?page_id=862"},"modified":"2022-09-18T08:51:12","modified_gmt":"2022-09-18T08:51:12","slug":"forfait-menage","status":"publish","type":"page","link":"https:\/\/www.lamaisondabel.fr\/index.php\/forfait-menage\/","title":{"rendered":""},"content":{"rendered":"<section id=\"h.p_tRSUP0G58WgK\" class=\"yaqOZd\">\n<div class=\"mYVXT\">\n<div class=\"LS81yb VICjCf\" tabindex=\"-1\">\n<div class=\"hJDwNd-AhqUyc-uQSCkd purZT-AhqUyc-II5mzb pSzOP-AhqUyc-qWD73c JNdkSc\">\n<div class=\"oKdM2c\">\n<div id=\"h.p_x6sJYpAy8WgD\" class=\"hJDwNd-AhqUyc-uQSCkd jXK9ad D2fZ2 OjCsFc wHaque GNzUNc\">\n<div class=\"jXK9ad-SmKAyb jXK9ad-SmKAyb-c4YZDc\">\n<div class=\"tyJCtd mGzaTb baZpAe\">\n<p id=\"h.p_p5iVKJTe8WgH\" class=\"zfr3Q\" style=\"text-align: center;\"><strong>Le locataire doit laisser la maison dans l&#8217;\u00e9tat o\u00f9 il l&#8217;a trouv\u00e9e !<\/strong><\/p>\n<div class=\"PwMt2d\" style=\"text-align: center;\">\n<div class=\"a4qjWd EKJj3b\">\n<div class=\"U26fgb mUbCce fKz7Od LRAOtb JrP5Kb\" role=\"presentation\" aria-describedby=\"h.p_rH0VZ_16WwFg\" aria-label=\"Copier le lien du titre\" aria-disabled=\"false\" data-tooltip=\"Copier le lien du titre\" aria-hidden=\"true\" data-tooltip-position=\"top\" data-tooltip-vertical-offset=\"12\" data-tooltip-horizontal-offset=\"0\">\n<div class=\"VTBa7b MbhUzd\"><img loading=\"lazy\" decoding=\"async\" class=\"aligncenter size-full wp-image-755\" src=\"http:\/\/www.lamaisondabel.fr\/wp-content\/uploads\/2019\/03\/nettoyage_2.png\" alt=\"\" width=\"225\" height=\"225\" srcset=\"https:\/\/www.lamaisondabel.fr\/wp-content\/uploads\/2019\/03\/nettoyage_2.png 225w, https:\/\/www.lamaisondabel.fr\/wp-content\/uploads\/2019\/03\/nettoyage_2-150x150.png 150w, https:\/\/www.lamaisondabel.fr\/wp-content\/uploads\/2019\/03\/nettoyage_2-50x50.png 50w\" sizes=\"(max-width: 225px) 100vw, 225px\" \/><\/div>\n<\/div>\n<\/div>\n<h1>\u00a0<\/h1>\n<\/div>\n<p id=\"h.p_fAcdJx9EWRQO\" class=\"zfr3Q\" style=\"text-align: center;\"><strong>Il s&#8217;agit d&#8217;une option facultative \u00e0 la demande expresse du locataire<\/strong><\/p>\n<p id=\"h.p_kCUL3ZF-WRQP\" class=\"zfr3Q\" style=\"text-align: center;\">au prix de 50 euros.<\/p>\n<p id=\"h.p_oDrnCgt6WRQS\" class=\"zfr3Q\" style=\"text-align: center;\">Vous pouvez souscrire ce forfait soit au moment de la r\u00e9servation,\u00a0Le jour de d&#8217;arriv\u00e9e,\u00a0 ou un jour avant votre d\u00e9part<\/p>\n<p id=\"h.p_dllntL6ZWRQY\" class=\"zfr3Q\" style=\"text-align: center;\">La maison est d&#8217;un entretien facile,\u00a0 vous disposez d<a class=\"dhtgD\" href=\"http:\/\/www.lamaisondabel.fr\/wordpress_o\/index.php\/un-lave-vaisselle\/\">&#8216;un lave vaisselle<\/a> et tout le n\u00e9cessaire pour l&#8217;entretien.<\/p>\n<p id=\"h.p_Cp38ekWCWRQa\" class=\"zfr3Q\" style=\"text-align: center;\">\u00a0<\/p>\n<\/div>\n<\/div>\n<\/div>\n<\/div>\n<\/div>\n<\/div>\n<\/div>\n<\/section>\n<section id=\"h.p_axfTwsM9XcgI\" class=\"yaqOZd\">\n<div class=\"yaqOZd IFuOkc\" style=\"text-align: center;\">\u00a0<\/div>\n<\/section>\n","protected":false},"excerpt":{"rendered":"<p>Le locataire doit laisser la maison dans l&#8217;\u00e9tat o\u00f9 il l&#8217;a trouv\u00e9e ! \u00a0 Il s&#8217;agit d&#8217;une option facultative \u00e0 la demande expresse du locataire au prix de 50 euros. Vous pouvez souscrire ce forfait soit au moment de la r\u00e9servation,\u00a0Le jour de d&#8217;arriv\u00e9e,\u00a0 ou un jour avant votre d\u00e9part La maison est d&#8217;un entretien [&hellip;]<\/p>\n","protected":false},"author":1,"featured_media":0,"parent":0,"menu_order":0,"comment_status":"closed","ping_status":"closed","template":"","meta":{"footnotes":""},"wppr_data":{"cwp_meta_box_check":"No"},"yoast_head":"<!-- This site is optimized with the Yoast SEO plugin v22.8 - https:\/\/yoast.com\/wordpress\/plugins\/seo\/ -->\n<title>- La Maison d&#039;Abel<\/title>\n<meta name=\"robots\" content=\"index, follow, max-snippet:-1, max-image-preview:large, max-video-preview:-1\" \/>\n<link rel=\"canonical\" href=\"https:\/\/www.lamaisondabel.fr\/index.php\/forfait-menage\/\" \/>\n<meta property=\"og:locale\" content=\"fr_FR\" \/>\n<meta property=\"og:type\" content=\"article\" \/>\n<meta property=\"og:title\" content=\"- La Maison d&#039;Abel\" \/>\n<meta property=\"og:description\" content=\"Le locataire doit laisser la maison dans l&#8217;\u00e9tat o\u00f9 il l&#8217;a trouv\u00e9e ! \u00a0 Il s&#8217;agit d&#8217;une option facultative \u00e0 la demande expresse du locataire au prix de 50 euros. Vous pouvez souscrire ce forfait soit au moment de la r\u00e9servation,\u00a0Le jour de d&#8217;arriv\u00e9e,\u00a0 ou un jour avant votre d\u00e9part La maison est d&#8217;un entretien [&hellip;]\" \/>\n<meta property=\"og:url\" content=\"https:\/\/www.lamaisondabel.fr\/index.php\/forfait-menage\/\" \/>\n<meta property=\"og:site_name\" content=\"La Maison d&#039;Abel\" \/>\n<meta property=\"article:modified_time\" content=\"2022-09-18T08:51:12+00:00\" \/>\n<meta property=\"og:image\" content=\"http:\/\/www.lamaisondabel.fr\/wp-content\/uploads\/2019\/03\/nettoyage_2.png\" \/>\n<meta name=\"twitter:card\" content=\"summary_large_image\" \/>\n<meta name=\"twitter:label1\" content=\"Dur\u00e9e de lecture estim\u00e9e\" \/>\n\t<meta name=\"twitter:data1\" content=\"1 minute\" \/>\n<script type=\"application\/ld+json\" class=\"yoast-schema-graph\">{\"@context\":\"https:\/\/schema.org\",\"@graph\":[{\"@type\":\"WebPage\",\"@id\":\"https:\/\/www.lamaisondabel.fr\/index.php\/forfait-menage\/\",\"url\":\"https:\/\/www.lamaisondabel.fr\/index.php\/forfait-menage\/\",\"name\":\"- La Maison d&#039;Abel\",\"isPartOf\":{\"@id\":\"https:\/\/www.lamaisondabel.fr\/#website\"},\"primaryImageOfPage\":{\"@id\":\"https:\/\/www.lamaisondabel.fr\/index.php\/forfait-menage\/#primaryimage\"},\"image\":{\"@id\":\"https:\/\/www.lamaisondabel.fr\/index.php\/forfait-menage\/#primaryimage\"},\"thumbnailUrl\":\"http:\/\/www.lamaisondabel.fr\/wp-content\/uploads\/2019\/03\/nettoyage_2.png\",\"datePublished\":\"2019-03-07T12:46:25+00:00\",\"dateModified\":\"2022-09-18T08:51:12+00:00\",\"inLanguage\":\"fr-FR\",\"potentialAction\":[{\"@type\":\"ReadAction\",\"target\":[\"https:\/\/www.lamaisondabel.fr\/index.php\/forfait-menage\/\"]}]},{\"@type\":\"ImageObject\",\"inLanguage\":\"fr-FR\",\"@id\":\"https:\/\/www.lamaisondabel.fr\/index.php\/forfait-menage\/#primaryimage\",\"url\":\"https:\/\/www.lamaisondabel.fr\/wp-content\/uploads\/2019\/03\/nettoyage_2.png\",\"contentUrl\":\"https:\/\/www.lamaisondabel.fr\/wp-content\/uploads\/2019\/03\/nettoyage_2.png\",\"width\":225,\"height\":225},{\"@type\":\"WebSite\",\"@id\":\"https:\/\/www.lamaisondabel.fr\/#website\",\"url\":\"https:\/\/www.lamaisondabel.fr\/\",\"name\":\"La Maison d&#039;Abel\",\"description\":\"Lac du Salagou - Maison en location saisonni\u00e8re - Ouvert toute l&#039;ann\u00e9e.\",\"potentialAction\":[{\"@type\":\"SearchAction\",\"target\":{\"@type\":\"EntryPoint\",\"urlTemplate\":\"https:\/\/www.lamaisondabel.fr\/?s={search_term_string}\"},\"query-input\":\"required name=search_term_string\"}],\"inLanguage\":\"fr-FR\"}]}<\/script>\n<!-- \/ Yoast SEO plugin. -->","yoast_head_json":{"title":"- La Maison d&#039;Abel","robots":{"index":"index","follow":"follow","max-snippet":"max-snippet:-1","max-image-preview":"max-image-preview:large","max-video-preview":"max-video-preview:-1"},"canonical":"https:\/\/www.lamaisondabel.fr\/index.php\/forfait-menage\/","og_locale":"fr_FR","og_type":"article","og_title":"- La Maison d&#039;Abel","og_description":"Le locataire doit laisser la maison dans l&#8217;\u00e9tat o\u00f9 il l&#8217;a trouv\u00e9e ! \u00a0 Il s&#8217;agit d&#8217;une option facultative \u00e0 la demande expresse du locataire au prix de 50 euros. Vous pouvez souscrire ce forfait soit au moment de la r\u00e9servation,\u00a0Le jour de d&#8217;arriv\u00e9e,\u00a0 ou un jour avant votre d\u00e9part La maison est d&#8217;un entretien [&hellip;]","og_url":"https:\/\/www.lamaisondabel.fr\/index.php\/forfait-menage\/","og_site_name":"La Maison d&#039;Abel","article_modified_time":"2022-09-18T08:51:12+00:00","og_image":[{"url":"http:\/\/www.lamaisondabel.fr\/wp-content\/uploads\/2019\/03\/nettoyage_2.png"}],"twitter_card":"summary_large_image","twitter_misc":{"Dur\u00e9e de lecture estim\u00e9e":"1 minute"},"schema":{"@context":"https:\/\/schema.org","@graph":[{"@type":"WebPage","@id":"https:\/\/www.lamaisondabel.fr\/index.php\/forfait-menage\/","url":"https:\/\/www.lamaisondabel.fr\/index.php\/forfait-menage\/","name":"- La Maison d&#039;Abel","isPartOf":{"@id":"https:\/\/www.lamaisondabel.fr\/#website"},"primaryImageOfPage":{"@id":"https:\/\/www.lamaisondabel.fr\/index.php\/forfait-menage\/#primaryimage"},"image":{"@id":"https:\/\/www.lamaisondabel.fr\/index.php\/forfait-menage\/#primaryimage"},"thumbnailUrl":"http:\/\/www.lamaisondabel.fr\/wp-content\/uploads\/2019\/03\/nettoyage_2.png","datePublished":"2019-03-07T12:46:25+00:00","dateModified":"2022-09-18T08:51:12+00:00","inLanguage":"fr-FR","potentialAction":[{"@type":"ReadAction","target":["https:\/\/www.lamaisondabel.fr\/index.php\/forfait-menage\/"]}]},{"@type":"ImageObject","inLanguage":"fr-FR","@id":"https:\/\/www.lamaisondabel.fr\/index.php\/forfait-menage\/#primaryimage","url":"https:\/\/www.lamaisondabel.fr\/wp-content\/uploads\/2019\/03\/nettoyage_2.png","contentUrl":"https:\/\/www.lamaisondabel.fr\/wp-content\/uploads\/2019\/03\/nettoyage_2.png","width":225,"height":225},{"@type":"WebSite","@id":"https:\/\/www.lamaisondabel.fr\/#website","url":"https:\/\/www.lamaisondabel.fr\/","name":"La Maison d&#039;Abel","description":"Lac du Salagou - Maison en location saisonni\u00e8re - Ouvert toute l&#039;ann\u00e9e.","potentialAction":[{"@type":"SearchAction","target":{"@type":"EntryPoint","urlTemplate":"https:\/\/www.lamaisondabel.fr\/?s={search_term_string}"},"query-input":"required name=search_term_string"}],"inLanguage":"fr-FR"}]}},"_links":{"self":[{"href":"https:\/\/www.lamaisondabel.fr\/index.php\/wp-json\/wp\/v2\/pages\/862"}],"collection":[{"href":"https:\/\/www.lamaisondabel.fr\/index.php\/wp-json\/wp\/v2\/pages"}],"about":[{"href":"https:\/\/www.lamaisondabel.fr\/index.php\/wp-json\/wp\/v2\/types\/page"}],"author":[{"embeddable":true,"href":"https:\/\/www.lamaisondabel.fr\/index.php\/wp-json\/wp\/v2\/users\/1"}],"replies":[{"embeddable":true,"href":"https:\/\/www.lamaisondabel.fr\/index.php\/wp-json\/wp\/v2\/comments?post=862"}],"version-history":[{"count":13,"href":"https:\/\/www.lamaisondabel.fr\/index.php\/wp-json\/wp\/v2\/pages\/862\/revisions"}],"predecessor-version":[{"id":1990,"href":"https:\/\/www.lamaisondabel.fr\/index.php\/wp-json\/wp\/v2\/pages\/862\/revisions\/1990"}],"wp:attachment":[{"href":"https:\/\/www.lamaisondabel.fr\/index.php\/wp-json\/wp\/v2\/media?parent=862"}],"curies":[{"name":"wp","href":"https:\/\/api.w.org\/{rel}","templated":true}]}}