{"id":91,"date":"2019-03-03T17:40:33","date_gmt":"2019-03-03T17:40:33","guid":{"rendered":"http:\/\/www.lamaisondabel.fr\/wordpress_o\/?page_id=91"},"modified":"2024-06-03T18:00:23","modified_gmt":"2024-06-03T18:00:23","slug":"le-sejour","status":"publish","type":"page","link":"https:\/\/www.lamaisondabel.fr\/index.php\/le-sejour\/","title":{"rendered":"Le s\u00e9jour"},"content":{"rendered":"<p style=\"text-align: center;\"><img loading=\"lazy\" decoding=\"async\" class=\"aligncenter wp-image-2175 size-large\" src=\"https:\/\/www.lamaisondabel.fr\/wp-content\/uploads\/2024\/06\/Arnaud-Reichert-Photographe-3-1024x683.jpg\" alt=\"\" width=\"810\" height=\"540\" srcset=\"https:\/\/www.lamaisondabel.fr\/wp-content\/uploads\/2024\/06\/Arnaud-Reichert-Photographe-3-1024x683.jpg 1024w, https:\/\/www.lamaisondabel.fr\/wp-content\/uploads\/2024\/06\/Arnaud-Reichert-Photographe-3-300x200.jpg 300w, https:\/\/www.lamaisondabel.fr\/wp-content\/uploads\/2024\/06\/Arnaud-Reichert-Photographe-3-768x512.jpg 768w, https:\/\/www.lamaisondabel.fr\/wp-content\/uploads\/2024\/06\/Arnaud-Reichert-Photographe-3-1536x1024.jpg 1536w, https:\/\/www.lamaisondabel.fr\/wp-content\/uploads\/2024\/06\/Arnaud-Reichert-Photographe-3-2048x1365.jpg 2048w, https:\/\/www.lamaisondabel.fr\/wp-content\/uploads\/2024\/06\/Arnaud-Reichert-Photographe-3-50x33.jpg 50w\" sizes=\"(max-width: 810px) 100vw, 810px\" \/><\/p>\n<p style=\"text-align: center;\">\u00a0<\/p>\n<p style=\"text-align: center;\"><img loading=\"lazy\" decoding=\"async\" class=\"aligncenter size-large wp-image-2178\" src=\"https:\/\/www.lamaisondabel.fr\/wp-content\/uploads\/2024\/06\/Arnaud-Reichert-Photographe-6-1024x683.jpg\" alt=\"\" width=\"810\" height=\"540\" srcset=\"https:\/\/www.lamaisondabel.fr\/wp-content\/uploads\/2024\/06\/Arnaud-Reichert-Photographe-6-1024x683.jpg 1024w, https:\/\/www.lamaisondabel.fr\/wp-content\/uploads\/2024\/06\/Arnaud-Reichert-Photographe-6-300x200.jpg 300w, https:\/\/www.lamaisondabel.fr\/wp-content\/uploads\/2024\/06\/Arnaud-Reichert-Photographe-6-768x512.jpg 768w, https:\/\/www.lamaisondabel.fr\/wp-content\/uploads\/2024\/06\/Arnaud-Reichert-Photographe-6-1536x1024.jpg 1536w, https:\/\/www.lamaisondabel.fr\/wp-content\/uploads\/2024\/06\/Arnaud-Reichert-Photographe-6-2048x1365.jpg 2048w, https:\/\/www.lamaisondabel.fr\/wp-content\/uploads\/2024\/06\/Arnaud-Reichert-Photographe-6-50x33.jpg 50w\" sizes=\"(max-width: 810px) 100vw, 810px\" \/><\/p>\n<p>&nbsp;<\/p>\n<p><img loading=\"lazy\" decoding=\"async\" class=\"aligncenter size-large wp-image-2173\" src=\"https:\/\/www.lamaisondabel.fr\/wp-content\/uploads\/2024\/06\/Arnaud-Reichert-Photographe-1-1024x683.jpg\" alt=\"\" width=\"810\" height=\"540\" srcset=\"https:\/\/www.lamaisondabel.fr\/wp-content\/uploads\/2024\/06\/Arnaud-Reichert-Photographe-1-1024x683.jpg 1024w, https:\/\/www.lamaisondabel.fr\/wp-content\/uploads\/2024\/06\/Arnaud-Reichert-Photographe-1-300x200.jpg 300w, https:\/\/www.lamaisondabel.fr\/wp-content\/uploads\/2024\/06\/Arnaud-Reichert-Photographe-1-768x512.jpg 768w, https:\/\/www.lamaisondabel.fr\/wp-content\/uploads\/2024\/06\/Arnaud-Reichert-Photographe-1-1536x1024.jpg 1536w\" sizes=\"(max-width: 810px) 100vw, 810px\" \/><\/p>\n<p><img loading=\"lazy\" decoding=\"async\" class=\"aligncenter wp-image-2177 size-large\" src=\"https:\/\/www.lamaisondabel.fr\/wp-content\/uploads\/2024\/06\/Arnaud-Reichert-Photographe-5-1024x683.jpg\" alt=\"\" width=\"810\" height=\"540\" srcset=\"https:\/\/www.lamaisondabel.fr\/wp-content\/uploads\/2024\/06\/Arnaud-Reichert-Photographe-5-1024x683.jpg 1024w, https:\/\/www.lamaisondabel.fr\/wp-content\/uploads\/2024\/06\/Arnaud-Reichert-Photographe-5-300x200.jpg 300w, https:\/\/www.lamaisondabel.fr\/wp-content\/uploads\/2024\/06\/Arnaud-Reichert-Photographe-5-768x512.jpg 768w, https:\/\/www.lamaisondabel.fr\/wp-content\/uploads\/2024\/06\/Arnaud-Reichert-Photographe-5-1536x1024.jpg 1536w, https:\/\/www.lamaisondabel.fr\/wp-content\/uploads\/2024\/06\/Arnaud-Reichert-Photographe-5-2048x1365.jpg 2048w, https:\/\/www.lamaisondabel.fr\/wp-content\/uploads\/2024\/06\/Arnaud-Reichert-Photographe-5-50x33.jpg 50w\" sizes=\"(max-width: 810px) 100vw, 810px\" \/><\/p>\n<ul class=\"n8H08c UVNKR\">\n<li id=\"h.p_F8nUFV2HiQki\" class=\"zfr3Q TYR86d\">Une TV grand \u00e9cran plat Samsung 55 pouces<\/li>\n<li>Bureau asservi pour le t\u00e9l\u00e9-travail &#8211; fauteuil &#8211; clavier &amp; souris &amp; casque USB<\/li>\n<li id=\"h.p_HpkKVaPFiJgS\" class=\"zfr3Q TYR86d\">Une grande chemin\u00e9e avec ses accessoires d&#8217;antan- Pendule comtoise.<\/li>\n<li id=\"h.p_oUcOX-K-iq3v\" class=\"zfr3Q TYR86d\">Divers prospectus de la r\u00e9gion<\/li>\n<li>Biblioth\u00e8que (nombreux livres \u00e0 disposition)<\/li>\n<li id=\"h.p_HJKgMvqqg_m5\" class=\"zfr3Q TYR86d\">Des jeux de soci\u00e9t\u00e9 sont \u00e0 la disposition des voyageurs,<\/li>\n<li id=\"h.p_kKSIv2cwiZ_Z\" class=\"zfr3Q TYR86d\">Un canap\u00e9 &amp; ses deux fauteuils &#8211; table basse<\/li>\n<li>Le s\u00e9jour donne sur la terrasse sud et \u00e0 l&#8217;oppos\u00e9e la cuisine.<\/li>\n<\/ul>\n","protected":false},"excerpt":{"rendered":"<p>\u00a0 &nbsp; Une TV grand \u00e9cran plat Samsung 55 pouces Bureau asservi pour le t\u00e9l\u00e9-travail &#8211; fauteuil &#8211; clavier &amp; souris &amp; casque USB Une grande chemin\u00e9e avec ses accessoires d&#8217;antan- Pendule comtoise. Divers prospectus de la r\u00e9gion Biblioth\u00e8que (nombreux livres \u00e0 disposition) Des jeux de soci\u00e9t\u00e9 sont \u00e0 la disposition des voyageurs, Un canap\u00e9 [&hellip;]<\/p>\n","protected":false},"author":1,"featured_media":0,"parent":0,"menu_order":0,"comment_status":"closed","ping_status":"closed","template":"","meta":{"footnotes":""},"wppr_data":{"cwp_meta_box_check":"No"},"yoast_head":"<!-- This site is optimized with the Yoast SEO plugin v22.8 - https:\/\/yoast.com\/wordpress\/plugins\/seo\/ -->\n<title>Le s\u00e9jour - La Maison d&#039;Abel<\/title>\n<meta name=\"robots\" content=\"index, follow, max-snippet:-1, max-image-preview:large, max-video-preview:-1\" \/>\n<link rel=\"canonical\" href=\"https:\/\/www.lamaisondabel.fr\/index.php\/le-sejour\/\" \/>\n<meta property=\"og:locale\" content=\"fr_FR\" \/>\n<meta property=\"og:type\" content=\"article\" \/>\n<meta property=\"og:title\" content=\"Le s\u00e9jour - La Maison d&#039;Abel\" \/>\n<meta property=\"og:description\" content=\"\u00a0 &nbsp; Une TV grand \u00e9cran plat Samsung 55 pouces Bureau asservi pour le t\u00e9l\u00e9-travail &#8211; fauteuil &#8211; clavier &amp; souris &amp; casque USB Une grande chemin\u00e9e avec ses accessoires d&#8217;antan- Pendule comtoise. Divers prospectus de la r\u00e9gion Biblioth\u00e8que (nombreux livres \u00e0 disposition) Des jeux de soci\u00e9t\u00e9 sont \u00e0 la disposition des voyageurs, Un canap\u00e9 [&hellip;]\" \/>\n<meta property=\"og:url\" content=\"https:\/\/www.lamaisondabel.fr\/index.php\/le-sejour\/\" \/>\n<meta property=\"og:site_name\" content=\"La Maison d&#039;Abel\" \/>\n<meta property=\"article:modified_time\" content=\"2024-06-03T18:00:23+00:00\" \/>\n<meta property=\"og:image\" content=\"https:\/\/www.lamaisondabel.fr\/wp-content\/uploads\/2024\/06\/Arnaud-Reichert-Photographe-3-1024x683.jpg\" \/>\n<meta name=\"twitter:card\" content=\"summary_large_image\" \/>\n<meta name=\"twitter:label1\" content=\"Dur\u00e9e de lecture estim\u00e9e\" \/>\n\t<meta name=\"twitter:data1\" content=\"2 minutes\" \/>\n<script type=\"application\/ld+json\" class=\"yoast-schema-graph\">{\"@context\":\"https:\/\/schema.org\",\"@graph\":[{\"@type\":\"WebPage\",\"@id\":\"https:\/\/www.lamaisondabel.fr\/index.php\/le-sejour\/\",\"url\":\"https:\/\/www.lamaisondabel.fr\/index.php\/le-sejour\/\",\"name\":\"Le s\u00e9jour - La Maison d&#039;Abel\",\"isPartOf\":{\"@id\":\"https:\/\/www.lamaisondabel.fr\/#website\"},\"primaryImageOfPage\":{\"@id\":\"https:\/\/www.lamaisondabel.fr\/index.php\/le-sejour\/#primaryimage\"},\"image\":{\"@id\":\"https:\/\/www.lamaisondabel.fr\/index.php\/le-sejour\/#primaryimage\"},\"thumbnailUrl\":\"https:\/\/www.lamaisondabel.fr\/wp-content\/uploads\/2024\/06\/Arnaud-Reichert-Photographe-3-1024x683.jpg\",\"datePublished\":\"2019-03-03T17:40:33+00:00\",\"dateModified\":\"2024-06-03T18:00:23+00:00\",\"breadcrumb\":{\"@id\":\"https:\/\/www.lamaisondabel.fr\/index.php\/le-sejour\/#breadcrumb\"},\"inLanguage\":\"fr-FR\",\"potentialAction\":[{\"@type\":\"ReadAction\",\"target\":[\"https:\/\/www.lamaisondabel.fr\/index.php\/le-sejour\/\"]}]},{\"@type\":\"ImageObject\",\"inLanguage\":\"fr-FR\",\"@id\":\"https:\/\/www.lamaisondabel.fr\/index.php\/le-sejour\/#primaryimage\",\"url\":\"https:\/\/www.lamaisondabel.fr\/wp-content\/uploads\/2024\/06\/Arnaud-Reichert-Photographe-3-scaled.jpg\",\"contentUrl\":\"https:\/\/www.lamaisondabel.fr\/wp-content\/uploads\/2024\/06\/Arnaud-Reichert-Photographe-3-scaled.jpg\",\"width\":2560,\"height\":1707},{\"@type\":\"BreadcrumbList\",\"@id\":\"https:\/\/www.lamaisondabel.fr\/index.php\/le-sejour\/#breadcrumb\",\"itemListElement\":[{\"@type\":\"ListItem\",\"position\":1,\"name\":\"Accueil\",\"item\":\"https:\/\/www.lamaisondabel.fr\/\"},{\"@type\":\"ListItem\",\"position\":2,\"name\":\"Le s\u00e9jour\"}]},{\"@type\":\"WebSite\",\"@id\":\"https:\/\/www.lamaisondabel.fr\/#website\",\"url\":\"https:\/\/www.lamaisondabel.fr\/\",\"name\":\"La Maison d&#039;Abel\",\"description\":\"Lac du Salagou - Maison en location saisonni\u00e8re - Ouvert toute l&#039;ann\u00e9e.\",\"potentialAction\":[{\"@type\":\"SearchAction\",\"target\":{\"@type\":\"EntryPoint\",\"urlTemplate\":\"https:\/\/www.lamaisondabel.fr\/?s={search_term_string}\"},\"query-input\":\"required name=search_term_string\"}],\"inLanguage\":\"fr-FR\"}]}<\/script>\n<!-- \/ Yoast SEO plugin. -->","yoast_head_json":{"title":"Le s\u00e9jour - La Maison d&#039;Abel","robots":{"index":"index","follow":"follow","max-snippet":"max-snippet:-1","max-image-preview":"max-image-preview:large","max-video-preview":"max-video-preview:-1"},"canonical":"https:\/\/www.lamaisondabel.fr\/index.php\/le-sejour\/","og_locale":"fr_FR","og_type":"article","og_title":"Le s\u00e9jour - La Maison d&#039;Abel","og_description":"\u00a0 &nbsp; Une TV grand \u00e9cran plat Samsung 55 pouces Bureau asservi pour le t\u00e9l\u00e9-travail &#8211; fauteuil &#8211; clavier &amp; souris &amp; casque USB Une grande chemin\u00e9e avec ses accessoires d&#8217;antan- Pendule comtoise. Divers prospectus de la r\u00e9gion Biblioth\u00e8que (nombreux livres \u00e0 disposition) Des jeux de soci\u00e9t\u00e9 sont \u00e0 la disposition des voyageurs, Un canap\u00e9 [&hellip;]","og_url":"https:\/\/www.lamaisondabel.fr\/index.php\/le-sejour\/","og_site_name":"La Maison d&#039;Abel","article_modified_time":"2024-06-03T18:00:23+00:00","og_image":[{"url":"https:\/\/www.lamaisondabel.fr\/wp-content\/uploads\/2024\/06\/Arnaud-Reichert-Photographe-3-1024x683.jpg"}],"twitter_card":"summary_large_image","twitter_misc":{"Dur\u00e9e de lecture estim\u00e9e":"2 minutes"},"schema":{"@context":"https:\/\/schema.org","@graph":[{"@type":"WebPage","@id":"https:\/\/www.lamaisondabel.fr\/index.php\/le-sejour\/","url":"https:\/\/www.lamaisondabel.fr\/index.php\/le-sejour\/","name":"Le s\u00e9jour - La Maison d&#039;Abel","isPartOf":{"@id":"https:\/\/www.lamaisondabel.fr\/#website"},"primaryImageOfPage":{"@id":"https:\/\/www.lamaisondabel.fr\/index.php\/le-sejour\/#primaryimage"},"image":{"@id":"https:\/\/www.lamaisondabel.fr\/index.php\/le-sejour\/#primaryimage"},"thumbnailUrl":"https:\/\/www.lamaisondabel.fr\/wp-content\/uploads\/2024\/06\/Arnaud-Reichert-Photographe-3-1024x683.jpg","datePublished":"2019-03-03T17:40:33+00:00","dateModified":"2024-06-03T18:00:23+00:00","breadcrumb":{"@id":"https:\/\/www.lamaisondabel.fr\/index.php\/le-sejour\/#breadcrumb"},"inLanguage":"fr-FR","potentialAction":[{"@type":"ReadAction","target":["https:\/\/www.lamaisondabel.fr\/index.php\/le-sejour\/"]}]},{"@type":"ImageObject","inLanguage":"fr-FR","@id":"https:\/\/www.lamaisondabel.fr\/index.php\/le-sejour\/#primaryimage","url":"https:\/\/www.lamaisondabel.fr\/wp-content\/uploads\/2024\/06\/Arnaud-Reichert-Photographe-3-scaled.jpg","contentUrl":"https:\/\/www.lamaisondabel.fr\/wp-content\/uploads\/2024\/06\/Arnaud-Reichert-Photographe-3-scaled.jpg","width":2560,"height":1707},{"@type":"BreadcrumbList","@id":"https:\/\/www.lamaisondabel.fr\/index.php\/le-sejour\/#breadcrumb","itemListElement":[{"@type":"ListItem","position":1,"name":"Accueil","item":"https:\/\/www.lamaisondabel.fr\/"},{"@type":"ListItem","position":2,"name":"Le s\u00e9jour"}]},{"@type":"WebSite","@id":"https:\/\/www.lamaisondabel.fr\/#website","url":"https:\/\/www.lamaisondabel.fr\/","name":"La Maison d&#039;Abel","description":"Lac du Salagou - Maison en location saisonni\u00e8re - Ouvert toute l&#039;ann\u00e9e.","potentialAction":[{"@type":"SearchAction","target":{"@type":"EntryPoint","urlTemplate":"https:\/\/www.lamaisondabel.fr\/?s={search_term_string}"},"query-input":"required name=search_term_string"}],"inLanguage":"fr-FR"}]}},"_links":{"self":[{"href":"https:\/\/www.lamaisondabel.fr\/index.php\/wp-json\/wp\/v2\/pages\/91"}],"collection":[{"href":"https:\/\/www.lamaisondabel.fr\/index.php\/wp-json\/wp\/v2\/pages"}],"about":[{"href":"https:\/\/www.lamaisondabel.fr\/index.php\/wp-json\/wp\/v2\/types\/page"}],"author":[{"embeddable":true,"href":"https:\/\/www.lamaisondabel.fr\/index.php\/wp-json\/wp\/v2\/users\/1"}],"replies":[{"embeddable":true,"href":"https:\/\/www.lamaisondabel.fr\/index.php\/wp-json\/wp\/v2\/comments?post=91"}],"version-history":[{"count":22,"href":"https:\/\/www.lamaisondabel.fr\/index.php\/wp-json\/wp\/v2\/pages\/91\/revisions"}],"predecessor-version":[{"id":2197,"href":"https:\/\/www.lamaisondabel.fr\/index.php\/wp-json\/wp\/v2\/pages\/91\/revisions\/2197"}],"wp:attachment":[{"href":"https:\/\/www.lamaisondabel.fr\/index.php\/wp-json\/wp\/v2\/media?parent=91"}],"curies":[{"name":"wp","href":"https:\/\/api.w.org\/{rel}","templated":true}]}}