{"id":97,"date":"2019-03-03T17:42:48","date_gmt":"2019-03-03T17:42:48","guid":{"rendered":"http:\/\/www.lamaisondabel.fr\/wordpress_o\/?page_id=97"},"modified":"2019-03-29T13:22:28","modified_gmt":"2019-03-29T13:22:28","slug":"a-visiter-dans-la-region","status":"publish","type":"page","link":"https:\/\/www.lamaisondabel.fr\/index.php\/a-visiter-dans-la-region\/","title":{"rendered":"R\u00e9gion"},"content":{"rendered":"<ul>\n<li style=\"text-align: center;\">A visiter dans la r\u00e9gion<\/li>\n<\/ul>\n<p>&nbsp;<\/p>\n<p>&nbsp;<\/p>\n<ul class=\"n8H08c UVNKR\">\n<li id=\"h.p_07DefLDPjRfz\" class=\"zfr3Q TYR86d\"><a class=\"dhtgD\" href=\"http:\/\/www.lamaisondabel.fr\/index.php\/le-lac-du-salagou\/\">Le Lac du Salagou<\/a><\/li>\n<li id=\"h.p_qmGbglWZES_3\" class=\"zfr3Q TYR86d\"><a href=\"http:\/\/www.lamaisondabel.fr\/index.php\/musee-de-lodeve\/\">Le mus\u00e9e de Lod\u00e8ve<\/a><\/li>\n<li id=\"h.p_NPDrDqmSEWNW\" class=\"zfr3Q TYR86d\"><a class=\"dhtgD\" href=\"http:\/\/www.lamaisondabel.fr\/index.php\/le-cirque-de-navacelle\/\" target=\"_blank\" rel=\"noopener noreferrer\">Le cirque de Navacelle et le Belv\u00e9d\u00e8re de la ferme de la Baume Auriol<\/a><\/li>\n<li id=\"h.p_J1ieAJ-xEYN3\" class=\"zfr3Q TYR86d\"><a class=\"dhtgD\" href=\"http:\/\/www.lamaisondabel.fr\/index.php\/saint-guilhem-le-desert\/\">Saint Guilhem le D\u00e9sert et le Pont du Diable<\/a><\/li>\n<li id=\"h.p_PYyOWwerEuXz\" class=\"zfr3Q TYR86d\"><a class=\"dhtgD\" href=\"http:\/\/www.lamaisondabel.fr\/index.php\/les-grottes-dans-la-region\/\">Les grottes de Labeil, de Clamouse, des Demoiselles<\/a><\/li>\n<li id=\"h.p_v1iCgZuxGFSe\" class=\"zfr3Q TYR86d\"><a class=\"dhtgD\" href=\"http:\/\/www.lamaisondabel.fr\/index.php\/la-couvertoirade\/\">La Couvertoirade<\/a> sur le plateau du Larzac<\/li>\n<li id=\"h.p_sLd0NyTaGHNx\" class=\"zfr3Q TYR86d\"><a class=\"dhtgD\" href=\"http:\/\/www.lamaisondabel.fr\/index.php\/les-vignobles\/\">Les vignobles<\/a> de la r\u00e9gion<\/li>\n<li id=\"h.p_vkypFpvEGJFo\" class=\"zfr3Q TYR86d\"><a class=\"dhtgD\" href=\"http:\/\/www.lamaisondabel.fr\/index.php\/les-caves-de-roquefort\/\">Les caves de Roquefort<\/a><\/li>\n<li id=\"h.p_6uRXyqXGEaDv\" class=\"zfr3Q TYR86d\"><a class=\"dhtgD\" href=\"http:\/\/www.lamaisondabel.fr\/index.php\/la-manufacture-nationale-de-lodeve\/\">La manufacture nationale de la Savonnerie \u00e0 Lod\u00e8ve<\/a><\/li>\n<li id=\"h.p_lOjI_5yZEk2n\" class=\"zfr3Q TYR86d\"><a class=\"dhtgD\" href=\"http:\/\/www.lamaisondabel.fr\/index.php\/le-prieure-de-saint-michel-de-grandmont\/\">Le Prieur\u00e9 Saint Michel de Grandmont<\/a><\/li>\n<li id=\"h.p_6JeB6naVUSUs\" class=\"zfr3Q TYR86d\"><a class=\"dhtgD\" href=\"http:\/\/www.lamaisondabel.fr\/index.php\/lerab-long\/\" target=\"_blank\" rel=\"noopener noreferrer\">L\u00e9rab Ling Centre de Retraite Bouddhiste Tibetain \u00e0 Roqueredonde<\/a><\/li>\n<li id=\"h.p_nrqcAv9oWr5T\" class=\"zfr3Q TYR86d\"><a class=\"dhtgD\" href=\"http:\/\/www.lamaisondabel.fr\/index.php\/le-viaduc-de-millau\/\">Le Viaduc de Millau<\/a> &#8211; Le pont le plus haut du monde<\/li>\n<li id=\"h.p_Ykc0HcWEW9Zp\" class=\"zfr3Q TYR86d\"><a class=\"dhtgD\" href=\"http:\/\/www.lamaisondabel.fr\/index.php\/lodeve\/\">Lod\u00e8ve<\/a> &#8211; Sa cath\u00e9drale, son mus\u00e9e, l&#8217;\u00e9glise de Saint Pierre, le Pont romain<\/li>\n<li id=\"h.p_BpbXtX8nDybl\" class=\"zfr3Q TYR86d\"><a class=\"dhtgD\" href=\"http:\/\/www.lamaisondabel.fr\/index.php\/la-manufacture-royale-de-villeneuvette\/\">La Manufacture Royale de Villeneuvette<\/a><\/li>\n<li id=\"h.p_KLqkBQryUDsr\" class=\"zfr3Q TYR86d\"><a href=\"http:\/\/www.lamaisondabel.fr\/index.php\/le-village-de-celles\/\">Le village de Celles &#8211; Lac du Salagou<\/a><\/li>\n<li>Pr\u00e9sentation de <a class=\"dhtgD\" href=\"http:\/\/www.lamaisondabel.fr\/index.php\/la-commubne-le-bosc-34\/\">la commune LE BOSC<\/a> dont d\u00e9pend le hameau de Saint Julien<\/li>\n<li>Le cirque de Mour\u00e8ze<\/li>\n<li>\u00a0<\/li>\n<li id=\"h.p_hgiAVTVjEpBf\" class=\"zfr3Q TYR86d\">&#8230;.<\/li>\n<\/ul>\n<ul class=\"n8H08c UVNKR\">\n<li id=\"h.p_CwncnCG7Rmbs\" class=\"zfr3Q TYR86d\"><a class=\"dhtgD\" href=\"http:\/\/www.lamaisondabel.fr\/index.php\/piscines-baignades\/\">Piscines et baignades dans la r\u00e9gion<\/a><\/li>\n<li id=\"h.p_oiVS1NJE7gaN\" class=\"zfr3Q TYR86d\"><a class=\"dhtgD\" href=\"http:\/\/www.lamaisondabel.fr\/index.php\/les-plages\/\">Les plages<\/a><\/li>\n<li><a href=\"http:\/\/www.lamaisondabel.fr\/index.php\/peche\/\">La p\u00e8che en lod\u00e9vois<\/a><\/li>\n<li id=\"h.p_balVstmeSAfc\" class=\"zfr3Q TYR86d\"><a class=\"dhtgD\" href=\"http:\/\/www.lamaisondabel.fr\/index.php\/villes-et-villages\/\">Villes et villages<\/a><\/li>\n<li id=\"h.p_wHeX2SJlSLB7\" class=\"zfr3Q TYR86d\"><a class=\"dhtgD\" href=\"http:\/\/www.lamaisondabel.fr\/index.php\/les-marches\/\">Les march\u00e9s<\/a><\/li>\n<li id=\"h.p_d85nrkX7TGRN\" class=\"zfr3Q TYR86d\"><a class=\"dhtgD\" href=\"http:\/\/www.lamaisondabel.fr\/index.php\/vtt-velo-randonnees\/\">VTT<\/a><\/li>\n<li><a href=\"http:\/\/www.lamaisondabel.fr\/index.php\/restauration\/\">Restauration<\/a><\/li>\n<\/ul>\n","protected":false},"excerpt":{"rendered":"<p>A visiter dans la r\u00e9gion &nbsp; &nbsp; Le Lac du Salagou Le mus\u00e9e de Lod\u00e8ve Le cirque de Navacelle et le Belv\u00e9d\u00e8re de la ferme de la Baume Auriol Saint Guilhem le D\u00e9sert et le Pont du Diable Les grottes de Labeil, de Clamouse, des Demoiselles La Couvertoirade sur le plateau du Larzac Les vignobles [&hellip;]<\/p>\n","protected":false},"author":1,"featured_media":0,"parent":0,"menu_order":0,"comment_status":"closed","ping_status":"closed","template":"","meta":{"footnotes":""},"wppr_data":{"cwp_meta_box_check":"No"},"yoast_head":"<!-- This site is optimized with the Yoast SEO plugin v22.8 - https:\/\/yoast.com\/wordpress\/plugins\/seo\/ -->\n<title>R\u00e9gion - La Maison d&#039;Abel<\/title>\n<meta name=\"robots\" content=\"index, follow, max-snippet:-1, max-image-preview:large, max-video-preview:-1\" \/>\n<link rel=\"canonical\" href=\"https:\/\/www.lamaisondabel.fr\/index.php\/a-visiter-dans-la-region\/\" \/>\n<meta property=\"og:locale\" content=\"fr_FR\" \/>\n<meta property=\"og:type\" content=\"article\" \/>\n<meta property=\"og:title\" content=\"R\u00e9gion - La Maison d&#039;Abel\" \/>\n<meta property=\"og:description\" content=\"A visiter dans la r\u00e9gion &nbsp; &nbsp; Le Lac du Salagou Le mus\u00e9e de Lod\u00e8ve Le cirque de Navacelle et le Belv\u00e9d\u00e8re de la ferme de la Baume Auriol Saint Guilhem le D\u00e9sert et le Pont du Diable Les grottes de Labeil, de Clamouse, des Demoiselles La Couvertoirade sur le plateau du Larzac Les vignobles [&hellip;]\" \/>\n<meta property=\"og:url\" content=\"https:\/\/www.lamaisondabel.fr\/index.php\/a-visiter-dans-la-region\/\" \/>\n<meta property=\"og:site_name\" content=\"La Maison d&#039;Abel\" \/>\n<meta property=\"article:modified_time\" content=\"2019-03-29T13:22:28+00:00\" \/>\n<meta name=\"twitter:card\" content=\"summary_large_image\" \/>\n<meta name=\"twitter:label1\" content=\"Dur\u00e9e de lecture estim\u00e9e\" \/>\n\t<meta name=\"twitter:data1\" content=\"1 minute\" \/>\n<script type=\"application\/ld+json\" class=\"yoast-schema-graph\">{\"@context\":\"https:\/\/schema.org\",\"@graph\":[{\"@type\":\"WebPage\",\"@id\":\"https:\/\/www.lamaisondabel.fr\/index.php\/a-visiter-dans-la-region\/\",\"url\":\"https:\/\/www.lamaisondabel.fr\/index.php\/a-visiter-dans-la-region\/\",\"name\":\"R\u00e9gion - La Maison d&#039;Abel\",\"isPartOf\":{\"@id\":\"https:\/\/www.lamaisondabel.fr\/#website\"},\"datePublished\":\"2019-03-03T17:42:48+00:00\",\"dateModified\":\"2019-03-29T13:22:28+00:00\",\"breadcrumb\":{\"@id\":\"https:\/\/www.lamaisondabel.fr\/index.php\/a-visiter-dans-la-region\/#breadcrumb\"},\"inLanguage\":\"fr-FR\",\"potentialAction\":[{\"@type\":\"ReadAction\",\"target\":[\"https:\/\/www.lamaisondabel.fr\/index.php\/a-visiter-dans-la-region\/\"]}]},{\"@type\":\"BreadcrumbList\",\"@id\":\"https:\/\/www.lamaisondabel.fr\/index.php\/a-visiter-dans-la-region\/#breadcrumb\",\"itemListElement\":[{\"@type\":\"ListItem\",\"position\":1,\"name\":\"Accueil\",\"item\":\"https:\/\/www.lamaisondabel.fr\/\"},{\"@type\":\"ListItem\",\"position\":2,\"name\":\"R\u00e9gion\"}]},{\"@type\":\"WebSite\",\"@id\":\"https:\/\/www.lamaisondabel.fr\/#website\",\"url\":\"https:\/\/www.lamaisondabel.fr\/\",\"name\":\"La Maison d&#039;Abel\",\"description\":\"Lac du Salagou - Maison en location saisonni\u00e8re - Ouvert toute l&#039;ann\u00e9e.\",\"potentialAction\":[{\"@type\":\"SearchAction\",\"target\":{\"@type\":\"EntryPoint\",\"urlTemplate\":\"https:\/\/www.lamaisondabel.fr\/?s={search_term_string}\"},\"query-input\":\"required name=search_term_string\"}],\"inLanguage\":\"fr-FR\"}]}<\/script>\n<!-- \/ Yoast SEO plugin. -->","yoast_head_json":{"title":"R\u00e9gion - La Maison d&#039;Abel","robots":{"index":"index","follow":"follow","max-snippet":"max-snippet:-1","max-image-preview":"max-image-preview:large","max-video-preview":"max-video-preview:-1"},"canonical":"https:\/\/www.lamaisondabel.fr\/index.php\/a-visiter-dans-la-region\/","og_locale":"fr_FR","og_type":"article","og_title":"R\u00e9gion - La Maison d&#039;Abel","og_description":"A visiter dans la r\u00e9gion &nbsp; &nbsp; Le Lac du Salagou Le mus\u00e9e de Lod\u00e8ve Le cirque de Navacelle et le Belv\u00e9d\u00e8re de la ferme de la Baume Auriol Saint Guilhem le D\u00e9sert et le Pont du Diable Les grottes de Labeil, de Clamouse, des Demoiselles La Couvertoirade sur le plateau du Larzac Les vignobles [&hellip;]","og_url":"https:\/\/www.lamaisondabel.fr\/index.php\/a-visiter-dans-la-region\/","og_site_name":"La Maison d&#039;Abel","article_modified_time":"2019-03-29T13:22:28+00:00","twitter_card":"summary_large_image","twitter_misc":{"Dur\u00e9e de lecture estim\u00e9e":"1 minute"},"schema":{"@context":"https:\/\/schema.org","@graph":[{"@type":"WebPage","@id":"https:\/\/www.lamaisondabel.fr\/index.php\/a-visiter-dans-la-region\/","url":"https:\/\/www.lamaisondabel.fr\/index.php\/a-visiter-dans-la-region\/","name":"R\u00e9gion - La Maison d&#039;Abel","isPartOf":{"@id":"https:\/\/www.lamaisondabel.fr\/#website"},"datePublished":"2019-03-03T17:42:48+00:00","dateModified":"2019-03-29T13:22:28+00:00","breadcrumb":{"@id":"https:\/\/www.lamaisondabel.fr\/index.php\/a-visiter-dans-la-region\/#breadcrumb"},"inLanguage":"fr-FR","potentialAction":[{"@type":"ReadAction","target":["https:\/\/www.lamaisondabel.fr\/index.php\/a-visiter-dans-la-region\/"]}]},{"@type":"BreadcrumbList","@id":"https:\/\/www.lamaisondabel.fr\/index.php\/a-visiter-dans-la-region\/#breadcrumb","itemListElement":[{"@type":"ListItem","position":1,"name":"Accueil","item":"https:\/\/www.lamaisondabel.fr\/"},{"@type":"ListItem","position":2,"name":"R\u00e9gion"}]},{"@type":"WebSite","@id":"https:\/\/www.lamaisondabel.fr\/#website","url":"https:\/\/www.lamaisondabel.fr\/","name":"La Maison d&#039;Abel","description":"Lac du Salagou - Maison en location saisonni\u00e8re - Ouvert toute l&#039;ann\u00e9e.","potentialAction":[{"@type":"SearchAction","target":{"@type":"EntryPoint","urlTemplate":"https:\/\/www.lamaisondabel.fr\/?s={search_term_string}"},"query-input":"required name=search_term_string"}],"inLanguage":"fr-FR"}]}},"_links":{"self":[{"href":"https:\/\/www.lamaisondabel.fr\/index.php\/wp-json\/wp\/v2\/pages\/97"}],"collection":[{"href":"https:\/\/www.lamaisondabel.fr\/index.php\/wp-json\/wp\/v2\/pages"}],"about":[{"href":"https:\/\/www.lamaisondabel.fr\/index.php\/wp-json\/wp\/v2\/types\/page"}],"author":[{"embeddable":true,"href":"https:\/\/www.lamaisondabel.fr\/index.php\/wp-json\/wp\/v2\/users\/1"}],"replies":[{"embeddable":true,"href":"https:\/\/www.lamaisondabel.fr\/index.php\/wp-json\/wp\/v2\/comments?post=97"}],"version-history":[{"count":14,"href":"https:\/\/www.lamaisondabel.fr\/index.php\/wp-json\/wp\/v2\/pages\/97\/revisions"}],"predecessor-version":[{"id":621,"href":"https:\/\/www.lamaisondabel.fr\/index.php\/wp-json\/wp\/v2\/pages\/97\/revisions\/621"}],"wp:attachment":[{"href":"https:\/\/www.lamaisondabel.fr\/index.php\/wp-json\/wp\/v2\/media?parent=97"}],"curies":[{"name":"wp","href":"https:\/\/api.w.org\/{rel}","templated":true}]}}