{"id":975,"date":"2019-03-08T12:17:51","date_gmt":"2019-03-08T12:17:51","guid":{"rendered":"http:\/\/www.lamaisondabel.fr\/?page_id=975"},"modified":"2023-12-31T14:11:03","modified_gmt":"2023-12-31T14:11:03","slug":"assurances","status":"publish","type":"page","link":"https:\/\/www.lamaisondabel.fr\/index.php\/assurances\/","title":{"rendered":"Assurances"},"content":{"rendered":"<h1 style=\"text-align: center;\">Assurances<\/h1>\n<h1 style=\"text-align: center;\">Responsabilit\u00e9 Civile<\/h1>\n<h1 style=\"text-align: center;\">avec extension vill\u00e9giature<\/h1>\n<p>&nbsp;<\/p>\n<p>&nbsp;<\/p>\n<p>&nbsp;<\/p>\n<div class=\"tyJCtd mGzaTb baZpAe\">\n<ul class=\"n8H08c UVNKR\">\n<li id=\"h.p_XMaiB8GdUgbl\" class=\"zfr3Q TYR86d\">Le locataire atteste qu&#8217;il est couvert par une assurance Responsabilit\u00e9 Civile avec extension vill\u00e9giature<\/li>\n<li class=\"zfr3Q TYR86d\">Les clients Abritel en sont dispens\u00e9s : assurance incluse par le prestataire lors du paiement.<\/li>\n<li id=\"h.p_rOLqrGZ7Uh8F\" class=\"zfr3Q TYR86d\">Le propri\u00e9taire est assur\u00e9 en ce qui le concerne pour cette habitation (location).<\/li>\n<\/ul>\n<\/div>\n<p>&nbsp;<\/p>\n<p>&nbsp;<\/p>\n<p>&nbsp;<\/p>\n<p style=\"text-align: center;\">\u00a0<\/p>\n","protected":false},"excerpt":{"rendered":"<p>Assurances Responsabilit\u00e9 Civile avec extension vill\u00e9giature &nbsp; &nbsp; &nbsp; Le locataire atteste qu&#8217;il est couvert par une assurance Responsabilit\u00e9 Civile avec extension vill\u00e9giature Les clients Abritel en sont dispens\u00e9s : assurance incluse par le prestataire lors du paiement. Le propri\u00e9taire est assur\u00e9 en ce qui le concerne pour cette habitation (location). &nbsp; &nbsp; &nbsp; \u00a0<\/p>\n","protected":false},"author":1,"featured_media":0,"parent":0,"menu_order":0,"comment_status":"closed","ping_status":"closed","template":"","meta":{"footnotes":""},"wppr_data":{"cwp_meta_box_check":"No"},"yoast_head":"<!-- This site is optimized with the Yoast SEO plugin v22.8 - https:\/\/yoast.com\/wordpress\/plugins\/seo\/ -->\n<title>Assurances - La Maison d&#039;Abel<\/title>\n<meta name=\"robots\" content=\"index, follow, max-snippet:-1, max-image-preview:large, max-video-preview:-1\" \/>\n<link rel=\"canonical\" href=\"https:\/\/www.lamaisondabel.fr\/index.php\/assurances\/\" \/>\n<meta property=\"og:locale\" content=\"fr_FR\" \/>\n<meta property=\"og:type\" content=\"article\" \/>\n<meta property=\"og:title\" content=\"Assurances - La Maison d&#039;Abel\" \/>\n<meta property=\"og:description\" content=\"Assurances Responsabilit\u00e9 Civile avec extension vill\u00e9giature &nbsp; &nbsp; &nbsp; Le locataire atteste qu&#8217;il est couvert par une assurance Responsabilit\u00e9 Civile avec extension vill\u00e9giature Les clients Abritel en sont dispens\u00e9s : assurance incluse par le prestataire lors du paiement. Le propri\u00e9taire est assur\u00e9 en ce qui le concerne pour cette habitation (location). &nbsp; &nbsp; &nbsp; \u00a0\" \/>\n<meta property=\"og:url\" content=\"https:\/\/www.lamaisondabel.fr\/index.php\/assurances\/\" \/>\n<meta property=\"og:site_name\" content=\"La Maison d&#039;Abel\" \/>\n<meta property=\"article:modified_time\" content=\"2023-12-31T14:11:03+00:00\" \/>\n<meta name=\"twitter:card\" content=\"summary_large_image\" \/>\n<meta name=\"twitter:label1\" content=\"Dur\u00e9e de lecture estim\u00e9e\" \/>\n\t<meta name=\"twitter:data1\" content=\"1 minute\" \/>\n<script type=\"application\/ld+json\" class=\"yoast-schema-graph\">{\"@context\":\"https:\/\/schema.org\",\"@graph\":[{\"@type\":\"WebPage\",\"@id\":\"https:\/\/www.lamaisondabel.fr\/index.php\/assurances\/\",\"url\":\"https:\/\/www.lamaisondabel.fr\/index.php\/assurances\/\",\"name\":\"Assurances - La Maison d&#039;Abel\",\"isPartOf\":{\"@id\":\"https:\/\/www.lamaisondabel.fr\/#website\"},\"datePublished\":\"2019-03-08T12:17:51+00:00\",\"dateModified\":\"2023-12-31T14:11:03+00:00\",\"breadcrumb\":{\"@id\":\"https:\/\/www.lamaisondabel.fr\/index.php\/assurances\/#breadcrumb\"},\"inLanguage\":\"fr-FR\",\"potentialAction\":[{\"@type\":\"ReadAction\",\"target\":[\"https:\/\/www.lamaisondabel.fr\/index.php\/assurances\/\"]}]},{\"@type\":\"BreadcrumbList\",\"@id\":\"https:\/\/www.lamaisondabel.fr\/index.php\/assurances\/#breadcrumb\",\"itemListElement\":[{\"@type\":\"ListItem\",\"position\":1,\"name\":\"Accueil\",\"item\":\"https:\/\/www.lamaisondabel.fr\/\"},{\"@type\":\"ListItem\",\"position\":2,\"name\":\"Assurances\"}]},{\"@type\":\"WebSite\",\"@id\":\"https:\/\/www.lamaisondabel.fr\/#website\",\"url\":\"https:\/\/www.lamaisondabel.fr\/\",\"name\":\"La Maison d&#039;Abel\",\"description\":\"Lac du Salagou - Maison en location saisonni\u00e8re - Ouvert toute l&#039;ann\u00e9e.\",\"potentialAction\":[{\"@type\":\"SearchAction\",\"target\":{\"@type\":\"EntryPoint\",\"urlTemplate\":\"https:\/\/www.lamaisondabel.fr\/?s={search_term_string}\"},\"query-input\":\"required name=search_term_string\"}],\"inLanguage\":\"fr-FR\"}]}<\/script>\n<!-- \/ Yoast SEO plugin. -->","yoast_head_json":{"title":"Assurances - La Maison d&#039;Abel","robots":{"index":"index","follow":"follow","max-snippet":"max-snippet:-1","max-image-preview":"max-image-preview:large","max-video-preview":"max-video-preview:-1"},"canonical":"https:\/\/www.lamaisondabel.fr\/index.php\/assurances\/","og_locale":"fr_FR","og_type":"article","og_title":"Assurances - La Maison d&#039;Abel","og_description":"Assurances Responsabilit\u00e9 Civile avec extension vill\u00e9giature &nbsp; &nbsp; &nbsp; Le locataire atteste qu&#8217;il est couvert par une assurance Responsabilit\u00e9 Civile avec extension vill\u00e9giature Les clients Abritel en sont dispens\u00e9s : assurance incluse par le prestataire lors du paiement. Le propri\u00e9taire est assur\u00e9 en ce qui le concerne pour cette habitation (location). &nbsp; &nbsp; &nbsp; \u00a0","og_url":"https:\/\/www.lamaisondabel.fr\/index.php\/assurances\/","og_site_name":"La Maison d&#039;Abel","article_modified_time":"2023-12-31T14:11:03+00:00","twitter_card":"summary_large_image","twitter_misc":{"Dur\u00e9e de lecture estim\u00e9e":"1 minute"},"schema":{"@context":"https:\/\/schema.org","@graph":[{"@type":"WebPage","@id":"https:\/\/www.lamaisondabel.fr\/index.php\/assurances\/","url":"https:\/\/www.lamaisondabel.fr\/index.php\/assurances\/","name":"Assurances - La Maison d&#039;Abel","isPartOf":{"@id":"https:\/\/www.lamaisondabel.fr\/#website"},"datePublished":"2019-03-08T12:17:51+00:00","dateModified":"2023-12-31T14:11:03+00:00","breadcrumb":{"@id":"https:\/\/www.lamaisondabel.fr\/index.php\/assurances\/#breadcrumb"},"inLanguage":"fr-FR","potentialAction":[{"@type":"ReadAction","target":["https:\/\/www.lamaisondabel.fr\/index.php\/assurances\/"]}]},{"@type":"BreadcrumbList","@id":"https:\/\/www.lamaisondabel.fr\/index.php\/assurances\/#breadcrumb","itemListElement":[{"@type":"ListItem","position":1,"name":"Accueil","item":"https:\/\/www.lamaisondabel.fr\/"},{"@type":"ListItem","position":2,"name":"Assurances"}]},{"@type":"WebSite","@id":"https:\/\/www.lamaisondabel.fr\/#website","url":"https:\/\/www.lamaisondabel.fr\/","name":"La Maison d&#039;Abel","description":"Lac du Salagou - Maison en location saisonni\u00e8re - Ouvert toute l&#039;ann\u00e9e.","potentialAction":[{"@type":"SearchAction","target":{"@type":"EntryPoint","urlTemplate":"https:\/\/www.lamaisondabel.fr\/?s={search_term_string}"},"query-input":"required name=search_term_string"}],"inLanguage":"fr-FR"}]}},"_links":{"self":[{"href":"https:\/\/www.lamaisondabel.fr\/index.php\/wp-json\/wp\/v2\/pages\/975"}],"collection":[{"href":"https:\/\/www.lamaisondabel.fr\/index.php\/wp-json\/wp\/v2\/pages"}],"about":[{"href":"https:\/\/www.lamaisondabel.fr\/index.php\/wp-json\/wp\/v2\/types\/page"}],"author":[{"embeddable":true,"href":"https:\/\/www.lamaisondabel.fr\/index.php\/wp-json\/wp\/v2\/users\/1"}],"replies":[{"embeddable":true,"href":"https:\/\/www.lamaisondabel.fr\/index.php\/wp-json\/wp\/v2\/comments?post=975"}],"version-history":[{"count":6,"href":"https:\/\/www.lamaisondabel.fr\/index.php\/wp-json\/wp\/v2\/pages\/975\/revisions"}],"predecessor-version":[{"id":2029,"href":"https:\/\/www.lamaisondabel.fr\/index.php\/wp-json\/wp\/v2\/pages\/975\/revisions\/2029"}],"wp:attachment":[{"href":"https:\/\/www.lamaisondabel.fr\/index.php\/wp-json\/wp\/v2\/media?parent=975"}],"curies":[{"name":"wp","href":"https:\/\/api.w.org\/{rel}","templated":true}]}}

<h1 style="text-align: center;">Assurances</h1>
<h1 style="text-align: center;">Responsabilité Civile</h1>
<h1 style="text-align: center;">avec extension villégiature</h1>
<p>&nbsp;</p>
<p>&nbsp;</p>
<p>&nbsp;</p>
<div class="tyJCtd mGzaTb baZpAe">
<ul class="n8H08c UVNKR">
<li id="h.p_XMaiB8GdUgbl" class="zfr3Q TYR86d">Le locataire atteste qu&#8217;il est couvert par une assurance Responsabilité Civile avec extension villégiature</li>
<li class="zfr3Q TYR86d">Les clients Abritel en sont dispensés : assurance incluse par le prestataire lors du paiement.</li>
<li id="h.p_rOLqrGZ7Uh8F" class="zfr3Q TYR86d">Le propriétaire est assuré en ce qui le concerne pour cette habitation (location).</li>
</ul>
</div>
<p>&nbsp;</p>
<p>&nbsp;</p>
<p>&nbsp;</p>
<p style="text-align: center;"> </p>

<p>Assurances Responsabilité Civile avec extension villégiature &nbsp; &nbsp; &nbsp; Le locataire atteste qu&#8217;il est couvert par une assurance Responsabilité Civile avec extension villégiature Les clients Abritel en sont dispensés : assurance incluse par le prestataire lors du paiement. Le propriétaire est assuré en ce qui le concerne pour cette habitation (location). &nbsp; &nbsp; &nbsp;  </p>

<!-- This site is optimized with the Yoast SEO plugin v22.8 - https://yoast.com/wordpress/plugins/seo/ -->
<title>Assurances - La Maison d&#039;Abel</title>
<meta name="robots" content="index, follow, max-snippet:-1, max-image-preview:large, max-video-preview:-1" />
<link rel="canonical" href="https://www.lamaisondabel.fr/index.php/assurances/" />
<meta property="og:locale" content="fr_FR" />
<meta property="og:type" content="article" />
<meta property="og:title" content="Assurances - La Maison d&#039;Abel" />
<meta property="og:description" content="Assurances Responsabilité Civile avec extension villégiature &nbsp; &nbsp; &nbsp; Le locataire atteste qu&#8217;il est couvert par une assurance Responsabilité Civile avec extension villégiature Les clients Abritel en sont dispensés : assurance incluse par le prestataire lors du paiement. Le propriétaire est assuré en ce qui le concerne pour cette habitation (location). &nbsp; &nbsp; &nbsp;  " />
<meta property="og:url" content="https://www.lamaisondabel.fr/index.php/assurances/" />
<meta property="og:site_name" content="La Maison d&#039;Abel" />
<meta property="article:modified_time" content="2023-12-31T14:11:03+00:00" />
<meta name="twitter:card" content="summary_large_image" />
<meta name="twitter:label1" content="Durée de lecture estimée" />
	<meta name="twitter:data1" content="1 minute" />
<script type="application/ld+json" class="yoast-schema-graph">{"@context":"https://schema.org","@graph":[{"@type":"WebPage","@id":"https://www.lamaisondabel.fr/index.php/assurances/","url":"https://www.lamaisondabel.fr/index.php/assurances/","name":"Assurances - La Maison d&#039;Abel","isPartOf":{"@id":"https://www.lamaisondabel.fr/#website"},"datePublished":"2019-03-08T12:17:51+00:00","dateModified":"2023-12-31T14:11:03+00:00","breadcrumb":{"@id":"https://www.lamaisondabel.fr/index.php/assurances/#breadcrumb"},"inLanguage":"fr-FR","potentialAction":[{"@type":"ReadAction","target":["https://www.lamaisondabel.fr/index.php/assurances/"]}]},{"@type":"BreadcrumbList","@id":"https://www.lamaisondabel.fr/index.php/assurances/#breadcrumb","itemListElement":[{"@type":"ListItem","position":1,"name":"Accueil","item":"https://www.lamaisondabel.fr/"},{"@type":"ListItem","position":2,"name":"Assurances"}]},{"@type":"WebSite","@id":"https://www.lamaisondabel.fr/#website","url":"https://www.lamaisondabel.fr/","name":"La Maison d&#039;Abel","description":"Lac du Salagou - Maison en location saisonnière - Ouvert toute l&#039;année.","potentialAction":[{"@type":"SearchAction","target":{"@type":"EntryPoint","urlTemplate":"https://www.lamaisondabel.fr/?s={search_term_string}"},"query-input":"required name=search_term_string"}],"inLanguage":"fr-FR"}]}</script>
<!-- / Yoast SEO plugin. -->

Assurances Responsabilité Civile avec extension villégiature &nbsp; &nbsp; &nbsp; Le locataire atteste qu&#8217;il est couvert par une assurance Responsabilité Civile avec extension villégiature Les clients Abritel en sont dispensés : assurance incluse par le prestataire lors du paiement. Le propriétaire est assuré en ce qui le concerne pour cette habitation (location). &nbsp; &nbsp; &nbsp;

Lac du Salagou - Maison en location saisonnière - Ouvert toute l&#039;année.
